000
CXUS56 KBOI 281002
CF6REO
PRELIMINARY LOCAL CLIMATOLOGICAL DATA (WS FORM: F-6)
STATION: ROME OR
MONTH: FEBRUARY
YEAR: 2023
LATITUDE: 42 35 N
LONGITUDE: 117 52 W
TEMPERATURE IN F: :PCPN: SNOW: WIND :SUNSHINE: SKY :PK WND
================================================================================
1 2 3 4 5 6A 6B 7 8 9 10 11 12 13 14 15 16 17 18
12Z AVG MX 2MIN
DY MAX MIN AVG DEP HDD CDD WTR SNW DPTH SPD SPD DIR MIN PSBL S-S WX SPD DR
================================================================================
1 37 10 24 -8 41 0 0.00 M M 5.9 13 80 M M 0 20 120
2 40 11 26 -7 39 0 0.00 M M 4.5 10 50 M M 0 M M
3 50 25 38 5 27 0 0.00 M M 5.8 14 230 M M 0 19 210
4 48 26 37 4 28 0 0.00 M M 4.3 14 160 M M 0 19 160
5 46 32 39 6 26 0 0.00 M M 12.4 29 230 M M 0 39 230
6 46 28 37 4 28 0 0.00 M M 9.9 25 310 M M 0 36 310
7 50 29 40 7 25 0 0.00 M M 9.1 20 160 M M 0 26 190
8 43 24 34 0 31 0 0.00 M M 7.4 14 40 M M 0 19 50
9 49 16 33 -1 32 0 0.00 M M 4.2 13 150 M M 0 16 140
10 50 20 35 1 30 0 0.00 M M 5.8 14 30 M M 0 18 20
11 46 21 34 0 31 0 0.00 M M 6.9 16 20 M M 0 22 10
12 49 17 33 -1 32 0 0.00 M M 6.1 12 170 M M 0 13 170
13 54 20 37 2 28 0 0.00 M M 10.9 38 300 M M 0 54 300
14 34 19 27 -8 38 0 0.00 M M 10.7 25 290 M M 0 35 290
15 40 14 27 -8 38 0 0.00 M M 6.0 14 360 M M 0 21 20
16 45 15 30 -5 35 0 0.00 M M 5.6 14 170 M M 0 18 160
17 48 11 30 -6 35 0 0.00 M M 3.7 10 150 M M 0 11 180
18 48 14 31 -5 34 0 0.00 M M 4.6 12 310 M M 0 16 310
19 53 19 36 0 29 0 0.00 M M 8.4 20 240 M M 0 33 260
20 57 37 47 11 18 0 0.00 M M 10.0 22 300 M M 0 30 320
21 50 20 35 -2 30 0 0.00 M M 13.9 33 340 M M 0 47 350
22 33 21 27 -10 38 0 0.02 M M 7.8 17 300 M M 0 23 270
23 30 20 25 -12 40 0 0.02 M M 11.8 25 260 M M 0 36 240
24 40 18 29 -9 36 0 0.00 M M 6.0 20 140 M M 0 24 140
25 49 12 31 -7 34 0 0.00 M M 4.7 10 150 M M 0 15 360
26 43 21 32 -6 33 0 0.02 M M 12.4 33 240 M M 0 45 250
27 40 21 31 -7 34 0 0.03 M M 11.4 30 220 M M 0 41 230
================================================================================
SM 1218 541 870 0 0.09 M 210.2 M 0
================================================================================
AV 45.1 20.0 7.8 FASTST M M 0 MAX(MPH)
MISC ----> 38 300 54 300
================================================================================
NOTES:
# LAST OF SEVERAL OCCURRENCES
COLUMN 17 PEAK WIND IN M.P.H.
PRELIMINARY LOCAL CLIMATOLOGICAL DATA (WS FORM: F-6) , PAGE 2
STATION: ROME OR
MONTH: FEBRUARY
YEAR: 2023
LATITUDE: 42 35 N
LONGITUDE: 117 52 W
[TEMPERATURE DATA] [PRECIPITATION DATA] SYMBOLS USED IN COLUMN 16
AVERAGE MONTHLY: 32.6 TOTAL FOR MONTH: 0.09 1 = FOG OR MIST
DPTR FM NORMAL: -2.5 DPTR FM NORMAL: -0.44 2 = FOG REDUCING VISIBILITY
HIGHEST: 57 ON 20 GRTST 24HR 0.05 ON 26-27 TO 1/4 MILE OR LESS
LOWEST: 10 ON 1 3 = THUNDER
SNOW, ICE PELLETS, HAIL 4 = ICE PELLETS
TOTAL MONTH: M 5 = HAIL
GRTST 24HR M ON M 6 = FREEZING RAIN OR DRIZZLE
GRTST DEPTH: M ON M 7 = DUSTSTORM OR SANDSTORM:
VSBY 1/2 MILE OR LESS
8 = SMOKE OR HAZE
[NO. OF DAYS WITH] [WEATHER - DAYS WITH] 9 = BLOWING SNOW
X = TORNADO
MAX 32 OR BELOW: 1 0.01 INCH OR MORE: 4
MAX 90 OR ABOVE: 0 0.10 INCH OR MORE: 0
MIN 32 OR BELOW: 26 0.50 INCH OR MORE: 0
MIN 0 OR BELOW: 0 1.00 INCH OR MORE: 0
[HDD (BASE 65) ]
TOTAL THIS MO. 870 CLEAR (SCALE 0-3) 27
DPTR FM NORMAL 62 PTCLDY (SCALE 4-7) 0
TOTAL FM JUL 1 4579 CLOUDY (SCALE 8-10) 0
DPTR FM NORMAL 130
[CDD (BASE 65) ]
TOTAL THIS MO. 0
DPTR FM NORMAL 0 [PRESSURE DATA]
TOTAL FM JAN 1 0 HIGHEST SLP M ON M
DPTR FM NORMAL 0 LOWEST SLP 29.40 ON 21
[REMARKS]