000
CXUS56 KBOI 011002
CF6REO
PRELIMINARY LOCAL CLIMATOLOGICAL DATA (WS FORM: F-6)
STATION: ROME OR
MONTH: JUNE
YEAR: 2020
LATITUDE: 42 35 N
LONGITUDE: 117 52 W
TEMPERATURE IN F: :PCPN: SNOW: WIND :SUNSHINE: SKY :PK WND
================================================================================
1 2 3 4 5 6A 6B 7 8 9 10 11 12 13 14 15 16 17 18
12Z AVG MX 2MIN
DY MAX MIN AVG DEP HDD CDD WTR SNW DPTH SPD SPD DIR MIN PSBL S-S WX SPD DR
================================================================================
1 74 53 64 6 1 0 0.00 M M 6.4 17 240 M M 0 23 240
2 87 43 65 7 0 0 0.00 M M 5.2 20 270 M M 0 28 280
3 91 59 75 17 0 10 0.00 M M 8.9 25 260 M M 0 40 280
4 87 53 70 11 0 5 0.00 M M 6.6 16 40 M M 0 24 40
5 95 51 73 14 0 8 0.00 M M 13.5 35 220 M M 0 47 190
6 67 44 56 -3 9 0 0.15 M M 8.4 29 310 M M 0 41 310
7 53 40 47 -13 18 0 0.13 M M 8.5 21 310 M M 0 31 320
8 66 36 51 -9 14 0 0.02 M M 7.7 17 260 M M 0 23 270
9 79 47 63 3 2 0 0.00 M M 7.8 18 360 M M 0 26 10
10 87 44 66 5 0 1 0.00 M M 5.2 20 30 M M 0 28 20
11 90 48 69 8 0 4 0.00 M M 8.8 23 250 M M 0 35 230
12 91 53 72 10 0 7 0.00 M M 9.4 30 340 M M 0 39 330
13 60 45 53 -9 12 0 0.56 M M 11.7 26 240 M M 0 36 240
14 71 39 55 -7 10 0 0.00 M M 10.4 23 260 M M 0 42 250
15 68 46 57 -6 8 0 0.17 M M 5.8 21 20 M M 0 27 10
16 54 41 48 -15 17 0 0.58 M M 7.0 18 200 M M 0 24 200
17 68 40 54 -9 11 0 0.00 M M 8.2 20 300 M M 0 26 320
18 74 41 58 -6 7 0 0.00 M M 5.5 14 30 M M 0 20 40
19 82 43 63 -1 2 0 0.00 M M 6.4 15 160 M M 0 22 140
20 90 58 74 10 0 9 0.00 M M 7.0 21 360 M M 0 29 10
21 86 57 72 7 0 7 0.00 M M 5.9 16 10 M M 0 23 10
22 89 51 70 5 0 5 0.00 M M 5.6 14 60 M M 0 19 340
23 95 51 73 7 0 8 0.00 M M 4.2 13 80 M M 0 17 70
24 99 59 79 13 0 14 0.02 M M 6.2 28 160 M M 0 38 170
25 92 55 74 8 0 9 0.00 M M 6.1 17 360 M M 0 23 360
26 97 51 74 7 0 9 0.00 M M 5.3 14 270 M M 0 21 300
27 92 58 75 8 0 10 0.00 M M 11.1 25 300 M M 0 37 290
28 67 45 56 -12 9 0 0.03 M M 12.7 29 330 M M 0 39 310
29 69 46 58 -10 7 0 0.35 M M 10.8 35 330 M M 0 47 340
30 76 46 61 -7 4 0 0.00 M M 6.1 15 340 M M 0 21 40
================================================================================
SM 2396 1443 131 106 2.01 M 232.4 M 0
================================================================================
AV 79.9 48.1 7.7 FASTST M M 0 MAX(MPH)
MISC ----> # 35 220 # 47 190
================================================================================
NOTES:
# LAST OF SEVERAL OCCURRENCES
COLUMN 17 PEAK WIND IN M.P.H.
PRELIMINARY LOCAL CLIMATOLOGICAL DATA (WS FORM: F-6) , PAGE 2
STATION: ROME OR
MONTH: JUNE
YEAR: 2020
LATITUDE: 42 35 N
LONGITUDE: 117 52 W
[TEMPERATURE DATA] [PRECIPITATION DATA] SYMBOLS USED IN COLUMN 16
AVERAGE MONTHLY: 64.0 TOTAL FOR MONTH: 2.01 1 = FOG OR MIST
DPTR FM NORMAL: 1.1 DPTR FM NORMAL: 1.19 2 = FOG REDUCING VISIBILITY
HIGHEST: 99 ON 24 GRTST 24HR 0.67 ON 15-16 TO 1/4 MILE OR LESS
LOWEST: 36 ON 8 3 = THUNDER
SNOW, ICE PELLETS, HAIL 4 = ICE PELLETS
TOTAL MONTH: M 5 = HAIL
GRTST 24HR M ON M 6 = FREEZING RAIN OR DRIZZLE
GRTST DEPTH: M ON M 7 = DUSTSTORM OR SANDSTORM:
VSBY 1/2 MILE OR LESS
8 = SMOKE OR HAZE
[NO. OF DAYS WITH] [WEATHER - DAYS WITH] 9 = BLOWING SNOW
X = TORNADO
MAX 32 OR BELOW: 0 0.01 INCH OR MORE: 9
MAX 90 OR ABOVE: 10 0.10 INCH OR MORE: 6
MIN 32 OR BELOW: 0 0.50 INCH OR MORE: 2
MIN 0 OR BELOW: 0 1.00 INCH OR MORE: 0
[HDD (BASE 65) ]
TOTAL THIS MO. 131 CLEAR (SCALE 0-3) 30
DPTR FM NORMAL 6 PTCLDY (SCALE 4-7) 0
TOTAL FM JUL 1 6137 CLOUDY (SCALE 8-10) 0
DPTR FM NORMAL -443
[CDD (BASE 65) ]
TOTAL THIS MO. 106
DPTR FM NORMAL 44 [PRESSURE DATA]
TOTAL FM JAN 1 149 HIGHEST SLP M ON M
DPTR FM NORMAL 77 LOWEST SLP 29.36 ON 5
[REMARKS]
#FINAL-06-20#