000
CXUS53 KGRB 010915
CF6RHI
PRELIMINARY LOCAL CLIMATOLOGICAL DATA (WS FORM: F-6)
STATION: RHINELANDER WI
MONTH: JULY
YEAR: 2021
LATITUDE: 45 37 N
LONGITUDE: 89 27 W
TEMPERATURE IN F: :PCPN: SNOW: WIND :SUNSHINE: SKY :PK WND
================================================================================
1 2 3 4 5 6A 6B 7 8 9 10 11 12 13 14 15 16 17 18
12Z AVG MX 2MIN
DY MAX MIN AVG DEP HDD CDD WTR SNW DPTH SPD SPD DIR MIN PSBL S-S WX SPD DR
================================================================================
1 76 50 63 -3 2 0 0.00 0.0 0 5.0 13 40 M M 0 1 21 10
2 79 44 62 -4 3 0 0.00 0.0 0 2.9 10 300 M M 0 1 17 340
3 89 57 73 7 0 8 0.00 0.0 0 6.6 15 270 M M 0 22 280
4 88 57 73 7 0 8 0.00 0.0 0 8.6 18 220 M M 0 12 28 260
5 91 62 77 10 0 12 0.00 0.0 0 7.3 16 260 M M 2 1238 23 230
6 80 56 68 1 0 3 0.85 0.0 0 4.0 13 100 M M 6 12 21 10
7 60 53 57 -10 8 0 0.18 0.0 0 7.1 9 70 M M 10 1 17 70
8 71 48 60 -7 5 0 0.00 0.0 0 3.0 10 70 M M 6 15 50
9 78 46 62 -5 3 0 0.00 0.0 0 1.7 8 250 M M 0 1 12 280
10 79 52 66 -1 0 1 0.00 0.0 0 2.2 10 100 M M 2 1 14 90
11 80 49 65 -2 0 0 0.00 0.0 0 2.8 13 100 M M 0 1 20 80
12 79 49 64 -3 1 0 0.00 0.0 0 4.5 14 130 M M 0 18 20 120
13 82 50 66 -1 0 1 0.00 0.0 0 5.0 13 260 M M 3 12 19 260
14 80 59 70 3 0 5 0.80 0.0 0 4.2 16 300 M M 4 13 24 320
15 76 51 64 -3 1 0 T 0.0 0 3.5 12 350 M M 3 1 19 50
16 80 50 65 -2 0 0 0.00 0.0 0 1.4 9 100 M M 3 12 12 100
17 81 48 65 -2 0 0 0.00 0.0 0 2.2 9 110 M M 0 12 15 110
18 80 50 65 -2 0 0 0.00 0.0 0 1.9 8 220 M M 1 12 11 140
19 85 55 70 3 0 5 0.00 0.0 0 5.6 13 270 M M 1 1 18 270
20 77 55 66 -1 0 1 0.00 0.0 0 4.7 12 20 M M 4 18 18 360
21 73 51 62 -5 3 0 0.00 0.0 0 4.1 10 140 M M 0 14 140
22 78 58 68 1 0 3 0.11 0.0 0 5.0 10 180 M M 7 1 14 180
23 86 62 74 7 0 9 0.02 0.0 0 7.4 17 210 M M 5 128 26 180
24 83 57 70 3 0 5 0.46 0.0 0 8.7 20 290 M M 5 13 29 280
25 85 53 69 2 0 4 0.00 0.0 0 8.1 22 260 M M 0 30 260
26 89 54 72 5 0 7 0.65 0.0 0 6.1 17 320 M M 1 13 32 330
27 81 61 71 4 0 6 0.17 0.0 0 5.7 18 210 M M 6 13 26 220
28 82 64 73 6 0 8 0.71 0.0 0 4.5 17 140 M M 6 123 23 150
29 78 57 68 1 0 3 0.00 0.0 0 4.6 12 20 M M 2 18 22 340
30 76 47 62 -5 3 0 0.00 0.0 0 3.9 12 250 M M 1 1 19 320
31 79 59 69 2 0 4 T 0.0 0 6.7 13 320 M M 3 18 21 290
================================================================================
SM 2481 1664 29 93 3.95 0.0 149.0 M 81
================================================================================
AV 80.0 53.7 4.8 FASTST M M 3 MAX(MPH)
MISC ----> 22 260 32 330
================================================================================
NOTES:
# LAST OF SEVERAL OCCURRENCES
COLUMN 17 PEAK WIND IN M.P.H.
PRELIMINARY LOCAL CLIMATOLOGICAL DATA (WS FORM: F-6) , PAGE 2
STATION: RHINELANDER WI
MONTH: JULY
YEAR: 2021
LATITUDE: 45 37 N
LONGITUDE: 89 27 W
[TEMPERATURE DATA] [PRECIPITATION DATA] SYMBOLS USED IN COLUMN 16
AVERAGE MONTHLY: 66.9 TOTAL FOR MONTH: 3.95 1 = FOG OR MIST
DPTR FM NORMAL: -0.2 DPTR FM NORMAL: -0.07 2 = FOG REDUCING VISIBILITY
HIGHEST: 91 ON 5 GRTST 24HR 1.02 ON 6- 7 TO 1/4 MILE OR LESS
LOWEST: 44 ON 2 3 = THUNDER
SNOW, ICE PELLETS, HAIL 4 = ICE PELLETS
TOTAL MONTH: 0.0 INCH 5 = HAIL
GRTST 24HR 0.0 6 = FREEZING RAIN OR DRIZZLE
GRTST DEPTH: 0 7 = DUSTSTORM OR SANDSTORM:
VSBY 1/2 MILE OR LESS
8 = SMOKE OR HAZE
[NO. OF DAYS WITH] [WEATHER - DAYS WITH] 9 = BLOWING SNOW
X = TORNADO
MAX 32 OR BELOW: 0 0.01 INCH OR MORE: 9
MAX 90 OR ABOVE: 1 0.10 INCH OR MORE: 8
MIN 32 OR BELOW: 0 0.50 INCH OR MORE: 4
MIN 0 OR BELOW: 0 1.00 INCH OR MORE: 0
[HDD (BASE 65) ]
TOTAL THIS MO. 29 CLEAR (SCALE 0-3) 20
DPTR FM NORMAL -19 PTCLDY (SCALE 4-7) 10
TOTAL FM JUL 1 29 CLOUDY (SCALE 8-10) 1
DPTR FM NORMAL -18
[CDD (BASE 65) ]
TOTAL THIS MO. 93
DPTR FM NORMAL -19 [PRESSURE DATA]
TOTAL FM JAN 1 228 HIGHEST SLP 30.31 ON 18
DPTR FM NORMAL 45 LOWEST SLP 29.74 ON 24
[REMARKS]
#FINAL-07-21#