000
CXUS51 KAKQ 010710
CF6RIC
PRELIMINARY LOCAL CLIMATOLOGICAL DATA (WS FORM: F-6)
STATION: RICHMOND VA
MONTH: OCTOBER
YEAR: 2022
LATITUDE: 37 30 N
LONGITUDE: 77 20 W
TEMPERATURE IN F: :PCPN: SNOW: WIND :SUNSHINE: SKY :PK WND
================================================================================
1 2 3 4 5 6A 6B 7 8 9 10 11 12 13 14 15 16 17 18
12Z AVG MX 2MIN
DY MAX MIN AVG DEP HDD CDD WTR SNW DPTH SPD SPD DIR MIN PSBL S-S WX SPD DR
================================================================================
1 72 59 66 0 0 1 0.10 0.0 0 9.3 25 20 M M 9 1 34 30
2 68 53 61 -4 4 0 0.39 0.0 0 9.1 22 360 M M 10 1 32 30
3 55 48 52 -13 13 0 0.11 0.0 0 15.7 24 360 M M 10 1 32 20
4 57 48 53 -11 12 0 T 0.0 0 13.3 23 360 M M 10 1 30 340
5 69 52 61 -3 4 0 T 0.0 0 9.1 20 350 M M 8 26 330
6 80 51 66 2 0 1 0.00 0.0 0 2.6 14 260 M M 2 1 16 280
7 82 52 67 4 0 2 0.00 0.0 0 4.9 24 10 M M 3 33 10
8 66 43 55 -8 10 0 0.00 0.0 0 8.3 18 360 M M 5 26 20
9 67 38 53 -9 12 0 0.00 0.0 0 2.1 14 240 M M 2 17 240
10 71 42 57 -5 8 0 0.00 0.0 0 2.5 10 320 M M 3 18 240
11 74 43 59 -3 6 0 0.00 0.0 0 3.0 13 170 M M 3 15 180
12 74 45 60 -1 5 0 T 0.0 0 5.6 15 160 M M 7 20 200
13 73 59 66 5 0 1 0.05 0.0 0 8.2 23 360 M M 9 1 30 360
14 73 48 61 0 4 0 0.02 0.0 0 4.3 16 20 M M 5 21 10
15 79 43 61 1 4 0 0.00 0.0 0 8.2 21 220 M M 1 27 230
16 76 53 65 5 0 0 0.59 0.0 0 5.1 29 320 M M 8 1 36 310
17 73 53 63 3 2 0 0.49 0.0 0 8.7 25 310 M M 9 135 38 310
18 58 40 49 -10 16 0 0.00 0.0 0 7.8 17 330 M M 6 22 330
19 59 38 49 -10 16 0 0.00 0.0 0 9.4 21 250 M M 3 27 240
20 64 34 49 -9 16 0 0.00 0.0 0 5.4 21 210 M M 1 26 220
21 68 37 53 -5 12 0 0.00 0.0 0 3.4 10 180 M M 0 13 170
22 73 40 57 -1 8 0 0.00 0.0 0 1.8 13 130 M M 2 1 15 110
23 60 46 53 -4 12 0 0.02 0.0 0 9.8 16 350 M M 9 18 21 10
24 73 52 63 6 2 0 0.00 0.0 0 5.8 14 350 M M 6 1 19 340
25 64 50 57 0 8 0 T 0.0 0 2.0 8 130 M M 9 1 9 120
26 67 55 61 5 4 0 0.00 0.0 0 4.9 12 240 M M 8 1 13 240
27 67 47 57 1 8 0 0.00 0.0 0 9.1 22 360 M M 3 1 29 360
28 62 45 54 -2 11 0 0.00 0.0 0 9.0 17 40 M M 6 22 40
29 64 43 54 -1 11 0 0.00 0.0 0 7.0 15 10 M M 4 22 40
30 67 40 54 -1 11 0 0.00 0.0 0 3.0 8 360 M M 6 11 40
31 72 55 64 10 1 0 0.14 0.0 0 6.1 15 180 M M 9 18 19 190
================================================================================
SM 2127 1452 220 5 1.91 0.0 204.5 M 176
================================================================================
AV 68.6 46.8 6.6 FASTST M M 6 MAX(MPH)
MISC ----> 29 320 38 310
================================================================================
NOTES:
# LAST OF SEVERAL OCCURRENCES
COLUMN 17 PEAK WIND IN M.P.H.
PRELIMINARY LOCAL CLIMATOLOGICAL DATA (WS FORM: F-6) , PAGE 2
STATION: RICHMOND VA
MONTH: OCTOBER
YEAR: 2022
LATITUDE: 37 30 N
LONGITUDE: 77 20 W
[TEMPERATURE DATA] [PRECIPITATION DATA] SYMBOLS USED IN COLUMN 16
AVERAGE MONTHLY: 57.7 TOTAL FOR MONTH: 1.91 1 = FOG OR MIST
DPTR FM NORMAL: -2.3 DPTR FM NORMAL: -1.48 2 = FOG REDUCING VISIBILITY
HIGHEST: 82 ON 7 GRTST 24HR 1.07 ON 16-17 TO 1/4 MILE OR LESS
LOWEST: 34 ON 20 3 = THUNDER
SNOW, ICE PELLETS, HAIL 4 = ICE PELLETS
TOTAL MONTH: 0.0 INCH 5 = HAIL
GRTST 24HR 0.0 6 = FREEZING RAIN OR DRIZZLE
GRTST DEPTH: 0 7 = DUSTSTORM OR SANDSTORM:
VSBY 1/2 MILE OR LESS
8 = SMOKE OR HAZE
[NO. OF DAYS WITH] [WEATHER - DAYS WITH] 9 = BLOWING SNOW
X = TORNADO
MAX 32 OR BELOW: 0 0.01 INCH OR MORE: 9
MAX 90 OR ABOVE: 0 0.10 INCH OR MORE: 6
MIN 32 OR BELOW: 0 0.50 INCH OR MORE: 1
MIN 0 OR BELOW: 0 1.00 INCH OR MORE: 0
[HDD (BASE 65) ]
TOTAL THIS MO. 220 CLEAR (SCALE 0-3) 11
DPTR FM NORMAL 23 PTCLDY (SCALE 4-7) 10
TOTAL FM JUL 1 238 CLOUDY (SCALE 8-10) 10
DPTR FM NORMAL 18
[CDD (BASE 65) ]
TOTAL THIS MO. 5
DPTR FM NORMAL -35 [PRESSURE DATA]
TOTAL FM JAN 1 1736 HIGHEST SLP M ON M
DPTR FM NORMAL 180 LOWEST SLP 29.59 ON 17
[REMARKS]
#FINAL-10-22#