000
CXUS55 KGJT 010910
CF6RIL
PRELIMINARY LOCAL CLIMATOLOGICAL DATA (WS FORM: F-6)
STATION: RIFLE CO
MONTH: MAY
YEAR: 2022
LATITUDE: 39 31 N
LONGITUDE: 107 43 W
TEMPERATURE IN F: :PCPN: SNOW: WIND :SUNSHINE: SKY :PK WND
================================================================================
1 2 3 4 5 6A 6B 7 8 9 10 11 12 13 14 15 16 17 18
12Z AVG MX 2MIN
DY MAX MIN AVG DEP HDD CDD WTR SNW DPTH SPD SPD DIR MIN PSBL S-S WX SPD DR
================================================================================
1 77 37 57 5 8 0 0.06 M M 6.4 30 230 M M 2 45 240
2 64 43 54 2 11 0 0.07 M M 2.2 9 150 M M 6 13 130
3 69 36 53 0 12 0 0.09 M M 6.5 39 250 M M 5 51 250
4 53 33 43 -10 22 0 0.15 M M 6.5 22 10 M M 7 1 29 350
5 69 40 55 2 10 0 T M M 4.7 18 270 M M 3 25 270
6 80 40 60 6 5 0 0.00 M M 9.1 29 240 M M 0 37 260
7 82 43 63 9 2 0 T M M 9.5 32 250 M M 3 43 10
8 77 47 62 8 3 0 0.01 M M 16.1 44 200 M M 4 64 190
9 67 41 54 -1 11 0 0.00 M M 15.9 32 270 M M 3 47 260
10 79 33 56 1 9 0 0.00 M M 11.2 35 210 M M 0 56 210
11 81 47 64 8 1 0 0.00 M M 13.3 31 220 M M 0 45 220
12 68 40 54 -2 11 0 0.00 M M 18.8 35 240 M M 0 47 290
13 71 33 52 -4 13 0 0.00 M M 8.9 28 260 M M 1 37 260
14 80 34 57 0 8 0 0.00 M M 7.4 24 260 M M 0 34 260
15 86 40 63 6 2 0 0.00 M M 4.0 17 300 M M 0 23 300
16 87 44 66 9 0 1 0.00 M M 5.7 25 250 M M 0 38 250
17 87 41 64 6 1 0 0.00 M M 6.6 26 360 M M 0 41 360
18 83 48 66 8 0 1 0.00 M M 5.6 16 270 M M 0 22 260
19 85 42 64 6 1 0 0.00 M M 14.8 38 320 M M 0 53 250
20 51 33 42 -17 23 0 0.23 M M 7.0 28 320 M M 8 1 39 330
21 61 29 45 -14 20 0 0.00 M M 3.3 12 130 M M 2 15 110
22 72 37 55 -4 10 0 0.00 M M 7.1 26 250 M M 2 38 250
23 66 44 55 -5 10 0 T M M 10.0 25 310 M M 2 37 320
24 68 37 53 -7 12 0 T M M 6.2 26 290 M M 2 34 290
25 76 32 54 -6 11 0 0.00 M M 4.8 20 320 M M 0 28 300
26 86 37 62 1 3 0 0.00 M M 4.6 16 260 M M 0 22 250
27 90 43 67 6 0 2 0.00 M M 8.9 28 270 M M 0 8 37 270
28 84 48 66 4 0 1 T M M 9.1 38 200 M M 1 57 230
29 61 43 52 -10 13 0 0.56 M M 7.3 24 320 M M 8 3 35 330
30 64 41 53 -9 12 0 0.03 M M 6.9 20 270 M M 5 27 280
31 70 35 53 -9 12 0 0.00 M M 8.5 23 270 M M 1 33 280
================================================================================
SM 2294 1221 256 5 1.20 M 256.9 M 65
================================================================================
AV 74.0 39.4 8.3 FASTST M M 2 MAX(MPH)
MISC ----> 44 200 64 190
================================================================================
NOTES:
# LAST OF SEVERAL OCCURRENCES
COLUMN 17 PEAK WIND IN M.P.H.
PRELIMINARY LOCAL CLIMATOLOGICAL DATA (WS FORM: F-6) , PAGE 2
STATION: RIFLE CO
MONTH: MAY
YEAR: 2022
LATITUDE: 39 31 N
LONGITUDE: 107 43 W
[TEMPERATURE DATA] [PRECIPITATION DATA] SYMBOLS USED IN COLUMN 16
AVERAGE MONTHLY: 56.7 TOTAL FOR MONTH: 1.20 1 = FOG OR MIST
DPTR FM NORMAL: -0.6 DPTR FM NORMAL: 0.06 2 = FOG REDUCING VISIBILITY
HIGHEST: 90 ON 27 GRTST 24HR 0.57 ON 29-30 TO 1/4 MILE OR LESS
LOWEST: 29 ON 21 3 = THUNDER
SNOW, ICE PELLETS, HAIL 4 = ICE PELLETS
TOTAL MONTH: M 5 = HAIL
GRTST 24HR M ON M 6 = FREEZING RAIN OR DRIZZLE
GRTST DEPTH: M ON M 7 = DUSTSTORM OR SANDSTORM:
VSBY 1/2 MILE OR LESS
8 = SMOKE OR HAZE
[NO. OF DAYS WITH] [WEATHER - DAYS WITH] 9 = BLOWING SNOW
X = TORNADO
MAX 32 OR BELOW: 0 0.01 INCH OR MORE: 8
MAX 90 OR ABOVE: 1 0.10 INCH OR MORE: 3
MIN 32 OR BELOW: 2 0.50 INCH OR MORE: 1
MIN 0 OR BELOW: 0 1.00 INCH OR MORE: 0
[HDD (BASE 65) ]
TOTAL THIS MO. 256 CLEAR (SCALE 0-3) 24
DPTR FM NORMAL 4 PTCLDY (SCALE 4-7) 7
TOTAL FM JUL 1 6339 CLOUDY (SCALE 8-10) 0
DPTR FM NORMAL -12
[CDD (BASE 65) ]
TOTAL THIS MO. 5
DPTR FM NORMAL -7 [PRESSURE DATA]
TOTAL FM JAN 1 5 HIGHEST SLP M ON M
DPTR FM NORMAL -7 LOWEST SLP 29.10 ON 8
[REMARKS]
#FINAL-05-22#