000
CXUS55 KGJT 010959
CLMRIL
CLIMATE REPORT
NATIONAL WEATHER SERVICE GRAND JUNCTION CO
359 AM MDT MON MAY 01 2023
...................................
...THE RIFLE CO CLIMATE SUMMARY FOR THE MONTH OF APRIL 2023...
CLIMATE NORMAL PERIOD 1991 TO 2020
CLIMATE RECORD PERIOD 9999 TO 9999
WEATHER OBSERVED NORMAL DEPART LAST YEAR`S
VALUE DATE(S) VALUE FROM VALUE DATE(S)
NORMAL
................................................................
TEMPERATURE (F)
HIGHEST 79 04/11 MM MM 81 04/21
LOWEST 18 04/06 MM MM 21 04/07
04/14
AVG. MAXIMUM 59.7 62.9 -3.2 64.4
AVG. MINIMUM 30.3 32.6 -2.3 31.8
MEAN 45.0 47.7 -2.7 48.1
DAYS MAX >= 90 0 0.0 0.0 0
DAYS MAX <= 32 0 0.0 0.0 0
DAYS MIN <= 32 22 14.0 8.0 15
DAYS MIN <= 0 0 0.0 0.0 0
PRECIPITATION (INCHES)
TOTALS 1.40 1.01 0.39 0.49
DAILY AVG. 0.05 0.03 0.02 0.02
DAYS >= .01 9 8.0 1.0 5
DAYS >= .10 5 3.3 1.7 2
DAYS >= .50 1 0.5 0.5 0
DAYS >= 1.00 0 0.0 0.0 0
GREATEST
24 HR. TOTAL 0.66 04/14 TO 04/14 0.24
SNOWFALL (INCHES)
TOTALS MM MM MM MM
SINCE 7/1 MM MM MM MM
SNOWDEPTH AVG. MM MM
DAYS >= 1.0 MM MM MM MM
GREATEST
SNOW DEPTH MM MM MM
24 HR TOTAL MM MM
DEGREE DAYS
HEATING TOTAL 595 518 77 498
SINCE 7/1 6541 6099 442 6083
COOLING TOTAL 0 0 0 0
SINCE 1/1 0 0 0 0
................................................................
WIND (MPH)
AVERAGE WIND SPEED 6.6
HIGHEST WIND SPEED/DIRECTION 45/240 DATE 04/03
HIGHEST GUST SPEED/DIRECTION 63/250 DATE 04/03
SKY COVER
POSSIBLE SUNSHINE (PERCENT) MM
AVERAGE SKY COVER 0.31
NUMBER OF DAYS FAIR 19
NUMBER OF DAYS PC 7
NUMBER OF DAYS CLOUDY 4
AVERAGE RH (PERCENT) 54
WEATHER CONDITIONS. NUMBER OF DAYS WITH
THUNDERSTORM 1 MIXED PRECIP 0
HEAVY RAIN 2 RAIN 5
LIGHT RAIN 8 FREEZING RAIN 0
LT FREEZING RAIN 0 HAIL 0
HEAVY SNOW 2 SNOW 3
LIGHT SNOW 7 SLEET 0
FOG 6 FOG W/VIS <= 1/4 MILE 2
HAZE 2
- INDICATES NEGATIVE NUMBERS.
R INDICATES RECORD WAS SET OR TIED.
MM INDICATES DATA IS MISSING.
T INDICATES TRACE AMOUNT.
$$