000
CXUS51 KRNK 011219
CF6RNK
PRELIMINARY LOCAL CLIMATOLOGICAL DATA (WS FORM: F-6)
STATION: BLACKSBURG VA
MONTH: OCTOBER
YEAR: 2023
LATITUDE: 37 13 N
LONGITUDE: 80 25 W
TEMPERATURE IN F: :PCPN: SNOW: WIND :SUNSHINE: SKY :PK WND
================================================================================
1 2 3 4 5 6A 6B 7 8 9 10 11 12 13 14 15 16 17 18
12Z AVG MX 2MIN
DY MAX MIN AVG DEP HDD CDD WTR SNW DPTH SPD SPD DIR MIN PSBL S-S WX SPD DR
================================================================================
1 78 53 66 7 0 1 0.00 0.0 0 2.1 9 90 M M 3 12 17 90
2 79 49 64 6 1 0 0.00 0.0 0 1.6 7 120 M M 3 12 M M
3 79 52 66 8 0 1 0.00 0.0 0 1.2 10 80 M M 4 12 M M
4 79 54 67 9 0 2 0.00 0.0 0 1.9 10 100 M M 2 12 M M
5 71 50 61 4 4 0 0.00 0.0 0 2.4 10 100 M M 6 12 M M
6 76 56 66 9 0 1 0.26 0.0 0 0.7 5 280 M M 7 M M
7 59 45 52 -4 13 0 0.04 0.0 0 7.5 18 310 M M 5 25 300
8 57 41 49 -7 16 0 0.00 0.0 0 7.4 16 310 M M 6 25 310
9 58 39 49 -7 16 0 0.28 0.0 0 0.9 7 300 M M 8 12 M M
10 67 38 53 -2 12 0 0.00 0.0 0 1.3 9 260 M M 5 12 M M
11 61 38 50 -5 15 0 0.00 0.0 0 0.7 6 300 M M 0 1 M M
12 75 44 60 5 5 0 0.00 0.0 0 0.4 6 120 M M 1 M M
13 76 45 61 7 4 0 0.00 0.0 0 3.0 10 110 M M 4 12 M M
14 71 51 61 7 4 0 0.17 0.0 0 3.6 14 300 M M 10 1 29 300
15 56 43 50 -4 15 0 0.01 T 0 7.7 16 310 M M 9 24 300
16 53 42 48 -5 17 0 T 0.0 0 3.8 8 310 M M 10 21 310
17 56 43 50 -3 15 0 0.00 0.0 0 3.8 13 320 M M 8 18 310
18 64 42 53 1 12 0 0.00 0.0 0 1.2 5 130 M M 7 M M
19 64 38 51 -1 14 0 0.00 0.0 0 1.9 9 200 M M 4 1 17 190
20 57 48 53 1 12 0 0.33 0.0 0 3.0 12 300 M M 8 1 22 300
21 62 48 55 4 10 0 T 0.0 0 8.2 20 310 M M 6 31 300
22 60 42 51 0 14 0 0.00 0.0 0 9.7 17 310 M M 5 30 310
23 69 34 52 1 13 0 0.00 0.0 0 0.5 6 120 M M 0 M M
24 75 34 55 5 10 0 0.00 0.0 0 0.8 8 100 M M 0 M M
25 78 40 59 9 6 0 0.00 0.0 0 0.3 6 180 M M 0 M M
26 76 41 59 9 6 0 0.00 0.0 0 0.5 8 180 M M 0 M M
27 76 47 62 13 3 0 0.00 0.0 0 1.0 6 350 M M 1 1 M M
28 79 53 66 17 0 1 0.00 0.0 0 1.5 8 300 M M 3 1 M M
29 79 56 68 19 0 3 0.00 0.0 0 1.7 7 230 M M 4 1 M M
30 73 45 59 11 6 0 0.01 0.0 0 5.1 15 300 M M 6 24 240
31 46 38 42 -6 23 0 T 0.0 0 3.0 10 310 M M 9 25 290
================================================================================
SM 2109 1389 266 9 1.10 T 88.4 M 144
================================================================================
AV 68.0 44.8 2.9 FASTST M M 5 MAX(MPH)
MISC ----> 20 310 31 300
================================================================================
NOTES:
# LAST OF SEVERAL OCCURRENCES
COLUMN 17 PEAK WIND IN M.P.H.
PRELIMINARY LOCAL CLIMATOLOGICAL DATA (WS FORM: F-6) , PAGE 2
STATION: BLACKSBURG VA
MONTH: OCTOBER
YEAR: 2023
LATITUDE: 37 13 N
LONGITUDE: 80 25 W
[TEMPERATURE DATA] [PRECIPITATION DATA] SYMBOLS USED IN COLUMN 16
AVERAGE MONTHLY: 56.4 TOTAL FOR MONTH: 1.10 1 = FOG OR MIST
DPTR FM NORMAL: 3.2 DPTR FM NORMAL: -1.81 2 = FOG REDUCING VISIBILITY
HIGHEST: 79 ON 29,28 GRTST 24HR 0.33 ON 20-20 TO 1/4 MILE OR LESS
LOWEST: 34 ON 24,23 3 = THUNDER
SNOW, ICE PELLETS, HAIL 4 = ICE PELLETS
TOTAL MONTH: T 5 = HAIL
GRTST 24HR T ON 15-15 6 = FREEZING RAIN OR DRIZZLE
GRTST DEPTH: 0 7 = DUSTSTORM OR SANDSTORM:
VSBY 1/2 MILE OR LESS
8 = SMOKE OR HAZE
[NO. OF DAYS WITH] [WEATHER - DAYS WITH] 9 = BLOWING SNOW
X = TORNADO
MAX 32 OR BELOW: 0 0.01 INCH OR MORE: 7
MAX 90 OR ABOVE: 0 0.10 INCH OR MORE: 4
MIN 32 OR BELOW: 0 0.50 INCH OR MORE: 0
MIN 0 OR BELOW: 0 1.00 INCH OR MORE: 0
[HDD (BASE 65) ]
TOTAL THIS MO. 266 CLEAR (SCALE 0-3) 11
DPTR FM NORMAL -105 PTCLDY (SCALE 4-7) 14
TOTAL FM JUL 1 316 CLOUDY (SCALE 8-10) 6
DPTR FM NORMAL -159
[CDD (BASE 65) ]
TOTAL THIS MO. 9
DPTR FM NORMAL 2 [PRESSURE DATA]
TOTAL FM JAN 1 640 HIGHEST SLP M ON M
DPTR FM NORMAL 22 LOWEST SLP M ON M
[REMARKS]
#FINAL-10-23#