145
CXUS51 KRNK 010641
CF6ROA
PRELIMINARY LOCAL CLIMATOLOGICAL DATA (WS FORM: F-6)
STATION: ROANOKE VA
MONTH: AUGUST
YEAR: 2020
LATITUDE: 37 19 N
LONGITUDE: 79 58 W
TEMPERATURE IN F: :PCPN: SNOW: WIND :SUNSHINE: SKY :PK WND
================================================================================
1 2 3 4 5 6A 6B 7 8 9 10 11 12 13 14 15 16 17 18
12Z AVG MX 2MIN
DY MAX MIN AVG DEP HDD CDD WTR SNW DPTH SPD SPD DIR MIN PSBL S-S WX SPD DR
================================================================================
1 87 73 80 4 0 15 T 0.0 0 4.7 18 150 M M 6 1 22 140
2 91 71 81 5 0 16 T 0.0 0 6.3 21 240 M M 4 1 28 240
3 78 71 75 -1 0 10 0.16 0.0 0 3.9 24 250 M M 10 13 34 240
4 89 68 79 3 0 14 0.01 0.0 0 5.5 16 260 M M 6 1 22 260
5 85 67 76 0 0 11 0.11 0.0 0 4.0 20 240 M M 4 13 27 250
6 83 69 76 0 0 11 T 0.0 0 5.0 14 20 M M 6 3 17 20
7 84 68 76 0 0 11 0.02 0.0 0 4.5 13 170 M M 7 3 17 140
8 88 68 78 2 0 13 T 0.0 0 3.1 20 360 M M 5 3 25 150
9 92 70 81 5 0 16 0.00 0.0 0 2.0 9 140 M M 4 14 100
10 90 66 78 2 0 13 0.00 0.0 0 3.0 15 210 M M 2 20 190
11 91 70 81 5 0 16 0.00 0.0 0 2.7 20 130 M M 4 24 120
12 86 74 80 4 0 15 0.01 0.0 0 4.6 15 180 M M 6 3 18 200
13 85 73 79 3 0 14 0.21 0.0 0 4.2 16 120 M M 9 13 18 110
14 82 73 78 2 0 13 0.17 0.0 0 2.8 14 110 M M 9 1 17 110
15 74 63 69 -7 0 4 0.96 0.0 0 5.6 13 50 M M 10 1 16 40
16 78 63 71 -5 0 6 0.00 0.0 0 2.3 9 40 M M 7 11 10
17 87 64 76 0 0 11 0.00 0.0 0 5.2 15 290 M M 4 12 20 290
18 87 62 75 -1 0 10 0.00 0.0 0 2.7 9 190 M M 2 14 270
19 84 67 76 1 0 11 T 0.0 0 4.7 16 360 M M 5 3 19 10
20 82 66 74 -1 0 9 0.00 0.0 0 4.9 13 140 M M 4 16 110
21 79 70 75 0 0 10 0.16 0.0 0 2.3 10 130 M M 10 1 13 140
22 85 69 77 2 0 12 0.88 0.0 0 3.5 15 150 M M 8 13 17 180
23 86 66 76 1 0 11 0.01 0.0 0 3.5 14 250 M M 4 13 20 250
24 89 69 79 4 0 14 0.00 0.0 0 5.8 14 220 M M 3 1 18 240
25 92 71 82 8 0 17 T 0.0 0 8.4 21 330 M M 2 26 330
26 92 69 81 7 0 16 0.00 0.0 0 3.5 10 300 M M 2 14 330
27 92 71 82 8 0 17 T 0.0 0 6.5 17 280 M M 4 22 270
28 93 75 84 10 0 19 T 0.0 0 4.9 12 220 M M 7 3 15 210
29 90 75 83 9 0 18 0.08 0.0 0 7.3 22 310 M M 6 1 35 290
30 87 68 78 5 0 13 0.00 0.0 0 4.4 12 320 M M 5 16 320
31 74 67 71 -2 0 6 1.39 0.0 0 4.5 12 70 M M 10 13 15 280
================================================================================
SM 2662 2136 0 392 4.17 0.0 136.3 M 175
================================================================================
AV 85.9 68.9 4.4 FASTST M M 6 MAX(MPH)
MISC ----> 24 250 35 290
================================================================================
NOTES:
# LAST OF SEVERAL OCCURRENCES
COLUMN 17 PEAK WIND IN M.P.H.
PRELIMINARY LOCAL CLIMATOLOGICAL DATA (WS FORM: F-6) , PAGE 2
STATION: ROANOKE VA
MONTH: AUGUST
YEAR: 2020
LATITUDE: 37 19 N
LONGITUDE: 79 58 W
[TEMPERATURE DATA] [PRECIPITATION DATA] SYMBOLS USED IN COLUMN 16
AVERAGE MONTHLY: 77.4 TOTAL FOR MONTH: 4.17 1 = FOG OR MIST
DPTR FM NORMAL: 2.0 DPTR FM NORMAL: 0.61 2 = FOG REDUCING VISIBILITY
HIGHEST: 93 ON 28 GRTST 24HR 1.39 ON 31-31 TO 1/4 MILE OR LESS
LOWEST: 62 ON 18 3 = THUNDER
SNOW, ICE PELLETS, HAIL 4 = ICE PELLETS
TOTAL MONTH: 0.0 INCH 5 = HAIL
GRTST 24HR 0.0 6 = FREEZING RAIN OR DRIZZLE
GRTST DEPTH: 0 7 = DUSTSTORM OR SANDSTORM:
VSBY 1/2 MILE OR LESS
8 = SMOKE OR HAZE
[NO. OF DAYS WITH] [WEATHER - DAYS WITH] 9 = BLOWING SNOW
X = TORNADO
MAX 32 OR BELOW: 0 0.01 INCH OR MORE: 13
MAX 90 OR ABOVE: 9 0.10 INCH OR MORE: 8
MIN 32 OR BELOW: 0 0.50 INCH OR MORE: 3
MIN 0 OR BELOW: 0 1.00 INCH OR MORE: 1
[HDD (BASE 65) ]
TOTAL THIS MO. 0 CLEAR (SCALE 0-3) 5
DPTR FM NORMAL -1 PTCLDY (SCALE 4-7) 19
TOTAL FM JUL 1 0 CLOUDY (SCALE 8-10) 7
DPTR FM NORMAL 0
[CDD (BASE 65) ]
TOTAL THIS MO. 392
DPTR FM NORMAL 68 [PRESSURE DATA]
TOTAL FM JAN 1 1317 HIGHEST SLP M ON M
DPTR FM NORMAL 270 LOWEST SLP 29.65 ON 29
[REMARKS]
#FINAL-08-20#