000
CXUS56 KFGZ 010910
CF6RQE
PRELIMINARY LOCAL CLIMATOLOGICAL DATA (WS FORM: F-6)
STATION: WINDOW ROCK AZ AIRPORT
MONTH: MAY
YEAR: 2022
LATITUDE: 35 39 N
LONGITUDE: 109 4 W
TEMPERATURE IN F: :PCPN: SNOW: WIND :SUNSHINE: SKY :PK WND
================================================================================
1 2 3 4 5 6A 6B 7 8 9 10 11 12 13 14 15 16 17 18
12Z AVG MX 2MIN
DY MAX MIN AVG DEP HDD CDD WTR SNW DPTH SPD SPD DIR MIN PSBL S-S WX SPD DR
================================================================================
1 75 25 50 -1 15 0 0.00 M M 14.3 38 230 M M 0 8 62 230
2 72 33 53 2 12 0 0.00 M M 8.1 21 270 M M 0 28 250
3 75 39 57 6 8 0 0.00 M M 15.8 39 240 M M 2 8 50 230
4 61 26 44 -7 21 0 0.00 M M 7.3 22 310 M M 0 31 300
5 75 25 50 -2 15 0 0.00 M M 4.5 18 270 M M 0 26 240
6 81 34 58 6 7 0 0.00 M M 6.8 21 240 M M 0 30 290
7 82 36 59 7 6 0 0.00 M M 16.2 37 230 M M 0 51 230
8 77 51 64 11 1 0 0.00 M M 22.2 43 240 M M 0 8 58 230
9 74 49 62 9 3 0 0.00 M M 20.4 36 210 M M 0 51 240
10 79 44 62 9 3 0 0.00 M M 13.2 31 230 M M 0 42 220
11 79 32 56 2 9 0 0.00 M M 13.4 36 210 M M 0 8 53 230
12 72 26 49 -5 16 0 0.00 M M 6.3 18 240 M M 0 27 230
13 78 23 51 -3 14 0 0.00 M M 2.9 18 280 M M 0 26 260
14 84 28 56 2 9 0 0.00 M M 3.9 17 260 M M 0 22 320
15 89 31 60 5 5 0 0.00 M M 3.6 16 200 M M 0 25 200
16 84 44 64 9 1 0 0.00 M M 6.4 25 250 M M 0 35 240
17 83 43 63 8 2 0 0.00 M M 6.5 20 250 M M 0 27 250
18 85 49 67 11 0 2 0.00 M M 4.0 17 260 M M 0 24 260
19 84 42 63 7 2 0 0.00 M M 12.2 26 240 M M 0 8 38 240
20 78 53 66 10 0 1 0.00 M M 19.8 37 240 M M 1 8 52 220
21 76 47 62 5 3 0 0.00 M M 11.8 26 270 M M 5 39 220
22 65 44 55 -2 10 0 0.00 M M 6.4 15 210 M M 0 20 210
23 72 38 55 -2 10 0 0.00 M M 7.8 21 300 M M 5 29 300
24 70 29 50 -8 15 0 0.00 M M 8.1 26 310 M M 1 8 40 290
25 78 30 54 -4 11 0 0.00 M M 6.9 21 310 M M 0 30 320
26 87 34 61 3 4 0 0.00 M M 4.1 20 270 M M 0 32 260
27 87 44 66 7 0 1 0.00 M M 9.2 26 250 M M 0 36 220
28 83 51 67 8 0 2 0.00 M M 13.5 32 230 M M 0 42 220
29 77 47 62 3 3 0 T M M 16.9 35 220 M M 2 8 48 250
30 73 36 55 -5 10 0 0.00 M M 11.4 31 240 M M 1 43 240
31 77 33 55 -5 10 0 0.00 M M 5.5 23 220 M M 0 36 200
================================================================================
SM 2412 1166 225 6 T M 309.4 M 17
================================================================================
AV 77.8 37.6 10.0 FASTST M M 1 MAX(MPH)
MISC ----> 43 240 62 230
================================================================================
NOTES:
# LAST OF SEVERAL OCCURRENCES
COLUMN 17 PEAK WIND IN M.P.H.
PRELIMINARY LOCAL CLIMATOLOGICAL DATA (WS FORM: F-6) , PAGE 2
STATION: WINDOW ROCK AZ AIRPORT
MONTH: MAY
YEAR: 2022
LATITUDE: 35 39 N
LONGITUDE: 109 4 W
[TEMPERATURE DATA] [PRECIPITATION DATA] SYMBOLS USED IN COLUMN 16
AVERAGE MONTHLY: 57.7 TOTAL FOR MONTH: T 1 = FOG OR MIST
DPTR FM NORMAL: 2.6 DPTR FM NORMAL: -0.57 2 = FOG REDUCING VISIBILITY
HIGHEST: 89 ON 15 GRTST 24HR T ON 29-29 TO 1/4 MILE OR LESS
LOWEST: 23 ON 13 3 = THUNDER
SNOW, ICE PELLETS, HAIL 4 = ICE PELLETS
TOTAL MONTH: M 5 = HAIL
GRTST 24HR M ON M 6 = FREEZING RAIN OR DRIZZLE
GRTST DEPTH: M ON M 7 = DUSTSTORM OR SANDSTORM:
VSBY 1/2 MILE OR LESS
8 = SMOKE OR HAZE
[NO. OF DAYS WITH] [WEATHER - DAYS WITH] 9 = BLOWING SNOW
X = TORNADO
MAX 32 OR BELOW: 0 0.01 INCH OR MORE: 0
MAX 90 OR ABOVE: 0 0.10 INCH OR MORE: 0
MIN 32 OR BELOW: 10 0.50 INCH OR MORE: 0
MIN 0 OR BELOW: 0 1.00 INCH OR MORE: 0
[HDD (BASE 65) ]
TOTAL THIS MO. 225 CLEAR (SCALE 0-3) 29
DPTR FM NORMAL -84 PTCLDY (SCALE 4-7) 2
TOTAL FM JUL 1 5643 CLOUDY (SCALE 8-10) 0
DPTR FM NORMAL -452
[CDD (BASE 65) ]
TOTAL THIS MO. 6
DPTR FM NORMAL 2 [PRESSURE DATA]
TOTAL FM JAN 1 6 HIGHEST SLP M ON M
DPTR FM NORMAL 2 LOWEST SLP 29.31 ON 29
[REMARKS]
#FINAL-05-22#