000
CXUS53 KARX 010900
CF6RST
PRELIMINARY LOCAL CLIMATOLOGICAL DATA (WS FORM: F-6)
STATION: ROCHESTER MN
MONTH: SEPTEMBER
YEAR: 2021
LATITUDE: 43 55 N
LONGITUDE: 92 30 W
TEMPERATURE IN F: :PCPN: SNOW: WIND :SUNSHINE: SKY :PK WND
================================================================================
1 2 3 4 5 6A 6B 7 8 9 10 11 12 13 14 15 16 17 18
12Z AVG MX 2MIN
DY MAX MIN AVG DEP HDD CDD WTR SNW DPTH SPD SPD DIR MIN PSBL S-S WX SPD DR
================================================================================
1 75 55 65 -1 0 0 0.00 0.0 0 6.8 14 110 M M 1 12 19 120
2 69 52 61 -5 4 0 T 0.0 0 8.6 18 120 M M 2 26 120
3 62 58 60 -5 5 0 1.05 0.0 0 7.7 24 150 M M 10 12 35 130
4 74 57 66 1 0 1 0.00 0.0 0 7.9 14 300 M M 6 12 21 310
5 78 54 66 1 0 1 0.00 0.0 0 8.9 17 280 M M 0 30 280
6 77 49 63 -1 2 0 0.00 0.0 0 6.7 13 180 M M 0 20 190
7 76 54 65 1 0 0 0.00 0.0 0 11.6 22 330 M M 0 32 310
8 73 51 62 -2 3 0 0.02 0.0 0 10.2 21 320 M M 3 31 310
9 74 50 62 -2 3 0 0.00 0.0 0 5.8 12 360 M M 0 17 320
10 78 50 64 1 1 0 0.00 0.0 0 7.9 16 180 M M 0 23 180
11 83 59 71 8 0 6 0.00 0.0 0 8.0 14 240 M M 1 23 240
12 68 53 61 -2 4 0 T 0.0 0 8.2 15 30 M M 5 21 350
13 73 51 62 0 3 0 0.06 0.0 0 9.2 18 110 M M 6 13 26 250
14 71 53 62 0 3 0 0.03 0.0 0 10.6 20 310 M M 5 13 31 300
15 76 47 62 0 3 0 0.00 0.0 0 6.6 15 170 M M 1 25 190
16 82 58 70 9 0 5 0.00 0.0 0 16.2 26 180 M M 2 45 190
17 71 46 59 -2 6 0 0.01 0.0 0 8.2 28 240 M M 3 42 230
18 77 41 59 -1 6 0 0.00 0.0 0 7.3 16 130 M M 0 22 130
19 86 61 74 14 0 9 0.00 0.0 0 13.1 24 170 M M 0 39 170
20 81 56 69 9 0 4 0.38 0.0 0 13.5 31 220 M M 6 13 46 220
21 68 48 58 -1 7 0 0.00 0.0 0 10.2 18 350 M M 3 26 340
22 67 43 55 -4 10 0 0.00 0.0 0 6.0 14 360 M M 0 19 30
23 72 43 58 0 7 0 0.00 0.0 0 5.3 9 270 M M 0 15 310
24 66 43 55 -3 10 0 0.08 0.0 0 9.1 25 340 M M 2 1 38 340
25 70 39 55 -3 10 0 0.00 0.0 0 8.3 15 250 M M 1 24 260
26 85 46 66 9 0 1 0.00 0.0 0 9.4 16 200 M M 0 23 210
27 79 52 66 9 0 1 0.00 0.0 0 7.1 13 20 M M 0 18 40
28 78 51 65 9 0 0 0.00 0.0 0 9.0 16 130 M M 0 22 140
29 84 53 69 13 0 4 0.00 0.0 0 9.0 15 130 M M 0 19 160
30 84 57 71 16 0 6 0.00 0.0 0 7.6 13 180 M M 0 19 190
================================================================================
SM 2257 1530 87 38 1.63 0.0 264.0 M 57
================================================================================
AV 75.2 51.0 8.8 FASTST M M 2 MAX(MPH)
MISC ----> 31 220 46 220
================================================================================
NOTES:
# LAST OF SEVERAL OCCURRENCES
COLUMN 17 PEAK WIND IN M.P.H.
PRELIMINARY LOCAL CLIMATOLOGICAL DATA (WS FORM: F-6) , PAGE 2
STATION: ROCHESTER MN
MONTH: SEPTEMBER
YEAR: 2021
LATITUDE: 43 55 N
LONGITUDE: 92 30 W
[TEMPERATURE DATA] [PRECIPITATION DATA] SYMBOLS USED IN COLUMN 16
AVERAGE MONTHLY: 63.1 TOTAL FOR MONTH: 1.63 1 = FOG OR MIST
DPTR FM NORMAL: 2.0 DPTR FM NORMAL: -1.97 2 = FOG REDUCING VISIBILITY
HIGHEST: 86 ON 19 GRTST 24HR 1.05 ON 2- 3 TO 1/4 MILE OR LESS
LOWEST: 39 ON 25 3 = THUNDER
SNOW, ICE PELLETS, HAIL 4 = ICE PELLETS
TOTAL MONTH: 0.0 INCH 5 = HAIL
GRTST 24HR 0.0 6 = FREEZING RAIN OR DRIZZLE
GRTST DEPTH: 0 7 = DUSTSTORM OR SANDSTORM:
VSBY 1/2 MILE OR LESS
8 = SMOKE OR HAZE
[NO. OF DAYS WITH] [WEATHER - DAYS WITH] 9 = BLOWING SNOW
X = TORNADO
MAX 32 OR BELOW: 0 0.01 INCH OR MORE: 7
MAX 90 OR ABOVE: 0 0.10 INCH OR MORE: 2
MIN 32 OR BELOW: 0 0.50 INCH OR MORE: 1
MIN 0 OR BELOW: 0 1.00 INCH OR MORE: 1
[HDD (BASE 65) ]
TOTAL THIS MO. 87 CLEAR (SCALE 0-3) 24
DPTR FM NORMAL -83 PTCLDY (SCALE 4-7) 5
TOTAL FM JUL 1 94 CLOUDY (SCALE 8-10) 1
DPTR FM NORMAL -120
[CDD (BASE 65) ]
TOTAL THIS MO. 38
DPTR FM NORMAL -15 [PRESSURE DATA]
TOTAL FM JAN 1 700 HIGHEST SLP 30.35 ON 22
DPTR FM NORMAL 173 LOWEST SLP 29.54 ON 20
[REMARKS]
#FINAL-09-21#