000
CXUS51 KBTV 010700
CF6RUT
PRELIMINARY LOCAL CLIMATOLOGICAL DATA (WS FORM: F-6)
STATION: RUTLAND VT
MONTH: AUGUST
YEAR: 2020
LATITUDE: 43 31 N
LONGITUDE: 72 57 W
TEMPERATURE IN F: :PCPN: SNOW: WIND :SUNSHINE: SKY :PK WND
================================================================================
1 2 3 4 5 6A 6B 7 8 9 10 11 12 13 14 15 16 17 18
12Z AVG MX 2MIN
DY MAX MIN AVG DEP HDD CDD WTR SNW DPTH SPD SPD DIR MIN PSBL S-S WX SPD DR
================================================================================
1 85 57 71 M 0 6 0.00 M M 5.7 13 130 M M 0 M M
2 79 64 72 M 0 7 0.06 M M 11.1 17 130 M M 6 25 130
3 82 65 74 M 0 9 0.00 M M 8.0 16 250 M M 5 21 250
4 74 66 70 M 0 5 0.81 M M 11.0 21 50 M M 9 1 40 60
5 79 56 68 M 0 3 T M M 7.3 16 260 M M 4 24 260
6 77 53 65 M 0 0 0.00 M M 5.3 12 120 M M 0 M M
7 79 53 66 M 0 1 0.00 M M 5.6 15 120 M M 4 M M
8 83 65 74 M 0 9 0.15 M M 4.7 13 110 M M 7 1 M M
9 84 63 74 M 0 9 T M M 5.8 12 270 M M 6 16 220
10 86 65 76 M 0 11 T M M 4.1 10 270 M M 5 1 17 270
11 89 65 77 M 0 12 0.22 M M 5.7 12 220 M M 1 13 24 280
12 84 64 74 M 0 9 0.00 M M 4.7 10 130 M M 3 M M
13 84 59 72 M 0 7 0.00 M M 5.5 10 120 M M 1 M M
14 82 58 70 M 0 5 0.00 M M 4.0 10 130 M M 3 M M
15 79 56 68 M 0 3 0.00 M M 8.6 17 140 M M 1 22 140
16 74 58 66 M 0 1 0.00 M M 8.2 15 120 M M 3 22 130
17 77 56 67 M 0 2 0.09 M M 5.5 9 360 M M 5 13 M M
18 75 57 66 M 0 1 0.06 M M 4.3 13 310 M M 6 1 22 310
19 71 52 62 M 3 0 0.07 M M 4.9 9 120 M M 5 M M
20 73 48 61 M 4 0 0.00 M M 5.2 12 120 M M 2 12 M M
21 81 53 67 M 0 2 0.82 M M 5.8 13 250 M M 4 123 18 250
22 81 59 70 M 0 5 0.16 M M 4.5 12 260 M M 5 12 17 260
23 85 56 71 M 0 6 0.16 M M 5.6 12 120 M M 1 123 M M
24 86 60 73 M 0 8 0.02 M M 4.5 10 230 M M 3 123 M M
25 79 60 70 M 0 5 0.16 M M 7.5 23 300 M M 4 13 31 290
26 68 50 59 M 6 0 0.00 M M 8.4 17 310 M M 1 24 310
27 58 47 53 M 12 0 0.26 M M 2.7 8 120 M M 7 1 M M
28 72 58 65 M 0 0 0.05 M M 3.3 12 120 M M 6 1 M M
29 73 58 66 M 0 1 0.67 M M 11.7 21 120 M M 8 1 25 250
30 68 50 59 M 6 0 0.00 M M 9.2 15 280 M M 7 25 280
31 71 45 58 M 7 0 0.00 M M 5.1 9 130 M M 1 M M
================================================================================
SM 2418 1776 38 127 3.76 M 193.4 M 123
================================================================================
AV 78.0 57.3 6.2 FASTST M M 4 MAX(MPH)
MISC ----> 23 300 40 60
================================================================================
NOTES:
# LAST OF SEVERAL OCCURRENCES
COLUMN 17 PEAK WIND IN M.P.H.
PRELIMINARY LOCAL CLIMATOLOGICAL DATA (WS FORM: F-6) , PAGE 2
STATION: RUTLAND VT
MONTH: AUGUST
YEAR: 2020
LATITUDE: 43 31 N
LONGITUDE: 72 57 W
[TEMPERATURE DATA] [PRECIPITATION DATA] SYMBOLS USED IN COLUMN 16
AVERAGE MONTHLY: 67.6 TOTAL FOR MONTH: 3.76 1 = FOG OR MIST
DPTR FM NORMAL: 0.0 DPTR FM NORMAL: M 2 = FOG REDUCING VISIBILITY
HIGHEST: 89 ON 11 GRTST 24HR 0.82 ON 21-21 TO 1/4 MILE OR LESS
LOWEST: 45 ON 31 3 = THUNDER
SNOW, ICE PELLETS, HAIL 4 = ICE PELLETS
TOTAL MONTH: M 5 = HAIL
GRTST 24HR M ON M 6 = FREEZING RAIN OR DRIZZLE
GRTST DEPTH: M ON M 7 = DUSTSTORM OR SANDSTORM:
VSBY 1/2 MILE OR LESS
8 = SMOKE OR HAZE
[NO. OF DAYS WITH] [WEATHER - DAYS WITH] 9 = BLOWING SNOW
X = TORNADO
MAX 32 OR BELOW: 0 0.01 INCH OR MORE: 15
MAX 90 OR ABOVE: 0 0.10 INCH OR MORE: 9
MIN 32 OR BELOW: 0 0.50 INCH OR MORE: 3
MIN 0 OR BELOW: 0 1.00 INCH OR MORE: 0
[HDD (BASE 65) ]
TOTAL THIS MO. 38 CLEAR (SCALE 0-3) 11
DPTR FM NORMAL M PTCLDY (SCALE 4-7) 18
TOTAL FM JUL 1 38 CLOUDY (SCALE 8-10) 2
DPTR FM NORMAL M
[CDD (BASE 65) ]
TOTAL THIS MO. 127
DPTR FM NORMAL M [PRESSURE DATA]
TOTAL FM JAN 1 534 HIGHEST SLP M ON M
DPTR FM NORMAL M LOWEST SLP M ON M
[REMARKS]
#FINAL-08-20#