000
CXUS54 KTSA 011434
CF6RVS
PRELIMINARY LOCAL CLIMATOLOGICAL DATA (WS FORM: F-6)
STATION: TULSA-RIVERSIDE OKLAHOMA
MONTH: SEPTEMBER
YEAR: 2020
LATITUDE: 36 2 N
LONGITUDE: 95 59 W
TEMPERATURE IN F: :PCPN: SNOW: WIND :SUNSHINE: SKY :PK WND
================================================================================
1 2 3 4 5 6A 6B 7 8 9 10 11 12 13 14 15 16 17 18
12Z AVG MX 2MIN
DY MAX MIN AVG DEP HDD CDD WTR SNW DPTH SPD SPD DIR MIN PSBL S-S WX SPD DR
================================================================================
1 83 73 78 -1 0 13 0.44 0.0 0 5.1 15 190 M M 6 1 25 180
2 88 73 81 3 0 16 T 0.0 0 2.7 10 170 M M 5 14 110
3 94 73 84 6 0 19 0.00 0.0 0 2.0 10 200 M M 2 14 200
4 94 74 84 6 0 19 0.00 0.0 0 2.3 8 170 M M 2 1 13 170
5 95 73 84 7 0 19 0.00 0.0 0 4.1 12 190 M M 0 1 17 180
6 94 74 84 7 0 19 0.00 0.0 0 8.2 20 180 M M 0 30 180
7 96 76 86 10 0 21 0.00 0.0 0 10.4 20 200 M M 0 29 200
8 92 68 80 4 0 15 0.61 0.0 0 8.1 17 170 M M 2 138 26 160
9 73 62 68 -8 0 3 0.54 0.0 0 6.3 14 10 M M 8 13 19 360
10 68 59 64 -11 1 0 0.14 0.0 0 5.2 9 350 M M 8 1 18 360
11 70 62 66 -9 0 1 0.06 0.0 0 1.6 8 20 M M 10 1 13 10
12 78 66 72 -2 0 7 0.00 0.0 0 0.8 7 160 M M 5 1 11 180
13 86 62 74 0 0 9 0.00 0.0 0 4.3 13 30 M M 1 12 18 20
14 86 62 74 0 0 9 0.00 0.0 0 3.9 9 20 M M 0 13 40
15 89 68 79 6 0 14 0.00 0.0 0 1.8 8 130 M M 2 11 120
16 91 66 79 6 0 14 0.00 0.0 0 2.1 10 30 M M 1 1 18 30
17 87 66 77 5 0 12 0.00 0.0 0 6.6 14 10 M M 0 22 10
18 84 60 72 0 0 7 0.00 0.0 0 5.8 12 20 M M 0 17 10
19 80 57 69 -3 0 4 0.00 0.0 0 2.5 9 130 M M 0 1 16 180
20 81 55 68 -3 0 3 0.00 0.0 0 3.4 13 110 M M 0 1 18 140
21 86 60 73 2 0 8 0.01 0.0 0 4.2 13 140 M M 2 1 18 140
22 72 67 70 0 0 5 1.06 0.0 0 5.6 9 120 M M 10 1 16 140
23 76 62 69 -1 0 4 0.00 0.0 0 2.5 10 120 M M 8 1 14 120
24 84 59 72 3 0 7 0.00 0.0 0 2.1 9 160 M M 3 12 13 170
25 86 60 73 4 0 8 0.00 0.0 0 7.4 18 180 M M 0 1 25 170
26 90 66 78 10 0 13 0.00 0.0 0 9.8 17 180 M M 1 25 190
27 80 59 70 2 0 5 0.07 0.0 0 10.3 25 10 M M 8 55 10
28 76 49 63 -5 2 0 0.00 0.0 0 3.9 17 10 M M 3 29 320
29 81 44 63 -4 2 0 0.00 0.0 0 2.1 12 220 M M 0 18 210
30 94 50 72 5 0 7 0.00 0.0 0 4.3 16 30 M M 0 21 40
================================================================================
SM 2534 1905 5 281 2.93 0.0 139.4 M 87
================================================================================
AV 84.5 63.5 4.6 FASTST M M 3 MAX(MPH)
MISC ----> 25 10 55 10
================================================================================
NOTES:
# LAST OF SEVERAL OCCURRENCES
COLUMN 17 PEAK WIND IN M.P.H.
PRELIMINARY LOCAL CLIMATOLOGICAL DATA (WS FORM: F-6) , PAGE 2
STATION: TULSA-RIVERSIDE OKLAHOMA
MONTH: SEPTEMBER
YEAR: 2020
LATITUDE: 36 2 N
LONGITUDE: 95 59 W
[TEMPERATURE DATA] [PRECIPITATION DATA] SYMBOLS USED IN COLUMN 16
AVERAGE MONTHLY: 74.0 TOTAL FOR MONTH: 2.93 1 = FOG OR MIST
DPTR FM NORMAL: 1.1 DPTR FM NORMAL: -1.69 2 = FOG REDUCING VISIBILITY
HIGHEST: 96 ON 7 GRTST 24HR 1.07 ON 21-22 TO 1/4 MILE OR LESS
LOWEST: 44 ON 29 3 = THUNDER
SNOW, ICE PELLETS, HAIL 4 = ICE PELLETS
TOTAL MONTH: 0.0 INCH 5 = HAIL
GRTST 24HR 0.0 6 = FREEZING RAIN OR DRIZZLE
GRTST DEPTH: 0 7 = DUSTSTORM OR SANDSTORM:
VSBY 1/2 MILE OR LESS
8 = SMOKE OR HAZE
[NO. OF DAYS WITH] [WEATHER - DAYS WITH] 9 = BLOWING SNOW
X = TORNADO
MAX 32 OR BELOW: 0 0.01 INCH OR MORE: 8
MAX 90 OR ABOVE: 9 0.10 INCH OR MORE: 5
MIN 32 OR BELOW: 0 0.50 INCH OR MORE: 3
MIN 0 OR BELOW: 0 1.00 INCH OR MORE: 1
[HDD (BASE 65) ]
TOTAL THIS MO. 5 CLEAR (SCALE 0-3) 21
DPTR FM NORMAL -16 PTCLDY (SCALE 4-7) 6
TOTAL FM JUL 1 5 CLOUDY (SCALE 8-10) 3
DPTR FM NORMAL -14
[CDD (BASE 65) ]
TOTAL THIS MO. 281
DPTR FM NORMAL 23 [PRESSURE DATA]
TOTAL FM JAN 1 2242 HIGHEST SLP 30.32 ON 5
DPTR FM NORMAL 386 LOWEST SLP 29.72 ON 27
[REMARKS]
#FINAL-09-20#