000
CXUS55 KPIH 011200
CF6RXE
PRELIMINARY LOCAL CLIMATOLOGICAL DATA (WS FORM: F-6)
STATION: REXBURG
MONTH: NOVEMBER
YEAR: 2021
LATITUDE: 43 49 N
LONGITUDE: 111 48 W
TEMPERATURE IN F: :PCPN: SNOW: WIND :SUNSHINE: SKY :PK WND
================================================================================
1 2 3 4 5 6A 6B 7 8 9 10 11 12 13 14 15 16 17 18
12Z AVG MX 2MIN
DY MAX MIN AVG DEP HDD CDD WTR SNW DPTH SPD SPD DIR MIN PSBL S-S WX SPD DR
================================================================================
1 51 34 43 5 22 0 T M M 4.0 13 50 M M 4 8 18 50
2 50 41 46 8 19 0 0.19 M M 6.0 12 220 M M 10 1 17 200
3 54 37 46 9 19 0 0.00 M M 3.0 9 220 M M 5 13 260
4 60 33 47 10 18 0 0.08 M M 7.2 24 220 M M 1 3 34 250
5 56 34 45 9 20 0 0.00 M M 4.7 16 220 M M 1 22 230
6 52 34 43 7 22 0 T M M 8.3 21 180 M M 8 33 200
7 46 34 40 4 25 0 0.00 M M 12.3 21 190 M M 6 32 200
8 41 24 33 -2 32 0 0.00 M M 4.7 13 190 M M 1 20 180
9 42 26 34 -1 31 0 0.24 M M 7.5 20 210 M M 7 1 31 210
10 43 31 37 3 28 0 0.00 M M 7.8 14 230 M M 7 23 230
11 38 26 32 -2 33 0 T M M 3.8 13 200 M M 4 1 19 210
12 44 33 39 5 26 0 0.00 M M 3.0 12 200 M M 9 12 17 200
13 50 35 43 10 22 0 0.00 M M 6.9 17 200 M M 4 1 24 190
14 55 43 49 16 16 0 0.00 M M 12.5 23 220 M M 5 35 210
15 56 34 45 13 20 0 0.00 M M 5.5 24 220 M M 0 38 200
16 52 25 39 7 26 0 0.00 M M 13.9 32 200 M M 4 50 190
17 34 18 26 -6 39 0 0.00 M M 4.9 13 200 M M 1 19 240
18 36 18 27 -4 38 0 0.00 M M 2.6 9 60 M M 4 12 60
19 41 32 37 6 28 0 0.22 M M 4.7 18 200 M M 10 1 26 210
20 39 31 35 5 30 0 T M M 6.8 14 200 M M 9 1 19 190
21 39 28 34 4 31 0 0.00 M M 2.8 9 200 M M 7 13 200
22 46 22 34 5 31 0 0.00 M M 3.2 8 60 M M 0 10 40
23 45 21 33 4 32 0 0.09 M M 8.8 24 230 M M 4 1 37 230
24 35 26 31 3 34 0 0.00 M M 9.0 16 200 M M 4 22 200
25 35 17 26 -2 39 0 0.00 M M 3.4 10 180 M M 3 15 190
26 42 24 33 5 32 0 0.00 M M 3.0 8 110 M M 4 8 12 120
27 43 24 34 7 31 0 0.00 M M 2.8 8 240 M M 3 12 220
28 51 29 40 13 25 0 0.00 M M 1.3 7 190 M M 5 1 10 180
29 53 27 40 14 25 0 0.00 M M 4.1 16 200 M M 1 24 230
30 40 31 36 10 29 0 0.00 M M 5.8 16 210 M M 4 18 21 220
================================================================================
SM 1369 872 823 0 0.82 M 174.3 M 135
================================================================================
AV 45.6 29.1 5.8 FASTST M M 5 MAX(MPH)
MISC ----> 32 200 50 190
================================================================================
NOTES:
# LAST OF SEVERAL OCCURRENCES
COLUMN 17 PEAK WIND IN M.P.H.
PRELIMINARY LOCAL CLIMATOLOGICAL DATA (WS FORM: F-6) , PAGE 2
STATION: REXBURG
MONTH: NOVEMBER
YEAR: 2021
LATITUDE: 43 49 N
LONGITUDE: 111 48 W
[TEMPERATURE DATA] [PRECIPITATION DATA] SYMBOLS USED IN COLUMN 16
AVERAGE MONTHLY: 37.4 TOTAL FOR MONTH: 0.82 1 = FOG OR MIST
DPTR FM NORMAL: 5.3 DPTR FM NORMAL: 0.07 2 = FOG REDUCING VISIBILITY
HIGHEST: 60 ON 4 GRTST 24HR 0.24 ON 9- 9 TO 1/4 MILE OR LESS
LOWEST: 17 ON 25 3 = THUNDER
SNOW, ICE PELLETS, HAIL 4 = ICE PELLETS
TOTAL MONTH: M 5 = HAIL
GRTST 24HR M ON M 6 = FREEZING RAIN OR DRIZZLE
GRTST DEPTH: M ON M 7 = DUSTSTORM OR SANDSTORM:
VSBY 1/2 MILE OR LESS
8 = SMOKE OR HAZE
[NO. OF DAYS WITH] [WEATHER - DAYS WITH] 9 = BLOWING SNOW
X = TORNADO
MAX 32 OR BELOW: 0 0.01 INCH OR MORE: 5
MAX 90 OR ABOVE: 0 0.10 INCH OR MORE: 3
MIN 32 OR BELOW: 19 0.50 INCH OR MORE: 0
MIN 0 OR BELOW: 0 1.00 INCH OR MORE: 0
[HDD (BASE 65) ]
TOTAL THIS MO. 823 CLEAR (SCALE 0-3) 9
DPTR FM NORMAL -164 PTCLDY (SCALE 4-7) 17
TOTAL FM JUL 1 1594 CLOUDY (SCALE 8-10) 4
DPTR FM NORMAL -322
[CDD (BASE 65) ]
TOTAL THIS MO. 0
DPTR FM NORMAL 0 [PRESSURE DATA]
TOTAL FM JAN 1 510 HIGHEST SLP 30.75 ON 25
DPTR FM NORMAL 253 LOWEST SLP 29.71 ON 16
[REMARKS]
#FINAL-11-21#