563
CXUS54 KEWX 151341
CF6SAT
PRELIMINARY LOCAL CLIMATOLOGICAL DATA (WS FORM: F-6)
STATION: SAN ANTONIO
MONTH: FEBRUARY
YEAR: 2021
LATITUDE: 29 31 N
LONGITUDE: 98 28 W
TEMPERATURE IN F: :PCPN: SNOW: WIND :SUNSHINE: SKY :PK WND
================================================================================
1 2 3 4 5 6A 6B 7 8 9 10 11 12 13 14 15 16 17 18
12Z AVG MX 2MIN
DY MAX MIN AVG DEP HDD CDD WTR SNW DPTH SPD SPD DIR MIN PSBL S-S WX SPD DR
================================================================================
1 68 42 55 2 10 0 0.00 0.0 0 7.0 18 10 M M 2 27 330
2 66 39 53 0 12 0 0.00 0.0 0 4.6 13 160 M M 3 17 190
3 76 42 59 6 6 0 0.00 0.0 0 8.1 20 160 M M 2 33 170
4 80 57 69 15 0 4 T 0.0 0 9.2 20 20 M M 6 1 30 20
5 57 46 52 -2 13 0 T 0.0 0 9.9 18 40 M M 8 3 27 40
6 78 50 64 10 1 0 T 0.0 0 8.5 24 320 M M 5 1 34 310
7 71 39 55 1 10 0 0.00 0.0 0 8.7 17 160 M M 2 24 140
8 76 50 63 9 2 0 0.00 0.0 0 4.8 14 150 M M 7 19 220
9 79 54 67 13 0 2 0.00 0.0 0 6.4 15 80 M M 8 1 20 110
10 54 40 47 -8 18 0 T 0.0 0 9.9 20 10 M M 10 1 31 10
11 40 33 37 -18 28 0 0.86 0.0 0 13.4 24 10 M M 10 13 35 10
12 36 31 34 -21 31 0 T 0.0 0 13.5 24 360 M M 10 16 36 360
13 32 29 31 -24 34 0 0.01 0.0 0 11.8 20 10 M M 10 16 27 10
14 30 13 22 -33 43 0 0.07 1.2 1 14.3 24 330 M M 10 146 35 350
15 28 9 19 -37 46 0 0.08 2.5 4 13.3 20 340 M M 4 33 360
16 26 12 19 -37 46 0 0.07 0.0 2 7.2 13 360 M M 8 16 17 360
17 45 24 35 -21 30 0 0.13 0.0 2 8.7 24 10 M M 10 16 34 360
18 32 28 30 -26 35 0 0.07 2.5 T 12.6 20 360 M M 10 46 29 360
19 46 19 33 -23 32 0 0.00 0.0 3 4.9 10 150 M M 2 20 120
20 60 26 43 -14 22 0 0.00 0.0 1 8.2 20 150 M M 0 25 140
21 73 44 59 2 6 0 0.00 0.0 0 7.1 20 180 M M 5 31 180
22 74 45 60 3 5 0 T 0.0 0 6.3 14 170 M M 3 19 180
23 78 44 61 4 4 0 0.00 0.0 0 9.2 20 160 M M 2 27 160
24 78 63 71 13 0 6 0.00 0.0 M 6.0 16 190 M M 7 22 180
25 66 55 61 3 4 0 0.05 0.0 0 8.0 14 40 M M 10 1 20 60
26 61 50 56 -2 9 0 T 0.0 0 7.1 15 340 M M 10 1 19 350
27 76 58 67 9 0 2 0.02 0.0 0 8.6 22 160 M M 10 12 30 170
28 75 62 69 11 0 4 0.02 0.0 0 7.8 16 10 M M 10 1 24 20
================================================================================
SM 1661 1104 447 18 1.38 6.2 245.1 M 184
================================================================================
AV 59.3 39.4 8.8 FASTST M M 7 MAX(MPH)
MISC ----> # 24 320 36 360
================================================================================
NOTES:
# LAST OF SEVERAL OCCURRENCES
COLUMN 17 PEAK WIND IN M.P.H.
PRELIMINARY LOCAL CLIMATOLOGICAL DATA (WS FORM: F-6) , PAGE 2
STATION: SAN ANTONIO
MONTH: FEBRUARY
YEAR: 2021
LATITUDE: 29 31 N
LONGITUDE: 98 28 W
[TEMPERATURE DATA] [PRECIPITATION DATA] SYMBOLS USED IN COLUMN 16
AVERAGE MONTHLY: 49.4 TOTAL FOR MONTH: 1.38 1 = FOG OR MIST
DPTR FM NORMAL: -6.2 DPTR FM NORMAL: -0.41 2 = FOG REDUCING VISIBILITY
HIGHEST: 80 ON 4 GRTST 24HR 0.86 ON 11-11 TO 1/4 MILE OR LESS
LOWEST: 9 ON 15 3 = THUNDER
SNOW, ICE PELLETS, HAIL 4 = ICE PELLETS
TOTAL MONTH: 6.2 INCHES 5 = HAIL
GRTST 24HR 2.5 ON 15-15 6 = FREEZING RAIN OR DRIZZLE
GRTST DEPTH: 4 ON 15 7 = DUSTSTORM OR SANDSTORM:
VSBY 1/2 MILE OR LESS
8 = SMOKE OR HAZE
[NO. OF DAYS WITH] [WEATHER - DAYS WITH] 9 = BLOWING SNOW
X = TORNADO
MAX 32 OR BELOW: 5 0.01 INCH OR MORE: 10
MAX 90 OR ABOVE: 0 0.10 INCH OR MORE: 2
MIN 32 OR BELOW: 9 0.50 INCH OR MORE: 1
MIN 0 OR BELOW: 0 1.00 INCH OR MORE: 0
[HDD (BASE 65) ]
TOTAL THIS MO. 447 CLEAR (SCALE 0-3) 8
DPTR FM NORMAL 164 PTCLDY (SCALE 4-7) 9
TOTAL FM JUL 1 1253 CLOUDY (SCALE 8-10) 11
DPTR FM NORMAL -48
[CDD (BASE 65) ]
TOTAL THIS MO. 18
DPTR FM NORMAL -1 [PRESSURE DATA]
TOTAL FM JAN 1 19 HIGHEST SLP 30.56 ON 19
DPTR FM NORMAL -12 LOWEST SLP 29.70 ON 4
[REMARKS]
#FINAL-02-21#