000
CXUS52 KCHS 010915
CF6SAV
PRELIMINARY LOCAL CLIMATOLOGICAL DATA (WS FORM: F-6)
STATION: SAVANNAH GA
MONTH: JANUARY
YEAR: 2021
LATITUDE: 32 7 N
LONGITUDE: 81 12 W
TEMPERATURE IN F: :PCPN: SNOW: WIND :SUNSHINE: SKY :PK WND
================================================================================
1 2 3 4 5 6A 6B 7 8 9 10 11 12 13 14 15 16 17 18
12Z AVG MX 2MIN
DY MAX MIN AVG DEP HDD CDD WTR SNW DPTH SPD SPD DIR MIN PSBL S-S WX SPD DR
================================================================================
1 78 61 70 21 0 5 0.00 0.0 0 10.4 26 170 M M 8 12 33 180
2 71 67 69 20 0 4 0.28 0.0 0 8.7 18 180 M M 10 1 22 190
3 68 45 57 8 8 0 0.15 0.0 0 9.1 18 280 M M 4 1 23 260
4 62 40 51 2 14 0 0.00 0.0 0 5.5 12 320 M M 1 15 290
5 65 41 53 4 12 0 0.00 0.0 0 9.4 23 300 M M 3 29 300
6 60 37 49 0 16 0 0.00 0.0 0 3.6 12 50 M M 6 15 50
7 60 38 49 0 16 0 0.08 0.0 0 8.1 17 60 M M 7 1 23 80
8 53 44 49 0 16 0 T 0.0 0 9.0 20 300 M M 10 12 24 310
9 48 37 43 -6 22 0 0.00 0.0 0 10.0 17 260 M M 9 20 270
10 57 33 45 -4 20 0 0.00 0.0 0 4.2 8 100 M M 2 11 50
11 60 39 50 1 15 0 0.02 0.0 0 4.9 13 80 M M 7 15 80
12 54 46 50 1 15 0 0.00 0.0 0 7.3 15 330 M M 10 1 19 340
13 50 42 46 -3 19 0 0.02 0.0 0 5.6 14 240 M M 10 1 17 240
14 60 36 48 -1 17 0 0.00 0.0 0 7.4 18 290 M M 1 22 270
15 61 39 50 1 15 0 0.39 0.0 0 7.5 17 190 M M 6 12 21 190
16 54 34 44 -5 21 0 0.00 0.0 0 11.0 30 270 M M 1 39 270
17 57 29 43 -6 22 0 0.00 0.0 0 5.4 16 260 M M 3 20 290
18 60 38 49 0 16 0 0.00 0.0 0 9.1 23 260 M M 1 30 250
19 65 32 49 0 16 0 0.00 0.0 0 4.3 14 180 M M 1 16 180
20 70 43 57 7 8 0 0.00 0.0 0 6.8 21 300 M M 4 26 310
21 68 47 58 8 7 0 T 0.0 0 7.4 17 280 M M 9 8 23 280
22 63 52 58 8 7 0 0.48 0.0 0 4.3 13 340 M M 10 1 15 340
23 64 43 54 4 11 0 0.00 0.0 0 5.8 14 50 M M 5 12 16 60
24 62 43 53 3 12 0 0.00 0.0 0 7.7 16 90 M M 8 20 110
25 80 53 67 17 0 2 0.00 0.0 0 7.9 20 220 M M 8 24 210
26 76 64 70 20 0 5 T 0.0 0 8.3 17 210 M M 7 1 24 200
27 70 55 63 13 2 0 0.29 0.0 0 8.0 22 350 M M 10 1 38 310
28 58 39 49 -1 16 0 0.00 0.0 0 12.9 28 310 M M 2 1 34 320
29 56 32 44 -6 21 0 0.00 0.0 0 3.8 12 30 M M 1 13 20
30 59 31 45 -5 20 0 0.00 0.0 0 6.4 16 110 M M 5 27 100
31 71 46 59 8 6 0 0.37 0.0 0 9.9 25 180 M M 9 1 35 200
================================================================================
SM 1940 1326 390 16 2.08 0.0 229.7 M 178
================================================================================
AV 62.6 42.8 7.4 FASTST M M 6 MAX(MPH)
MISC ----> 30 270 39 270
================================================================================
NOTES:
# LAST OF SEVERAL OCCURRENCES
COLUMN 17 PEAK WIND IN M.P.H.
PRELIMINARY LOCAL CLIMATOLOGICAL DATA (WS FORM: F-6) , PAGE 2
STATION: SAVANNAH GA
MONTH: JANUARY
YEAR: 2021
LATITUDE: 32 7 N
LONGITUDE: 81 12 W
[TEMPERATURE DATA] [PRECIPITATION DATA] SYMBOLS USED IN COLUMN 16
AVERAGE MONTHLY: 52.7 TOTAL FOR MONTH: 2.08 1 = FOG OR MIST
DPTR FM NORMAL: 3.2 DPTR FM NORMAL: -1.61 2 = FOG REDUCING VISIBILITY
HIGHEST: 80 ON 25 GRTST 24HR 1.42 ON 26-27 TO 1/4 MILE OR LESS
LOWEST: 29 ON 17 3 = THUNDER
SNOW, ICE PELLETS, HAIL 4 = ICE PELLETS
TOTAL MONTH: 0.0 INCH 5 = HAIL
GRTST 24HR 0.0 6 = FREEZING RAIN OR DRIZZLE
GRTST DEPTH: 0 7 = DUSTSTORM OR SANDSTORM:
VSBY 1/2 MILE OR LESS
8 = SMOKE OR HAZE
[NO. OF DAYS WITH] [WEATHER - DAYS WITH] 9 = BLOWING SNOW
X = TORNADO
MAX 32 OR BELOW: 0 0.01 INCH OR MORE: 9
MAX 90 OR ABOVE: 0 0.10 INCH OR MORE: 6
MIN 32 OR BELOW: 4 0.50 INCH OR MORE: 0
MIN 0 OR BELOW: 0 1.00 INCH OR MORE: 0
[HDD (BASE 65) ]
TOTAL THIS MO. 390 CLEAR (SCALE 0-3) 10
DPTR FM NORMAL -94 PTCLDY (SCALE 4-7) 11
TOTAL FM JUL 1 877 CLOUDY (SCALE 8-10) 10
DPTR FM NORMAL -299
[CDD (BASE 65) ]
TOTAL THIS MO. 16
DPTR FM NORMAL 13 [PRESSURE DATA]
TOTAL FM JAN 1 16 HIGHEST SLP 30.42 ON 19
DPTR FM NORMAL 13 LOWEST SLP 29.71 ON 15
[REMARKS]
#FINAL-01-21#