000
CXUS56 KLOX 011255
CF6SBA
PRELIMINARY LOCAL CLIMATOLOGICAL DATA (WS FORM: F-6)
STATION: SANTA BARBARA AIRPORT CA
MONTH: NOVEMBER
YEAR: 2022
LATITUDE: 34 25 N
LONGITUDE: 119 50 W
TEMPERATURE IN F: :PCPN: SNOW: WIND :SUNSHINE: SKY :PK WND
================================================================================
1 2 3 4 5 6A 6B 7 8 9 10 11 12 13 14 15 16 17 18
12Z AVG MX 2MIN
DY MAX MIN AVG DEP HDD CDD WTR SNW DPTH SPD SPD DIR MIN PSBL S-S WX SPD DR
================================================================================
1 68 50 59 -1 6 0 0.02 M M 5.1 15 250 M M 5 18 20 250
2 71 52 62 2 3 0 0.00 M M 10.8 22 300 M M 2 8 32 310
3 67 45 56 -4 9 0 0.00 M M 11.6 22 40 M M 1 29 20
4 67 38 53 -6 12 0 0.00 M M 4.0 13 230 M M 0 16 260
5 64 38 51 -8 14 0 0.00 M M 4.0 10 130 M M 0 12 130
6 66 45 56 -3 9 0 0.00 M M 3.3 10 140 M M 2 12 120
7 60 48 54 -5 11 0 0.33 M M 5.2 17 100 M M 8 18 24 110
8 61 48 55 -3 10 0 0.61 M M 6.9 23 260 M M 9 1 31 260
9 66 40 53 -5 12 0 0.11 M M 5.2 17 270 M M 2 1 23 260
10 64 36 50 -8 15 0 0.00 M M 3.0 8 270 M M 0 11 150
11 68 37 53 -5 12 0 0.00 M M 3.1 12 270 M M 0 14 280
12 65 38 52 -6 13 0 0.00 M M 3.5 10 10 M M 0 13 150
13 69 40 55 -2 10 0 0.00 M M 5.3 18 220 M M 0 22 230
14 65 36 51 -6 14 0 0.00 M M 1.9 9 250 M M 0 12 250
15 67 36 52 -5 13 0 0.00 M M 2.8 10 250 M M 0 12 250
16 72 35 54 -3 11 0 0.00 M M 2.8 12 270 M M 0 13 260
17 68 34 51 -5 14 0 0.00 M M 2.9 13 250 M M 0 15 240
18 67 35 51 -5 14 0 0.00 M M 1.7 8 150 M M 0 10 140
19 71 36 54 -2 11 0 0.00 M M 2.7 15 260 M M 0 18 270
20 71 34 53 -3 12 0 0.00 M M 2.4 13 250 M M 0 15 250
21 72 36 54 -2 11 0 0.00 M M 2.0 8 250 M M 1 10 250
22 69 34 52 -3 13 0 0.00 M M 1.8 8 230 M M 0 11 250
23 69 35 52 -3 13 0 0.00 M M 2.0 8 140 M M 0 9 140
24 75 37 56 1 9 0 0.00 M M 4.0 15 270 M M 0 18 270
25 74 36 55 0 10 0 0.00 M M 3.9 13 270 M M 0 17 260
26 65 36 51 -3 14 0 0.00 M M 2.8 9 150 M M 0 11 140
27 66 37 52 -2 13 0 0.00 M M 3.7 12 250 M M 0 18 13 250
28 62 44 53 -1 12 0 0.00 M M 2.8 9 210 M M 2 13 200
29 61 38 50 -4 15 0 0.00 M M 2.6 13 140 M M 1 15 130
30 63 40 52 -2 13 0 0.00 M M 3.5 14 150 M M 7 16 140
================================================================================
SM 2013 1174 348 0 1.07 M 117.3 M 40
================================================================================
AV 67.1 39.1 3.9 FASTST M M 1 MAX(MPH)
MISC ----> 23 260 32 310
================================================================================
NOTES:
# LAST OF SEVERAL OCCURRENCES
COLUMN 17 PEAK WIND IN M.P.H.
PRELIMINARY LOCAL CLIMATOLOGICAL DATA (WS FORM: F-6) , PAGE 2
STATION: SANTA BARBARA AIRPORT CA
MONTH: NOVEMBER
YEAR: 2022
LATITUDE: 34 25 N
LONGITUDE: 119 50 W
[TEMPERATURE DATA] [PRECIPITATION DATA] SYMBOLS USED IN COLUMN 16
AVERAGE MONTHLY: 53.1 TOTAL FOR MONTH: 1.07 1 = FOG OR MIST
DPTR FM NORMAL: -3.6 DPTR FM NORMAL: -0.20 2 = FOG REDUCING VISIBILITY
HIGHEST: 75 ON 24 GRTST 24HR 0.66 ON 8- 9 TO 1/4 MILE OR LESS
LOWEST: 34 ON 22,20 3 = THUNDER
SNOW, ICE PELLETS, HAIL 4 = ICE PELLETS
TOTAL MONTH: M 5 = HAIL
GRTST 24HR M ON M 6 = FREEZING RAIN OR DRIZZLE
GRTST DEPTH: M ON M 7 = DUSTSTORM OR SANDSTORM:
VSBY 1/2 MILE OR LESS
8 = SMOKE OR HAZE
[NO. OF DAYS WITH] [WEATHER - DAYS WITH] 9 = BLOWING SNOW
X = TORNADO
MAX 32 OR BELOW: 0 0.01 INCH OR MORE: 4
MAX 90 OR ABOVE: 0 0.10 INCH OR MORE: 3
MIN 32 OR BELOW: 0 0.50 INCH OR MORE: 1
MIN 0 OR BELOW: 0 1.00 INCH OR MORE: 0
[HDD (BASE 65) ]
TOTAL THIS MO. 348 CLEAR (SCALE 0-3) 26
DPTR FM NORMAL 97 PTCLDY (SCALE 4-7) 3
TOTAL FM JUL 1 436 CLOUDY (SCALE 8-10) 1
DPTR FM NORMAL -23
[CDD (BASE 65) ]
TOTAL THIS MO. 0
DPTR FM NORMAL -3 [PRESSURE DATA]
TOTAL FM JAN 1 391 HIGHEST SLP 30.30 ON 16
DPTR FM NORMAL 176 LOWEST SLP 29.75 ON 8
[REMARKS]
#FINAL-11-22#