000
CXUS53 KLMK 011340
CLMSDF
CLIMATE REPORT
NATIONAL WEATHER SERVICE LOUISVILLE KY
840 AM EST FRI MAR 01 2024
...................................
...THE LOUISVILLE KY CLIMATE SUMMARY FOR THE MONTH OF FEBRUARY 2024...
CLIMATE NORMAL PERIOD 1991 TO 2020
CLIMATE RECORD PERIOD 1871 TO 2024
WEATHER OBSERVED NORMAL DEPART LAST YEAR`S
VALUE DATE(S) VALUE FROM VALUE DATE(S)
NORMAL
................................................................
TEMPERATURE (F)
RECORD
HIGH 82 02/20/2018
LOW -19 02/02/1951
HIGHEST 77 02/26 MM MM 77 02/22
LOWEST 18 02/18 MM MM 20 02/04
AVG. MAXIMUM 59.0 48.3 10.7 57.5
AVG. MINIMUM 35.6 30.7 4.9 37.2
MEAN 47.3 39.5 7.8 47.4
DAYS MAX >= 90 0 0.0 0.0 0
DAYS MAX <= 32 1 3.0 -2.0 1
DAYS MIN <= 32 12 16.7 -4.7 11
DAYS MIN <= 0 0 0.1 -0.1 0
PRECIPITATION (INCHES)
RECORD
MAXIMUM 10.54 2018
MINIMUM 0.12 1947
TOTALS 1.63 3.41 -1.78 2.70
DAILY AVG. 0.06 NAN NAN 0.10
DAYS >= .01 7 10.4 -3.4 7
DAYS >= .10 4 6.0 -2.0 2
DAYS >= .50 0 2.5 -2.5 1
DAYS >= 1.00 0 0.8 -0.8 1
GREATEST
24 HR. TOTAL 0.50 02/10 TO 02/11
SNOWFALL (INCHES)
RECORDS
TOTAL 22.4 1998
TOTALS 0.4 4.1 -3.7 T
SINCE 7/1 4.6 11.2 -6.6 MM
DAYS >= TRACE 2
DAYS >= 1.0 0 1.0 -1.0 0
GREATEST
SNOW DEPTH MM 0 MM
DEGREE DAYS
HEATING TOTAL 505 715 -210 490
SINCE 7/1 2635 3170 -535 MM
COOLING TOTAL 1 1 0 2
SINCE 1/1 1 1 0 MM
................................................................
WIND (MPH)
AVERAGE WIND SPEED 8.4
RESULTANT WIND SPEED/DIRECTION 1/240
HIGHEST WIND SPEED/DIRECTION 31/230 DATE 02/28
HIGHEST GUST SPEED/DIRECTION 47/220 DATE 02/28
SKY COVER
POSSIBLE SUNSHINE (PERCENT) MM
AVERAGE SKY COVER 0.53
NUMBER OF DAYS FAIR 9
NUMBER OF DAYS PC 12
NUMBER OF DAYS CLOUDY 8
AVERAGE RH (PERCENT) 55
WEATHER CONDITIONS. NUMBER OF DAYS WITH
THUNDERSTORM 4 MIXED PRECIP 0
HEAVY RAIN 4 RAIN 4
LIGHT RAIN 8 FREEZING RAIN 0
LT FREEZING RAIN 0 HAIL 0
HEAVY SNOW 0 SNOW 0
LIGHT SNOW 2 SLEET 1
FOG 5 FOG W/VIS <= 1/4 MILE 0
HAZE 3
- INDICATES NEGATIVE NUMBERS.
R INDICATES RECORD WAS SET OR TIED.
MM INDICATES DATA IS MISSING.
T INDICATES TRACE AMOUNT.
$$