000
CXUS56 KSGX 011045
CF6SDM
PRELIMINARY LOCAL CLIMATOLOGICAL DATA (WS FORM: F-6)
STATION: SAN DIEGO/BROWN
MONTH: SEPTEMBER
YEAR: 2021
LATITUDE: 32 34 N
LONGITUDE: 116 59 W
TEMPERATURE IN F: :PCPN: SNOW: WIND :SUNSHINE: SKY :PK WND
================================================================================
1 2 3 4 5 6A 6B 7 8 9 10 11 12 13 14 15 16 17 18
12Z AVG MX 2MIN
DY MAX MIN AVG DEP HDD CDD WTR SNW DPTH SPD SPD DIR MIN PSBL S-S WX SPD DR
================================================================================
1 79 67 73 1 0 8 0.00 M M 5.7 14 270 M M 7 20 270
2 79 68 74 2 0 9 0.00 M M 4.9 13 280 M M 6 20 270
3 78 66 72 0 0 7 0.00 M M 4.9 18 270 M M 4 8 21 270
4 89 64 77 5 0 12 0.00 M M 3.3 15 270 M M 3 8 18 270
5 85 63 74 2 0 9 0.00 M M 3.1 13 280 M M 0 8 17 290
6 84 65 75 3 0 10 0.00 M M 3.9 13 270 M M 2 18 17 220
7 86 68 77 5 0 12 0.00 M M 2.9 12 270 M M 4 8 15 280
8 87 68 78 7 0 13 0.00 M M 4.2 17 240 M M 4 8 22 250
9 87 67 77 6 0 12 0.00 M M 3.9 12 270 M M 0 8 15 280
10 87 67 77 6 0 12 0.00 M M 3.4 13 270 M M 0 18 17 280
11 92 67 80 9 0 15 0.00 M M 4.4 14 280 M M 0 18 21 300
12 86 64 75 4 0 10 0.00 M M 4.6 14 280 M M 0 18 17 260
13 83 61 72 1 0 7 0.00 M M 4.1 12 280 M M 2 128 18 290
14 80 64 72 1 0 7 0.00 M M 3.7 12 270 M M 5 18 16 270
15 77 63 70 0 0 5 0.00 M M 3.7 12 270 M M 5 20 300
16 77 63 70 0 0 5 0.00 M M 4.1 13 270 M M 6 17 320
17 77 64 71 1 0 6 0.00 M M 3.9 13 280 M M 4 8 18 280
18 76 60 68 -2 0 3 0.00 M M 4.5 14 270 M M 1 19 270
19 77 60 69 -1 0 4 0.00 M M 3.3 12 270 M M 3 16 290
20 79 54 67 -3 0 2 0.00 M M 3.4 13 260 M M 0 18 16 270
21 93 60 77 7 0 12 0.00 M M 3.5 14 280 M M 0 18 17 280
22 92 66 79 10 0 14 0.00 M M 4.9 17 280 M M 0 8 22 270
23 83 61 72 3 0 7 0.00 M M 4.4 12 280 M M 0 18 17 280
24 79 63 71 2 0 6 0.06 M M 2.9 13 270 M M 6 138 18 260
25 76 64 70 1 0 5 0.00 M M 4.0 12 270 M M 8 18 16 270
26 70 64 67 -2 0 2 0.00 M M 4.1 12 270 M M 10 18 15 290
27 69 63 66 -3 0 1 0.00 M M 2.9 12 270 M M 10 18 15 280
28 73 62 68 0 0 3 0.00 M M 4.1 12 280 M M 9 16 290
29 75 59 67 -1 0 2 0.00 M M 4.2 13 270 M M 2 18 260
30 81 54 68 0 0 3 0.00 M M 4.0 12 270 M M 0 1 19 280
================================================================================
SM 2436 1899 0 223 0.06 M 118.9 M 101
================================================================================
AV 81.2 63.3 4.0 FASTST M M 3 MAX(MPH)
MISC ----> 18 270 # 22 250
================================================================================
NOTES:
# LAST OF SEVERAL OCCURRENCES
COLUMN 17 PEAK WIND IN M.P.H.
PRELIMINARY LOCAL CLIMATOLOGICAL DATA (WS FORM: F-6) , PAGE 2
STATION: SAN DIEGO/BROWN
MONTH: SEPTEMBER
YEAR: 2021
LATITUDE: 32 34 N
LONGITUDE: 116 59 W
[TEMPERATURE DATA] [PRECIPITATION DATA] SYMBOLS USED IN COLUMN 16
AVERAGE MONTHLY: 72.3 TOTAL FOR MONTH: 0.06 1 = FOG OR MIST
DPTR FM NORMAL: 1.9 DPTR FM NORMAL: -0.12 2 = FOG REDUCING VISIBILITY
HIGHEST: 93 ON 21 GRTST 24HR 0.06 ON 24-24 TO 1/4 MILE OR LESS
LOWEST: 54 ON 30,20 3 = THUNDER
SNOW, ICE PELLETS, HAIL 4 = ICE PELLETS
TOTAL MONTH: M 5 = HAIL
GRTST 24HR M ON M 6 = FREEZING RAIN OR DRIZZLE
GRTST DEPTH: M ON M 7 = DUSTSTORM OR SANDSTORM:
VSBY 1/2 MILE OR LESS
8 = SMOKE OR HAZE
[NO. OF DAYS WITH] [WEATHER - DAYS WITH] 9 = BLOWING SNOW
X = TORNADO
MAX 32 OR BELOW: 0 0.01 INCH OR MORE: 1
MAX 90 OR ABOVE: 3 0.10 INCH OR MORE: 0
MIN 32 OR BELOW: 0 0.50 INCH OR MORE: 0
MIN 0 OR BELOW: 0 1.00 INCH OR MORE: 0
[HDD (BASE 65) ]
TOTAL THIS MO. 0 CLEAR (SCALE 0-3) 15
DPTR FM NORMAL -6 PTCLDY (SCALE 4-7) 11
TOTAL FM JUL 1 0 CLOUDY (SCALE 8-10) 4
DPTR FM NORMAL -3
[CDD (BASE 65) ]
TOTAL THIS MO. 223
DPTR FM NORMAL 58 [PRESSURE DATA]
TOTAL FM JAN 1 942 HIGHEST SLP 30.06 ON 22
DPTR FM NORMAL 310 LOWEST SLP 29.76 ON 8
[REMARKS]
#FINAL-09-21#