000
CXUS56 KSGX 011245
CF6SDM
PRELIMINARY LOCAL CLIMATOLOGICAL DATA (WS FORM: F-6)
STATION: SAN DIEGO/BROWN
MONTH: APRIL
YEAR: 2020
LATITUDE: 32 34 N
LONGITUDE: 116 59 W
TEMPERATURE IN F: :PCPN: SNOW: WIND :SUNSHINE: SKY :PK WND
================================================================================
1 2 3 4 5 6A 6B 7 8 9 10 11 12 13 14 15 16 17 18
12Z AVG MX 2MIN
DY MAX MIN AVG DEP HDD CDD WTR SNW DPTH SPD SPD DIR MIN PSBL S-S WX SPD DR
================================================================================
1 71 49 60 3 5 0 0.00 0.0 0 4.8 14 270 M M 2 128 17 260
2 66 51 59 2 6 0 0.00 0.0 0 7.3 16 230 M M 8 1 21 220
3 67 46 57 -1 8 0 0.00 0.0 0 4.6 15 280 M M 5 18 20 250
4 66 52 59 1 6 0 0.00 0.0 0 7.5 14 210 M M 9 18 240
5 65 52 59 1 6 0 0.01 0.0 0 7.8 14 270 M M 10 1 19 270
6 67 52 60 2 5 0 0.22 0.0 0 12.6 23 200 M M 8 1 31 200
7 63 51 57 -1 8 0 0.64 0.0 0 7.1 25 170 M M 9 1 32 160
8 60 49 55 -3 10 0 0.57 M 0 7.2 20 220 M M 6 18 25 210
9 64 50 57 -1 8 0 0.32 0.0 0 8.6 16 240 M M 9 1 20 230
10 55 50 53 -5 12 0 1.51 0.0 0 7.9 16 160 M M 9 1 21 170
11 66 49 58 0 7 0 T M 0 5.2 12 250 M M 7 1 17 260
12 61 55 58 -1 7 0 0.02 0.0 0 5.8 15 260 M M 9 1 19 260
13 63 54 59 0 6 0 0.03 0.0 0 4.9 10 280 M M 9 18 14 290
14 71 54 63 4 2 0 0.00 0.0 0 4.1 15 270 M M 4 1 19 270
15 78 49 64 5 1 0 0.00 0.0 0 5.5 14 270 M M 0 1 18 260
16 74 49 62 3 3 0 0.00 0.0 0 5.0 13 280 M M 0 18 17 270
17 65 47 56 -3 9 0 0.00 0.0 0 5.7 15 230 M M 6 18 19 230
18 67 54 61 1 4 0 0.04 0.0 0 4.3 15 280 M M 9 1 20 300
19 65 55 60 0 5 0 T 0.0 0 4.1 14 280 M M 10 1 18 270
20 66 56 61 1 4 0 T 0.0 0 5.6 14 280 M M 9 1 20 280
21 69 53 61 1 4 0 0.00 0.0 0 5.3 14 270 M M 5 8 17 270
22 80 51 66 6 0 1 0.00 0.0 0 4.6 10 280 M M 0 18 14 260
23 82 54 68 8 0 3 0.00 0.0 0 4.6 12 280 M M 0 8 15 270
24 87 56 72 12 0 7 0.00 0.0 0 3.9 16 250 M M 0 1 20 250
25 83 59 71 10 0 6 0.00 0.0 0 3.0 10 270 M M 3 128 13 270
26 87 58 73 12 0 8 0.00 0.0 0 3.4 10 300 M M 0 12 15 300
27 79 57 68 7 0 3 0.00 0.0 0 3.2 13 270 M M 3 128 17 270
28 76 57 67 6 0 2 0.00 0.0 0 3.2 13 280 M M 4 128 18 270
29 75 59 67 6 0 2 0.00 0.0 0 3.3 14 280 M M 8 18 18 270
30 76 60 68 7 0 3 0.00 0.0 0 4.5 13 260 M M 8 18 17 280
================================================================================
SM 2114 1588 126 35 3.36 0.0 164.6 M 169
================================================================================
AV 70.5 52.9 5.5 FASTST M M 6 MAX(MPH)
MISC ----> # 25 170 # 32 160
================================================================================
NOTES:
# LAST OF SEVERAL OCCURRENCES
COLUMN 17 PEAK WIND IN M.P.H.
PRELIMINARY LOCAL CLIMATOLOGICAL DATA (WS FORM: F-6) , PAGE 2
STATION: SAN DIEGO/BROWN
MONTH: APRIL
YEAR: 2020
LATITUDE: 32 34 N
LONGITUDE: 116 59 W
[TEMPERATURE DATA] [PRECIPITATION DATA] SYMBOLS USED IN COLUMN 16
AVERAGE MONTHLY: 61.7 TOTAL FOR MONTH: 3.36 1 = FOG OR MIST
DPTR FM NORMAL: 2.5 DPTR FM NORMAL: 2.42 2 = FOG REDUCING VISIBILITY
HIGHEST: 87 ON 26,24 GRTST 24HR 1.51 ON 10-10 TO 1/4 MILE OR LESS
LOWEST: 46 ON 3 3 = THUNDER
SNOW, ICE PELLETS, HAIL 4 = ICE PELLETS
TOTAL MONTH: 0.0 INCH 5 = HAIL
GRTST 24HR 0.0 6 = FREEZING RAIN OR DRIZZLE
GRTST DEPTH: 0 7 = DUSTSTORM OR SANDSTORM:
VSBY 1/2 MILE OR LESS
8 = SMOKE OR HAZE
[NO. OF DAYS WITH] [WEATHER - DAYS WITH] 9 = BLOWING SNOW
X = TORNADO
MAX 32 OR BELOW: 0 0.01 INCH OR MORE: 9
MAX 90 OR ABOVE: 0 0.10 INCH OR MORE: 5
MIN 32 OR BELOW: 0 0.50 INCH OR MORE: 3
MIN 0 OR BELOW: 0 1.00 INCH OR MORE: 1
[HDD (BASE 65) ]
TOTAL THIS MO. 126 CLEAR (SCALE 0-3) 8
DPTR FM NORMAL -58 PTCLDY (SCALE 4-7) 9
TOTAL FM JUL 1 1377 CLOUDY (SCALE 8-10) 13
DPTR FM NORMAL -238
[CDD (BASE 65) ]
TOTAL THIS MO. 35
DPTR FM NORMAL 25 [PRESSURE DATA]
TOTAL FM JAN 1 38 HIGHEST SLP 30.15 ON 13
DPTR FM NORMAL 17 LOWEST SLP 29.83 ON 1
[REMARKS]
#FINAL-04-20#