000
CXUS54 KFWD 010731
CF6SEP
PRELIMINARY LOCAL CLIMATOLOGICAL DATA (WS FORM: F-6)
STATION: STEPHENVILLE
MONTH: SEPTEMBER
YEAR: 2022
LATITUDE: 32 13 N
LONGITUDE: 98 11 W
TEMPERATURE IN F: :PCPN: SNOW: WIND :SUNSHINE: SKY :PK WND
================================================================================
1 2 3 4 5 6A 6B 7 8 9 10 11 12 13 14 15 16 17 18
12Z AVG MX 2MIN
DY MAX MIN AVG DEP HDD CDD WTR SNW DPTH SPD SPD DIR MIN PSBL S-S WX SPD DR
================================================================================
1 86 72 79 -1 0 14 0.75 M M 3.3 12 340 M M 3 17 340
2 84 72 78 -2 0 13 0.01 M M 3.6 10 120 M M 5 22 0
3 91 68 80 0 0 15 0.10 M M 2.8 8 220 M M 2 35 0
4 96 68 82 3 0 17 0.46 M M 5.6 24 90 M M 3 33 90
5 92 68 80 1 0 15 0.00 M M 3.8 9 210 M M 4 M M
6 95 69 82 4 0 17 0.00 M M 3.0 10 160 M M 2 20 160
7 94 69 82 4 0 17 0.00 M M 4.5 12 40 M M 3 17 10
8 91 68 80 2 0 15 0.00 M M 4.5 8 90 M M 2 M M
9 91 68 80 2 0 15 0.00 M M 5.7 9 70 M M 2 M M
10 90 66 78 1 0 13 0.00 M M 3.7 9 60 M M 1 9 360
11 83 64 74 -3 0 9 0.00 M M 8.1 16 350 M M 1 21 350
12 87 62 75 -1 0 10 0.00 M M 2.2 7 140 M M 2 M M
13 93 65 79 3 0 14 0.00 M M 5.0 12 170 M M 2 26 170
14 92 67 80 4 0 15 0.00 M M 6.3 13 120 M M 1 18 140
15 90 61 76 1 0 11 0.00 M M 5.7 10 150 M M 0 18 110
16 94 67 81 6 0 16 0.00 M M 6.6 10 160 M M 1 17 190
17 95 73 84 9 0 19 0.00 M M 7.6 13 190 M M 2 18 170
18 96 73 85 11 0 20 0.00 M M 7.7 12 170 M M 1 17 210
19 96 69 83 9 0 18 0.00 M M 3.9 12 150 M M 2 17 150
20 98 71 85 11 0 20 0.00 M M 4.3 10 140 M M 2 16 140
21 97 72 85 12 0 20 0.00 M M 5.2 10 160 M M 1 16 130
22 97 67 82 9 0 17 0.00 M M 3.0 9 310 M M 2 M M
23 97 65 81 9 0 16 0.00 M M 3.5 13 230 M M 2 20 140
24 96 71 84 12 0 19 0.00 M M 4.6 12 160 M M 1 18 170
25 98 68 83 11 0 18 0.00 M M 4.5 14 70 M M 2 24 10
26 86 59 73 2 0 8 0.00 M M 6.8 13 50 M M 1 20 50
27 91 55 73 2 0 8 0.00 M M 3.4 9 120 M M 0 M M
28 92 59 76 5 0 11 0.00 M M 4.6 10 200 M M 2 20 170
29 94 60 77 7 0 12 0.00 M M 5.0 14 90 M M 1 18 80
30 86 57 72 2 0 7 0.00 M M 6.4 12 110 M M 1 18 140
================================================================================
SM 2768 1993 0 439 1.32 M 144.4 M 54
================================================================================
AV 92.3 66.4 4.8 FASTST M M 2 MAX(MPH)
MISC ----> 24 90 35 0
================================================================================
NOTES:
# LAST OF SEVERAL OCCURRENCES
COLUMN 17 PEAK WIND IN M.P.H.
PRELIMINARY LOCAL CLIMATOLOGICAL DATA (WS FORM: F-6) , PAGE 2
STATION: STEPHENVILLE
MONTH: SEPTEMBER
YEAR: 2022
LATITUDE: 32 13 N
LONGITUDE: 98 11 W
[TEMPERATURE DATA] [PRECIPITATION DATA] SYMBOLS USED IN COLUMN 16
AVERAGE MONTHLY: 79.4 TOTAL FOR MONTH: 1.32 1 = FOG OR MIST
DPTR FM NORMAL: 4.3 DPTR FM NORMAL: -1.70 2 = FOG REDUCING VISIBILITY
HIGHEST: 98 ON 25,20 GRTST 24HR 0.75 ON 1- 1 TO 1/4 MILE OR LESS
LOWEST: 55 ON 27 3 = THUNDER
SNOW, ICE PELLETS, HAIL 4 = ICE PELLETS
TOTAL MONTH: M 5 = HAIL
GRTST 24HR M ON M 6 = FREEZING RAIN OR DRIZZLE
GRTST DEPTH: M ON M 7 = DUSTSTORM OR SANDSTORM:
VSBY 1/2 MILE OR LESS
8 = SMOKE OR HAZE
[NO. OF DAYS WITH] [WEATHER - DAYS WITH] 9 = BLOWING SNOW
X = TORNADO
MAX 32 OR BELOW: 0 0.01 INCH OR MORE: 4
MAX 90 OR ABOVE: 24 0.10 INCH OR MORE: 3
MIN 32 OR BELOW: 0 0.50 INCH OR MORE: 1
MIN 0 OR BELOW: 0 1.00 INCH OR MORE: 0
[HDD (BASE 65) ]
TOTAL THIS MO. 0 CLEAR (SCALE 0-3) 28
DPTR FM NORMAL -13 PTCLDY (SCALE 4-7) 2
TOTAL FM JUL 1 0 CLOUDY (SCALE 8-10) 0
DPTR FM NORMAL -11
[CDD (BASE 65) ]
TOTAL THIS MO. 439
DPTR FM NORMAL 123 [PRESSURE DATA]
TOTAL FM JAN 1 3048 HIGHEST SLP M ON M
DPTR FM NORMAL 922 LOWEST SLP M ON M
[REMARKS]
#FINAL-09-22#