000
CXUS53 KLSX 241600
CF6SET
PRELIMINARY LOCAL CLIMATOLOGICAL DATA (WS FORM: F-6)

                                          STATION:   ST_CHARLES MO
                                          MONTH:     MAY
                                          YEAR:      2017
                                          LATITUDE:   38 55 N
                                          LONGITUDE:  90 26 W

  TEMPERATURE IN F:       :PCPN:    SNOW:  WIND      :SUNSHINE: SKY     :PK WND
================================================================================
1   2   3   4   5  6A  6B    7    8   9   10  11  12  13   14  15   16   17  18
                                     12Z  AVG MX 2MIN
DY MAX MIN AVG DEP HDD CDD  WTR  SNW DPTH SPD SPD DIR MIN PSBL S-S WX    SPD DR
================================================================================

 1  57  48  53  -8  12   0 0.01  0.0    0 17.7 29 230   M    M   8 1      37 210
 2   M   M   M   M   M   M    M  0.0    0999.0  M   M   M    M   4         M  M
 3   M   M   M   M   M   M    M  0.0    0 11.8 20  30   M    M  10 1      27  40
 4  54  47  51 -11  14   0 0.66  0.0    0 18.7 28  10   M    M   7 1      40 360
 5  67  48  58  -4   7   0 0.00  0.0    0 13.1 29  10   M    M   1        36  10
 6  68  46  57  -6   8   0 0.00  0.0    0  7.9 23  10   M    M   1        29 350
 7  75  45  60  -3   5   0 0.00  0.0    0  3.4 12 280   M    M   0 12     17 300
 8  81  52  67   4   0   2 0.00  0.0    0  6.3 13 100   M    M   1 1      16 250
 9  88  59  74  10   0   9 0.00  0.0    0  8.1 20 250   M    M   1 1      25 270
10  86  60  73   9   0   8 1.20  0.0    0  7.4 21 210   M    M   6 13     32 210
11  70  61  66   2   0   1 0.03  0.0    0  7.3 20  90   M    M   8 1      21  90
12  74  56  65   1   0   0 0.00  0.0    0  7.6 17  40   M    M   2 1      21  40
13  80  51  66   1   0   1 0.00  0.0    0  3.1 12 270   M    M   1 128    15 270
14  85  55  70   5   0   5 0.00  0.0    0  6.3 21 210   M    M   0 12     27 220
15  87  57  72   7   0   7 0.00  0.0    0  7.7 17 190   M    M   0        26 150
16  88  64  76  10   0  11 0.00  0.0    0 13.6 26 190   M    M   0        34 180
17  81  70  76  10   0  11    T  0.0    0 19.2 35 170   M    M   2 38     43 200
18  90  68  79  13   0  14 0.00  0.0    0 10.3 17 210   M    M   1        22 250
19  80  55  68   2   0   3 0.54  0.0    0 11.2 35 230   M    M   7 13     41 230
20  78  56  67   0   0   2 0.77  0.0    0  7.6 17 290   M    M   7 13     25 270
21  68  55  62  -5   3   0 0.00  0.0    0 11.3 22 280   M    M   1        33 250
22  77  50  64  -3   1   0 0.00  0.0    0  5.9 17  30   M    M   1        21  30
23  68  56  62  -6   3   0 0.06  0.0    0  5.6 18 320   M    M   7 1      21 320
================================================================================
SM 1602 1159        53  74  3.27     0.0 1210.1         M       76
================================================================================
AV 76.3 55.2                              52.6 FASTST   M    M   3    MAX(MPH)
                                 MISC ---->  # 35 170               # 43  200
================================================================================
NOTES:
# LAST OF SEVERAL OCCURRENCES

COLUMN 17 PEAK WIND IN M.P.H.

PRELIMINARY LOCAL CLIMATOLOGICAL DATA (WS FORM: F-6) , PAGE 2

                                          STATION:  ST_CHARLES MO
                                          MONTH:    MAY
                                          YEAR:     2017
                                          LATITUDE:   38 55 N
                                          LONGITUDE:  90 26 W

[TEMPERATURE DATA]      [PRECIPITATION DATA]       SYMBOLS USED IN COLUMN 16

AVERAGE MONTHLY: 65.7   TOTAL FOR MONTH:   3.27    1 = FOG OR MIST
DPTR FM NORMAL:   1.3   DPTR FM NORMAL:   -0.17    2 = FOG REDUCING VISIBILITY
HIGHEST:    90 ON 18    GRTST 24HR  1.69 ON 30- 1      TO 1/4 MILE OR LESS
LOWEST:     45 ON  7                               3 = THUNDER
                        SNOW, ICE PELLETS, HAIL    4 = ICE PELLETS
                        TOTAL MONTH:   0.0 INCH    5 = HAIL
                        GRTST 24HR     0.0         6 = FREEZING RAIN OR DRIZZLE
                        GRTST DEPTH:   0           7 = DUSTSTORM OR SANDSTORM:
                                                       VSBY 1/2 MILE OR LESS
                                                   8 = SMOKE OR HAZE
[NO. OF DAYS WITH]      [WEATHER - DAYS WITH]      9 = BLOWING SNOW
                                                   X = TORNADO
MAX 32 OR BELOW:   0    0.01 INCH OR MORE:   7
MAX 90 OR ABOVE:   1    0.10 INCH OR MORE:   4
MIN 32 OR BELOW:   0    0.50 INCH OR MORE:   4
MIN  0 OR BELOW:   0    1.00 INCH OR MORE:   1

[HDD (BASE 65) ]
TOTAL THIS MO.    53    CLEAR  (SCALE 0-3)  14
DPTR FM NORMAL   -22    PTCLDY (SCALE 4-7)   8
TOTAL FM JUL 1  3832    CLOUDY (SCALE 8-10)  1
DPTR FM NORMAL -1004

[CDD (BASE 65) ]
TOTAL THIS MO.    74
DPTR FM NORMAL    11    [PRESSURE DATA]
TOTAL FM JAN 1   109    HIGHEST SLP M ON M
DPTR FM NORMAL    22    LOWEST  SLP 29.50 ON  1

[REMARKS]
