000
CXUS53 KLSX 241600
CF6SET
PRELIMINARY LOCAL CLIMATOLOGICAL DATA (WS FORM: F-6)

                                          STATION:   ST_CHARLES MO
                                          MONTH:     MAY
                                          YEAR:      2016
                                          LATITUDE:   38 55 N
                                          LONGITUDE:  90 26 W

  TEMPERATURE IN F:       :PCPN:    SNOW:  WIND      :SUNSHINE: SKY     :PK WND
================================================================================
1   2   3   4   5  6A  6B    7    8   9   10  11  12  13   14  15   16   17  18
                                     12Z  AVG MX 2MIN
DY MAX MIN AVG DEP HDD CDD  WTR  SNW DPTH SPD SPD DIR MIN PSBL S-S WX    SPD DR
================================================================================

 1  70  53  62   1   3   0 0.00  0.0    0  7.6 23 310   M    M   5 12     29 310
 2  56  51  54  -8  11   0 0.02  0.0    0  5.5 15 300   M    M  10 1      20 290
 3  64  51  58  -4   7   0 0.00  0.0    0  6.1 13 260   M    M   6        18 310
 4  68  51  60  -2   5   0 0.01  0.0    0 11.8 24 320   M    M   4        36 310
 5  68  46  57  -5   8   0 0.00  0.0    0  8.3 18  20   M    M   0        24  10
 6  81  45  63   0   2   0 0.00  0.0    0  5.6 16 260   M    M   0 1      20 260
 7  89  57  73  10   0   8 0.44  0.0    0  9.3 52 310   M    M   3 138    64 310
 8  74  59  67   4   0   2    T  0.0    0 10.4 17  90   M    M   6 1      21  90
 9  73  61  67   3   0   2 0.20  0.0    0  9.0 25 170   M    M   8 1      31 180
10  78  59  69   5   0   4 0.09  0.0    0  6.3 16 260   M    M   3 1      19 190
11  79  60  70   6   0   5 0.10  0.0    0  6.7 23 300   M    M   5 1238   29 300
12  73  53  63  -1   2   0 0.01  0.0    0  9.2 25 300   M    M   4 13     32 300
13  78  48  63  -2   2   0 0.19  0.0    0 10.2 28 310   M    M   2 13     36 290
14  59  44  52 -13  13   0 0.00  0.0    0 13.4 26 310   M    M   3        34 310
15  65  44  55 -10  10   0 0.00  0.0    0  6.3 17 340   M    M   0        22 310
16  59  49  54 -12  11   0 0.33  0.0    0  7.8 15 190   M    M   9 1      20 180
17  54  49  52 -14  13   0 0.40  0.0    0  9.2 20  40   M    M  10 1      23  40
18  68  48  58  -8   7   0 0.00  0.0    0  6.6 15  40   M    M   1        19  40
19  71  45  58  -8   7   0 0.00  0.0    0  2.9 14 130   M    M   1 12     16 140
20  73  56  65  -2   0   0 0.01  0.0    0  6.2 15  80   M    M   8        18  70
21  78  52  65  -2   0   0 0.00  0.0    0  6.9 17 360   M    M   2        25  10
22  83  48  66  -1   0   1 0.00  0.0    0  3.6 10  80   M    M   0        15  50
23  84  54  69   1   0   4 0.00  0.0    0  6.8 18 180   M    M   0        23 150
================================================================================
SM 1645 1183       101  26  1.80     0.0 175.7          M       90
================================================================================
AV 71.5 51.4                               7.6 FASTST   M    M   4    MAX(MPH)
                                 MISC ---->  # 52 310               # 64  310
================================================================================
NOTES:
# LAST OF SEVERAL OCCURRENCES

COLUMN 17 PEAK WIND IN M.P.H.

PRELIMINARY LOCAL CLIMATOLOGICAL DATA (WS FORM: F-6) , PAGE 2

                                          STATION:  ST_CHARLES MO
                                          MONTH:    MAY
                                          YEAR:     2016
                                          LATITUDE:   38 55 N
                                          LONGITUDE:  90 26 W

[TEMPERATURE DATA]      [PRECIPITATION DATA]       SYMBOLS USED IN COLUMN 16

AVERAGE MONTHLY: 61.5   TOTAL FOR MONTH:   1.80    1 = FOG OR MIST
DPTR FM NORMAL:  -3.0   DPTR FM NORMAL:   -1.64    2 = FOG REDUCING VISIBILITY
HIGHEST:    89 ON  7    GRTST 24HR  1.34 ON 30- 1      TO 1/4 MILE OR LESS
LOWEST:     44 ON 15,14                            3 = THUNDER
                        SNOW, ICE PELLETS, HAIL    4 = ICE PELLETS
                        TOTAL MONTH:   0.0 INCH    5 = HAIL
                        GRTST 24HR     0.0         6 = FREEZING RAIN OR DRIZZLE
                        GRTST DEPTH:   0           7 = DUSTSTORM OR SANDSTORM:
                                                       VSBY 1/2 MILE OR LESS
                                                   8 = SMOKE OR HAZE
[NO. OF DAYS WITH]      [WEATHER - DAYS WITH]      9 = BLOWING SNOW
                                                   X = TORNADO
MAX 32 OR BELOW:   0    0.01 INCH OR MORE:  11
MAX 90 OR ABOVE:   0    0.10 INCH OR MORE:   6
MIN 32 OR BELOW:   0    0.50 INCH OR MORE:   0
MIN  0 OR BELOW:   0    1.00 INCH OR MORE:   0

[HDD (BASE 65) ]
TOTAL THIS MO.   101    CLEAR  (SCALE 0-3)  10
DPTR FM NORMAL    26    PTCLDY (SCALE 4-7)   8
TOTAL FM JUL 1  3874    CLOUDY (SCALE 8-10)  5
DPTR FM NORMAL  -962

[CDD (BASE 65) ]
TOTAL THIS MO.    26
DPTR FM NORMAL   -37    [PRESSURE DATA]
TOTAL FM JAN 1    49    HIGHEST SLP M ON M
DPTR FM NORMAL   -38    LOWEST  SLP 29.69 ON M

[REMARKS]
