000
CXUS53 KLSX 011600
CF6SET
PRELIMINARY LOCAL CLIMATOLOGICAL DATA (WS FORM: F-6)

                                          STATION:   ST_CHARLES MO
                                          MONTH:     SEPTEMBER
                                          YEAR:      2013
                                          LATITUDE:   38 55 N
                                          LONGITUDE:  90 26 W

  TEMPERATURE IN F:       :PCPN:    SNOW:  WIND      :SUNSHINE: SKY     :PK WND
================================================================================
1   2   3   4   5  6A  6B    7    8   9   10  11  12  13   14  15   16   17  18
                                     12Z  AVG MX 2MIN
DY MAX MIN AVG DEP HDD CDD  WTR  SNW DPTH SPD SPD DIR MIN PSBL S-S WX    SPD DR
================================================================================

 1  90  71  81   7   0  16 0.04  0.0    0  3.5 24 350   M    M   0 12     30 350
 2  85  65  75   2   0  10 0.00  0.0    0  7.2 15 330   M    M   2        17 330
 3  81  57  69  -4   0   4 0.00  0.0    0  2.3  8  20   M    M   0        13 330
 4  86  57  72  -1   0   7 0.00  0.0    0  1.3  7 310   M    M   0 1      12 330
 5  89  58  74   2   0   9 0.00  0.0    0  1.9  9  70   M    M   1 128    15 140
 6  89  64  77   5   0  12 0.00  0.0    0  3.1 10 170   M    M   0 1      14 180
 7  93  60  77   5   0  12    T  0.0    0  3.3 13 230   M    M   0 18     17 250
 8  85  72  79   8   0  14 0.30  0.0    0  5.8 18  10   M    M   4 1      24  20
 9  98  72  85  14   0  20 0.00  0.0    0  4.8 13 220   M    M   1 18     17 230
10  98  70  84  14   0  19 0.00  0.0    0  2.7 14 250   M    M   0 18     21 220
11  95  64  80  10   0  15 0.00  0.0    0  1.5  8 330   M    M   1 128     9 340
12  85  65  75   5   0  10    T  0.0    0  7.4 15 360   M    M   3        21 360
13  76  55  66  -3   0   1 0.00  0.0    0  8.3 15  40   M    M   1        21  50
14  76  49  63  -6   2   0 0.00  0.0    0  3.9 10  80   M    M   0        13  70
15  82  51  67  -1   0   2 0.02  0.0    0  4.4 13 350   M    M   4        17 230
16  74  57  66  -2   0   1 0.00  0.0    0  8.7 16  30   M    M   6        21  20
17  71  58  65  -3   0   0 0.03  0.0    0  4.8  9 120   M    M   7 1      13 100
18  88  64  76   9   0  11 0.18  0.0    0  5.5 16 160   M    M   3 18     21 180
19  91  69  80  13   0  15 0.32  0.0    0  8.4 18 230   M    M   1 18     30 200
20  72  58  65  -1   0   0 0.74  0.0    0  5.6 17 260   M    M   5 1      21 260
21  72  50  61  -5   4   0 0.00  0.0    0  5.8 16 320   M    M   0 1      21 330
22  75  46  61  -4   4   0 0.00  0.0    0  1.9  8  40   M    M   3 12     13  90
23  76  49  63  -2   2   0 0.00  0.0    0  7.6 16 150   M    M   0 1      20 160
24  82  52  67   3   0   2 0.22  0.0    0  8.5 17 100   M    M   4        22 120
25  82  61  72   8   0   7 0.00  0.0    0  3.8 12  70   M    M   4 128    14  80
26  84  58  71   7   0   6 0.00  0.0    0  5.0 12 120   M    M   1 128    23 130
27  84  58  71   8   0   6 0.00  0.0    0  7.5 16 130   M    M   1 18     22 130
28  86  57  72   9   0   7 0.01  0.0    0  9.3 24 190   M    M   6 1      37 200
29  75  52  64   2   1   0    T  0.0    0  4.8 15 360   M    M   3 1      20 360
30  79  45  62   0   3   0 0.00  0.0    0  3.9 14 170   M    M   1 12     18 160
================================================================================
SM 2499 1764        16 206  1.86     0.0 152.5          M       62
================================================================================
AV 83.3 58.8                               5.1 FASTST   M    M   2    MAX(MPH)
                                 MISC ---->  # 24 350               # 37  200
================================================================================
NOTES:
# LAST OF SEVERAL OCCURRENCES

COLUMN 17 PEAK WIND IN M.P.H.

PRELIMINARY LOCAL CLIMATOLOGICAL DATA (WS FORM: F-6) , PAGE 2

                                          STATION:  ST_CHARLES MO
                                          MONTH:    SEPTEMBER
                                          YEAR:     2013
                                          LATITUDE:   38 55 N
                                          LONGITUDE:  90 26 W

[TEMPERATURE DATA]      [PRECIPITATION DATA]       SYMBOLS USED IN COLUMN 16

AVERAGE MONTHLY: 71.1   TOTAL FOR MONTH:   1.86    1 = FOG OR MIST
DPTR FM NORMAL:   3.1   DPTR FM NORMAL:   -1.41    2 = FOG REDUCING VISIBILITY
HIGHEST:    98 ON 10, 9 GRTST 24HR  1.06 ON 19-20      TO 1/4 MILE OR LESS
LOWEST:     45 ON 30                               3 = THUNDER
                        SNOW, ICE PELLETS, HAIL    4 = ICE PELLETS
                        TOTAL MONTH:   0.0 INCH    5 = HAIL
                        GRTST 24HR     0.0         6 = FREEZING RAIN OR DRIZZLE
                        GRTST DEPTH:   0           7 = DUSTSTORM OR SANDSTORM:
                                                       VSBY 1/2 MILE OR LESS
                                                   8 = SMOKE OR HAZE
[NO. OF DAYS WITH]      [WEATHER - DAYS WITH]      9 = BLOWING SNOW
                                                   X = TORNADO
MAX 32 OR BELOW:   0    0.01 INCH OR MORE:   9
MAX 90 OR ABOVE:   6    0.10 INCH OR MORE:   5
MIN 32 OR BELOW:   0    0.50 INCH OR MORE:   1
MIN  0 OR BELOW:   0    1.00 INCH OR MORE:   0

[HDD (BASE 65) ]
TOTAL THIS MO.    16    CLEAR  (SCALE 0-3)  22
DPTR FM NORMAL   -34    PTCLDY (SCALE 4-7)   8
TOTAL FM JUL 1    18    CLOUDY (SCALE 8-10)  0
DPTR FM NORMAL   -34

[CDD (BASE 65) ]
TOTAL THIS MO.   206
DPTR FM NORMAL    65    [PRESSURE DATA]
TOTAL FM JAN 1  1309    HIGHEST SLP 30.27 ON 16
DPTR FM NORMAL   -10    LOWEST  SLP 29.75 ON  1

[REMARKS]
#FINAL-09-13#
