000
CXUS53 KLSX 011600
CF6SET
PRELIMINARY LOCAL CLIMATOLOGICAL DATA (WS FORM: F-6)

                                          STATION:   ST_CHARLES MO
                                          MONTH:     SEPTEMBER
                                          YEAR:      2015
                                          LATITUDE:   38 55 N
                                          LONGITUDE:  90 26 W

  TEMPERATURE IN F:       :PCPN:    SNOW:  WIND      :SUNSHINE: SKY     :PK WND
================================================================================
1   2   3   4   5  6A  6B    7    8   9   10  11  12  13   14  15   16   17  18
                                     12Z  AVG MX 2MIN
DY MAX MIN AVG DEP HDD CDD  WTR  SNW DPTH SPD SPD DIR MIN PSBL S-S WX    SPD DR
================================================================================

 1  92  69  81   7   0  16 0.00  0.0    0  4.9 13 210   M    M   1 128    16 190
 2  92  69  81   8   0  16 0.00  0.0    0  4.3 14 200   M    M   0 1      19 180
 3  93  69  81   8   0  16 0.00  0.0    0  3.3 14 250   M    M   0 1      17 240
 4  94  68  81   8   0  16 0.00  0.0    0  2.8 12 270   M    M   1 12     16 220
 5  93  70  82  10   0  17 0.00  0.0    0  3.9 13 140   M    M   1 1      16 130
 6  95  71  83  11   0  18 0.00  0.0    0  4.9 14 210   M    M   0 18     20 180
 7  91  70  81   9   0  16 0.00  0.0    0  4.6 13 320   M    M   1 18     17 170
 8  89  73  81  10   0  16 0.08  0.0    0  6.9 20 300   M    M   4 138    26 300
 9  84  68  76   5   0  11 0.48  0.0    0  2.8 12  30   M    M   5 1      14  30
10  87  63  75   5   0  10 0.09  0.0    0  2.6 20  10   M    M   3 123    23  10
11  76  58  67  -3   0   2 0.23  0.0    0 10.7 22 350   M    M   3 13     28 350
12  68  50  59 -11   6   0 0.00  0.0    0  8.6 18 350   M    M   2        26  10
13  74  45  60  -9   5   0 0.00  0.0    0  3.6 13 260   M    M   2 12     19 240
14  83  53  68  -1   0   3 0.00  0.0    0  8.5 20 170   M    M   1        25 160
15  84  55  70   2   0   5 0.00  0.0    0  9.0 18 170   M    M   0        23 160
16  87  57  72   4   0   7 0.00  0.0    0  8.7 20 150   M    M   0        24 150
17  91  63  77   9   0  12 0.00  0.0    0 10.9 20 170   M    M   0        24 170
18  88  72  80  13   0  15 0.26  0.0    0  5.7 17 220   M    M   4 138    21 210
19  78  54  66  -1   0   1 0.03  0.0    0  8.8 22 330   M    M   2        28 340
20  76  51  64  -2   1   0 0.00  0.0    0  4.0 14 110   M    M   1 1      17 110
21  79  48  64  -2   1   0 0.00  0.0    0  3.5 13 110   M    M   3 128    16 100
22  83  55  69   4   0   4 0.00  0.0    0  3.3  9 120   M    M   0        15 110
23  85  54  70   5   0   5 0.00  0.0    0  3.1 13 130   M    M   0 1      17 150
24  85  57  71   7   0   6 0.00  0.0    0  3.0 13  60   M    M   0 1      17 110
25  86  53  70   6   0   5 0.00  0.0    0  4.3 15  50   M    M   0 1      20  50
26  79  59  69   5   0   4 0.00  0.0    0  7.9 18  80   M    M   5        23 100
27  78  67  73  10   0   8 0.00  0.0    0  6.4 13 120   M    M  10        17 110
28  82  62  72   9   0   7    T  0.0    0  3.2  9 120   M    M   6 12     13 140
29  80  62  71   9   0   6 1.91  0.0    0  6.8 28 330   M    M   7 13     35 330
30  72  52  62   0   3   0 0.00  0.0    0 11.4 20  40   M    M   4        24  10
================================================================================
SM 2524 1817        16 242  3.08     0.0 172.4          M       66
================================================================================
AV 84.1 60.6                               5.7 FASTST   M    M   2    MAX(MPH)
                                 MISC ---->  # 28 330               # 35  330
================================================================================
NOTES:
# LAST OF SEVERAL OCCURRENCES

COLUMN 17 PEAK WIND IN M.P.H.

PRELIMINARY LOCAL CLIMATOLOGICAL DATA (WS FORM: F-6) , PAGE 2

                                          STATION:  ST_CHARLES MO
                                          MONTH:    SEPTEMBER
                                          YEAR:     2015
                                          LATITUDE:   38 55 N
                                          LONGITUDE:  90 26 W

[TEMPERATURE DATA]      [PRECIPITATION DATA]       SYMBOLS USED IN COLUMN 16

AVERAGE MONTHLY: 72.3   TOTAL FOR MONTH:   3.08    1 = FOG OR MIST
DPTR FM NORMAL:   4.3   DPTR FM NORMAL:   -0.19    2 = FOG REDUCING VISIBILITY
HIGHEST:    95 ON  6    GRTST 24HR  1.91 ON 29-29      TO 1/4 MILE OR LESS
LOWEST:     45 ON 13                               3 = THUNDER
                        SNOW, ICE PELLETS, HAIL    4 = ICE PELLETS
                        TOTAL MONTH:   0.0 INCH    5 = HAIL
                        GRTST 24HR     0.0         6 = FREEZING RAIN OR DRIZZLE
                        GRTST DEPTH:   0           7 = DUSTSTORM OR SANDSTORM:
                                                       VSBY 1/2 MILE OR LESS
                                                   8 = SMOKE OR HAZE
[NO. OF DAYS WITH]      [WEATHER - DAYS WITH]      9 = BLOWING SNOW
                                                   X = TORNADO
MAX 32 OR BELOW:   0    0.01 INCH OR MORE:   7
MAX 90 OR ABOVE:   8    0.10 INCH OR MORE:   4
MIN 32 OR BELOW:   0    0.50 INCH OR MORE:   1
MIN  0 OR BELOW:   0    1.00 INCH OR MORE:   1

[HDD (BASE 65) ]
TOTAL THIS MO.    16    CLEAR  (SCALE 0-3)  19
DPTR FM NORMAL   -34    PTCLDY (SCALE 4-7)  10
TOTAL FM JUL 1    16    CLOUDY (SCALE 8-10)  1
DPTR FM NORMAL   -36

[CDD (BASE 65) ]
TOTAL THIS MO.   242
DPTR FM NORMAL   101    [PRESSURE DATA]
TOTAL FM JAN 1  1441    HIGHEST SLP 30.21 ON 23
DPTR FM NORMAL   122    LOWEST  SLP 29.74 ON 18

[REMARKS]
#FINAL-09-15#
