000
CXUS53 KLSX 011600
CF6SET
PRELIMINARY LOCAL CLIMATOLOGICAL DATA (WS FORM: F-6)

                                          STATION:   ST_CHARLES MO
                                          MONTH:     JUNE
                                          YEAR:      2013
                                          LATITUDE:   38 55 N
                                          LONGITUDE:  90 26 W

  TEMPERATURE IN F:       :PCPN:    SNOW:  WIND      :SUNSHINE: SKY     :PK WND
================================================================================
1   2   3   4   5  6A  6B    7    8   9   10  11  12  13   14  15   16   17  18
                                     12Z  AVG MX 2MIN
DY MAX MIN AVG DEP HDD CDD  WTR  SNW DPTH SPD SPD DIR MIN PSBL S-S WX    SPD DR
================================================================================

 1  79  63  71   1   0   6 0.12  0.0    0 11.7 24 290   M    M   4 13     32 290
 2  69  60  65  -6   0   0 0.00  0.0    0 10.0 18 280   M    M  10        23 290
 3   M  59   M   M   M   M 0.00  0.0    0   M   M   M   M    M  10         M  M
 4   M   M   M   M   M   M 0.00  0.0    0   M   M   M   M    M   0         M  M
 5   M   M   M   M   M   M    M  0.0    0   M   M   M   M    M   0         M  M
 6   M   M   M   M   M   M 0.00  0.0    0   M   M   M   M    M   0         M  M
 7   M   M   M   M   M   M 0.00  0.0    0   M   M   M   M    M   0         M  M
 8   M   M   M   M   M   M 0.00  0.0    0   M   M   M   M    M   0         M  M
 9   M   M   M   M   M   M    M  0.0    0   M   M   M   M    M   0         M  M
10  79  66  73   0   0   8    M  0.0    0  5.3 10 280   M    M   2         M  M
11  93  62  78   5   0  13 0.00  0.0    0  6.7 20 230   M    M   0 1      24 230
12  97  69  83  10   0  18 0.00  0.0    0 12.0 28 230   M    M   1 1      35 240
13  86  68  77   3   0  12 0.00  0.0    0  9.2 23 300   M    M   4 8      30 300
14  82  63  73  -1   0   8 0.00  0.0    0  5.8 20 120   M    M   0        24 130
15  90  68  79   5   0  14 0.24  0.0    0  7.0 31 260   M    M   3 3      39 260
16  84  69  77   3   0  12 0.31  0.0    0  3.9  8 220   M    M   7 13      M  M
17  87  68  78   3   0  13 0.05  0.0    0  5.1 23 140   M    M   3 138    30 130
18  90  64  77   2   0  12 0.00  0.0    0  6.8 15 340   M    M   0        21 290
19  87  64  76   1   0  11 0.00  0.0    0  4.3 10  40   M    M   1        14  30
20  92  67  80   5   0  15 0.00  0.0    0  6.0 15 190   M    M   0 18     20 180
21  93  70  82   6   0  17 0.00  0.0    0  9.0 18 190   M    M   1 18     23 180
22  89  68  79   3   0  14    T  0.0    0  5.8 21 180   M    M   0 13     25 190
23  89  69  79   3   0  14 0.72  0.0    0  8.3 12 150   M    M   5 3       M  M
24  92  67  80   4   0  15 0.00  0.0    0   M   M   M   M    M   M         M  M
25  94  74  84   8   0  19 0.00  0.0    0 10.9 22 180   M    M   M        25 190
26  92  72  82   5   0  17 0.79  0.0    0  7.3 24 250   M    M   2 18     32 230
27  94  72  83   6   0  18 0.00  0.0    0  6.1 16 310   M    M   1        20 310
28  89  75  82   5   0  17 0.00  0.0    0 10.7 22 330   M    M   2        28 320
29  82  65  74  -3   0   9 0.50  0.0    0 11.4 32 300   M    M   3 1      43 300
30  78  64  71  -6   0   6 0.13  0.0    0 11.6 24  40   M    M   6 18     29  40
================================================================================
SM 2007 1606         0 288  2.86     0.0 174.9          M       65
================================================================================
AV 87.3 66.9                               8.0 FASTST   M    M   2    MAX(MPH)
                                 MISC ---->  # 32 300               # 43  300
================================================================================
NOTES:
# LAST OF SEVERAL OCCURRENCES

COLUMN 17 PEAK WIND IN M.P.H.

PRELIMINARY LOCAL CLIMATOLOGICAL DATA (WS FORM: F-6) , PAGE 2

                                          STATION:  ST_CHARLES MO
                                          MONTH:    JUNE
                                          YEAR:     2013
                                          LATITUDE:   38 55 N
                                          LONGITUDE:  90 26 W

[TEMPERATURE DATA]      [PRECIPITATION DATA]       SYMBOLS USED IN COLUMN 16

AVERAGE MONTHLY: 77.1   TOTAL FOR MONTH:   2.86    1 = FOG OR MIST
DPTR FM NORMAL:   3.0   DPTR FM NORMAL:   -1.43    2 = FOG REDUCING VISIBILITY
HIGHEST:    97 ON 12    GRTST 24HR  1.74 ON 31- 1      TO 1/4 MILE OR LESS
LOWEST:     59 ON  3                               3 = THUNDER
                        SNOW, ICE PELLETS, HAIL    4 = ICE PELLETS
                        TOTAL MONTH:   0.0 INCH    5 = HAIL
                        GRTST 24HR     0.0         6 = FREEZING RAIN OR DRIZZLE
                        GRTST DEPTH:   0           7 = DUSTSTORM OR SANDSTORM:
                                                       VSBY 1/2 MILE OR LESS
                                                   8 = SMOKE OR HAZE
[NO. OF DAYS WITH]      [WEATHER - DAYS WITH]      9 = BLOWING SNOW
                                                   X = TORNADO
MAX 32 OR BELOW:   0    0.01 INCH OR MORE:   8
MAX 90 OR ABOVE:  10    0.10 INCH OR MORE:   7
MIN 32 OR BELOW:   0    0.50 INCH OR MORE:   3
MIN  0 OR BELOW:   0    1.00 INCH OR MORE:   0

[HDD (BASE 65) ]
TOTAL THIS MO.     0    CLEAR  (SCALE 0-3)  20
DPTR FM NORMAL    -7    PTCLDY (SCALE 4-7)   6
TOTAL FM JUL 1  4971    CLOUDY (SCALE 8-10)  2
DPTR FM NORMAL   119

[CDD (BASE 65) ]
TOTAL THIS MO.   288
DPTR FM NORMAL     8    [PRESSURE DATA]
TOTAL FM JAN 1   446    HIGHEST SLP 30.10 ON 20
DPTR FM NORMAL    38    LOWEST  SLP 29.63 ON 29

[REMARKS]
#FINAL-06-13#
