000
CXUS53 KLSX 011601
CF6SET
PRELIMINARY LOCAL CLIMATOLOGICAL DATA (WS FORM: F-6)

                                          STATION:   ST_CHARLES MO
                                          MONTH:     MAY
                                          YEAR:      2013
                                          LATITUDE:   38 55 N
                                          LONGITUDE:  90 26 W

  TEMPERATURE IN F:       :PCPN:    SNOW:  WIND      :SUNSHINE: SKY     :PK WND
================================================================================
1   2   3   4   5  6A  6B    7    8   9   10  11  12  13   14  15   16   17  18
                                     12Z  AVG MX 2MIN
DY MAX MIN AVG DEP HDD CDD  WTR  SNW DPTH SPD SPD DIR MIN PSBL S-S WX    SPD DR
================================================================================

 1  82  55  69   8   0   4 0.00  0.0    0  5.7 17 150   M    M   0        22 150
 2  69  44  57  -5   8   0 0.35  0.0    0  8.8 21 290   M    M   6 1      24 290
 3  45  41  43 -19  22   0 1.85  0.0    0  8.6 16 290   M    M  10 1      20 290
 4  48  41  45 -17  20   0 0.03  0.0    0  4.9 10 110   M    M  10 18     12 110
 5  63  47  55  -7  10   0 0.12  0.0    0  7.3 14  30   M    M  10 1      18  20
 6  70  54  62  -1   3   0 0.02  0.0    0  6.2 20  40   M    M  10        25  40
 7  78  57  68   5   0   3 0.00  0.0    0  2.4 13 100   M    M   5        14 100
 8  81  52  67   4   0   2 0.00  0.0    0  2.7 22 290   M    M   4 1      25 290
 9  73  60  67   3   0   2 0.50  0.0    0  5.5 18 260   M    M   5 13     22 250
10  65  55  60  -4   5   0 0.03  0.0    0  7.2 16 330   M    M   8 1      21 320
11  69  49  59  -5   6   0 0.00  0.0    0 11.6 25 340   M    M   3        36 340
12  62  43  53 -11  12   0 0.00  0.0    0  7.3 18 330   M    M   0        23 290
13  73  40  57  -8   8   0 0.00  0.0    0  4.2 13 210   M    M   0        17 200
14  94  51  73   8   0   8 0.00  0.0    0 10.7 21 240   M    M   0        25 230
15  92  65  79  14   0  14 0.00  0.0    0 10.3 17 230   M    M   0 3      23 260
16  82  63  73   7   0   8    T  0.0    0  5.8 21 210   M    M   3 8      24 210
17  77  62  70   4   0   5 0.13  0.0    0  6.8 16 220   M    M   7 18     20 230
18  82  62  72   6   0   7 0.00  0.0    0  7.4 16 110   M    M   5 18     20 120
19  91  68  80  14   0  15 0.00  0.0    0 12.9 28 150   M    M   3 8      33 160
20  82  63  73   6   0   8 3.13  0.0    0 12.8 47 320   M    M   5 13     69 320
21  80  64  72   5   0   7 0.07  0.0    0 10.9 23 210   M    M   2 13     30 200
22  76  63  70   3   0   5 0.01  0.0    0 10.8 23 230   M    M   7        29 230
23  66  54  60  -8   5   0    T  0.0    0 10.4 21 280   M    M   8 1      25 320
24  69  47  58 -10   7   0 0.00  0.0    0  6.0 14  60   M    M   0        18  70
25  68  51  60  -8   5   0 0.02  0.0    0  8.7 17 150   M    M   5 13     22 120
26  83  55  69   0   0   4    M  0.0    0 10.4 33 300   M    M   3 13     40 300
27  82  65  74   5   0   9    M  0.0    0  8.9 30 170   M    M   5 13     45 360
28  84  65  75   6   0  10    M  0.0    0  9.9 33 160   M    M   3 13     40 160
29  88  65  77   8   0  12 0.00  0.0    0 11.9 23 170   M    M   1        30 180
30  83  66  75   5   0  10 0.46  0.0    0 15.8 43 170   M    M   5 138    60 170
31  81  63  72   2   0   7 1.62  0.0    0 11.5 41 260   M    M   5 123    52 260
================================================================================
SM 2338 1730       111 140  8.34     0.0 264.3          M      138
================================================================================
AV 75.4 55.8                               8.5 FASTST   M    M   4    MAX(MPH)
                                 MISC ---->  # 47 320               # 69  320
================================================================================
NOTES:
# LAST OF SEVERAL OCCURRENCES

COLUMN 17 PEAK WIND IN M.P.H.

PRELIMINARY LOCAL CLIMATOLOGICAL DATA (WS FORM: F-6) , PAGE 2

                                          STATION:  ST_CHARLES MO
                                          MONTH:    MAY
                                          YEAR:     2013
                                          LATITUDE:   38 55 N
                                          LONGITUDE:  90 26 W

[TEMPERATURE DATA]      [PRECIPITATION DATA]       SYMBOLS USED IN COLUMN 16

AVERAGE MONTHLY: 65.6   TOTAL FOR MONTH:   8.34    1 = FOG OR MIST
DPTR FM NORMAL:  -0.1   DPTR FM NORMAL:    3.59    2 = FOG REDUCING VISIBILITY
HIGHEST:    94 ON 14    GRTST 24HR  3.18 ON 20-21      TO 1/4 MILE OR LESS
LOWEST:     40 ON 13                               3 = THUNDER
                        SNOW, ICE PELLETS, HAIL    4 = ICE PELLETS
                        TOTAL MONTH:   0.0 INCH    5 = HAIL
                        GRTST 24HR     0.0         6 = FREEZING RAIN OR DRIZZLE
                        GRTST DEPTH:   0           7 = DUSTSTORM OR SANDSTORM:
                                                       VSBY 1/2 MILE OR LESS
                                                   8 = SMOKE OR HAZE
[NO. OF DAYS WITH]      [WEATHER - DAYS WITH]      9 = BLOWING SNOW
                                                   X = TORNADO
MAX 32 OR BELOW:   0    0.01 INCH OR MORE:  14
MAX 90 OR ABOVE:   3    0.10 INCH OR MORE:   8
MIN 32 OR BELOW:   0    0.50 INCH OR MORE:   4
MIN  0 OR BELOW:   0    1.00 INCH OR MORE:   3

[HDD (BASE 65) ]
TOTAL THIS MO.   111    CLEAR  (SCALE 0-3)  13
DPTR FM NORMAL    27    PTCLDY (SCALE 4-7)  14
TOTAL FM JUL 1  4971    CLOUDY (SCALE 8-10)  4
DPTR FM NORMAL   126

[CDD (BASE 65) ]
TOTAL THIS MO.   140
DPTR FM NORMAL    36    [PRESSURE DATA]
TOTAL FM JAN 1   158    HIGHEST SLP 30.41 ON 24
DPTR FM NORMAL    30    LOWEST  SLP 29.65 ON 22

[REMARKS]
#FINAL-05-13#
