000
CXUS53 KLSX 011600
CF6SET
PRELIMINARY LOCAL CLIMATOLOGICAL DATA (WS FORM: F-6)

                                          STATION:   ST_CHARLES MO
                                          MONTH:     AUGUST
                                          YEAR:      2013
                                          LATITUDE:   38 55 N
                                          LONGITUDE:  90 26 W

  TEMPERATURE IN F:       :PCPN:    SNOW:  WIND      :SUNSHINE: SKY     :PK WND
================================================================================
1   2   3   4   5  6A  6B    7    8   9   10  11  12  13   14  15   16   17  18
                                     12Z  AVG MX 2MIN
DY MAX MIN AVG DEP HDD CDD  WTR  SNW DPTH SPD SPD DIR MIN PSBL S-S WX    SPD DR
================================================================================

 1  87  63  75  -3   0  10 0.00  0.0    0  3.4 10 330   M    M   0 1       M  M
 2  83  66  75  -3   0  10 0.86  0.0    0  3.8 13 230   M    M   5 1      15 220
 3  85  67  76  -2   0  11 0.00  0.0    0  3.7 13  30   M    M   5 128    15 360
 4  80  61  71  -7   0   6 0.00  0.0    0  2.9  9 130   M    M   1        10 110
 5  75  63  69  -9   0   4    T  0.0    0  6.1 15 170   M    M   9 18     20 160
 6  87  70  79   1   0  14    T  0.0    0  3.2 12 210   M    M   4 1      15 220
 7  87  71  79   1   0  14 0.52  0.0    0  5.8 15 230   M    M   4 1      18 220
 8  81  69  75  -3   0  10 0.04  0.0    0  3.3 12  10   M    M   4 1      15  30
 9  81  67  74  -4   0   9    T  0.0    0  3.7  9  50   M    M   2 1      13  50
10  84  65  75  -3   0  10 0.00  0.0    0  5.1 12  20   M    M   1        24 360
11  84  57  71  -7   0   6 0.00  0.0    0  2.0  7  70   M    M   0 1       9 130
12  77  68  73  -4   0   8 0.46  0.0    0  1.9 10  70   M    M   6 18     13  70
13  79  63  71  -6   0   6 0.00  0.0    0  7.1 16  30   M    M   0        20  40
14  75  51  63 -14   2   0 0.00  0.0    0  3.9 12  50   M    M   1        14  30
15  75  56  66 -11   0   1 0.00  0.0    0  2.7 12  40   M    M   1 1      15  40
16  77  57  67 -10   0   2 0.00  0.0    0  4.2 13  60   M    M   2        18 360
17  81  58  70  -7   0   5 0.00  0.0    0  5.0  M   M   M    M   1         M  M
18   M  61   M   M   M   M 0.00  0.0    0  2.6  9  80   M    M   3 18     12  70
19  85   M   M   M   M   M 0.00  0.0    0  2.5  9 110   M    M   2 18     13 120
20  87  63  75  -1   0  10 0.00  0.0    0  2.8  8 110   M    M   0 18     12  70
21  90  64  77   1   0  12 0.00  0.0    0  2.4  M   M   M    M   1 128     M  M
22  91  67  79   3   0  14 0.00  0.0    0  3.1  9 310   M    M   1 18     13 330
23  89  70  80   4   0  15 0.00  0.0    0  4.6 12  70   M    M   2 1      14  80
24  90  64  77   1   0  12 0.00  0.0    0  4.7 12  90   M    M   0 12     15 100
25  91  64  78   3   0  13 0.00  0.0    0  3.7  9  80   M    M   0 18     14 120
26  93  69  81   6   0  16 0.00  0.0    0  2.7  9 210   M    M   1 18     14 280
27  95  67  81   6   0  16 0.00  0.0    0  3.7 12 240   M    M   0 18     16 230
28  95  67  81   6   0  16 0.00  0.0    0  2.5 12 250   M    M   0 1      15 270
29  96  69  83   9   0  18 0.00  0.0    0  2.9  9 350   M    M   0        15 310
30  99  73  86  12   0  21 0.00  0.0    0  2.9 12 250   M    M   1 1      17 280
31 101  71  86  12   0  21 0.00  0.0    0  4.8 14 230   M    M   1        17 240
================================================================================
SM 2580 1941         2 310  1.88     0.0 113.7          M       58
================================================================================
AV 86.0 64.7                               3.7 FASTST   M    M   2    MAX(MPH)
                                 MISC ---->  # 16  30               # 24  360
================================================================================
NOTES:
# LAST OF SEVERAL OCCURRENCES

COLUMN 17 PEAK WIND IN M.P.H.

PRELIMINARY LOCAL CLIMATOLOGICAL DATA (WS FORM: F-6) , PAGE 2

                                          STATION:  ST_CHARLES MO
                                          MONTH:    AUGUST
                                          YEAR:     2013
                                          LATITUDE:   38 55 N
                                          LONGITUDE:  90 26 W

[TEMPERATURE DATA]      [PRECIPITATION DATA]       SYMBOLS USED IN COLUMN 16

AVERAGE MONTHLY: 75.3   TOTAL FOR MONTH:   1.88    1 = FOG OR MIST
DPTR FM NORMAL:  -1.2   DPTR FM NORMAL:   -1.27    2 = FOG REDUCING VISIBILITY
HIGHEST:   101 ON 31    GRTST 24HR  0.87 ON  2- 3      TO 1/4 MILE OR LESS
LOWEST:     51 ON 14                               3 = THUNDER
                        SNOW, ICE PELLETS, HAIL    4 = ICE PELLETS
                        TOTAL MONTH:   0.0 INCH    5 = HAIL
                        GRTST 24HR     0.0         6 = FREEZING RAIN OR DRIZZLE
                        GRTST DEPTH:   0           7 = DUSTSTORM OR SANDSTORM:
                                                       VSBY 1/2 MILE OR LESS
                                                   8 = SMOKE OR HAZE
[NO. OF DAYS WITH]      [WEATHER - DAYS WITH]      9 = BLOWING SNOW
                                                   X = TORNADO
MAX 32 OR BELOW:   0    0.01 INCH OR MORE:   4
MAX 90 OR ABOVE:  10    0.10 INCH OR MORE:   3
MIN 32 OR BELOW:   0    0.50 INCH OR MORE:   2
MIN  0 OR BELOW:   0    1.00 INCH OR MORE:   0

[HDD (BASE 65) ]
TOTAL THIS MO.     2    CLEAR  (SCALE 0-3)  24
DPTR FM NORMAL     0    PTCLDY (SCALE 4-7)   6
TOTAL FM JUL 1     2    CLOUDY (SCALE 8-10)  1
DPTR FM NORMAL     0

[CDD (BASE 65) ]
TOTAL THIS MO.   310
DPTR FM NORMAL   -51    [PRESSURE DATA]
TOTAL FM JAN 1  1103    HIGHEST SLP 30.26 ON 25
DPTR FM NORMAL   -75    LOWEST  SLP 29.68 ON 31

[REMARKS]
#FINAL-08-13#
