000
CXUS53 KLSX 011600
CF6SET
PRELIMINARY LOCAL CLIMATOLOGICAL DATA (WS FORM: F-6)

                                          STATION:   ST_CHARLES MO
                                          MONTH:     JULY
                                          YEAR:      2013
                                          LATITUDE:   38 55 N
                                          LONGITUDE:  90 26 W

  TEMPERATURE IN F:       :PCPN:    SNOW:  WIND      :SUNSHINE: SKY     :PK WND
================================================================================
1   2   3   4   5  6A  6B    7    8   9   10  11  12  13   14  15   16   17  18
                                     12Z  AVG MX 2MIN
DY MAX MIN AVG DEP HDD CDD  WTR  SNW DPTH SPD SPD DIR MIN PSBL S-S WX    SPD DR
================================================================================

 1  81  64  73  -4   0   8    T  0.0    0 12.3 23  10   M    M   5        28 360
 2  69  62  66 -12   0   1 0.24  0.0    0  6.2 21  20   M    M  10 1      25  20
 3  82  63  73  -5   0   8 0.00  0.0    0  2.8 12 120   M    M   3 18     13 130
 4  84  62  73  -5   0   8 0.00  0.0    0  4.1 13 140   M    M   0 18     15 110
 5  84  64  74  -4   0   9 0.00  0.0    0  6.1 14 110   M    M   0 128    18 140
 6  88  67  78   0   0  13 0.00  0.0    0  4.7 18 190   M    M   0 1      24 180
 7  93  66  80   2   0  15 0.00  0.0    0  5.6 14 220   M    M   0 1      20 230
 8  94  71  83   5   0  18 0.00  0.0    0  5.2 14 210   M    M   0 8      18 210
 9  95  76  86   8   0  21    T  0.0    0  5.1 14 220   M    M   0 8      18 210
10  89  73  81   3   0  16 0.23  0.0    0  7.4 25 250   M    M   2        35 240
11  85  67  76  -2   0  11 0.00  0.0    0  7.6 16  20   M    M   0        20  20
12  85  61  73  -5   0   8 0.00  0.0    0  4.9 10 110   M    M   0        18 130
13  86  61  74  -4   0   9 0.00  0.0    0  4.7 15  90   M    M   0        20  80
14  90  66  78   0   0  13    T  0.0    0  7.3 18 100   M    M   2 1      22 100
15  92  72  82   4   0  17 0.02  0.0    0  5.1 15  80   M    M   2 1      18 110
16  93  73  83   5   0  18 0.00  0.0    0  5.1 10 120   M    M   1 1      14 120
17  93  73  83   5   0  18 0.00  0.0    0  0.9  7 160   M    M   1 18     13 130
18  95  73  84   6   0  19 0.00  0.0    0  2.0  9 220   M    M   2 128    14 220
19  96  73  85   7   0  20 0.00  0.0    0  4.3 10 190   M    M   1 18     16 200
20  92  73  83   5   0  18    T  0.0    0  5.4 15 360   M    M   1        20 340
21  83  71  77  -1   0  12 0.58  0.0    0  2.7 21 300   M    M   3 1      25 290
22  90  69  80   2   0  15 0.01  0.0    0  2.2 31 330   M    M   4 128    32 330
23  91  70  81   3   0  16 0.00  0.0    0  8.1 17 290   M    M   0 8      21 300
24  81  63  72  -6   0   7 0.00  0.0    0  8.0 15  10   M    M   1        20  10
25  82  58  70  -8   0   5 0.00  0.0    0  2.5  9  80   M    M   0        13  80
26  75  65  70  -8   0   5 0.01  0.0    0  5.7 14 220   M    M   8        17 230
27  76  56  66 -12   0   1 0.00  0.0    0  7.5 17 330   M    M   2        23 310
28  80  51  66 -12   0   1 0.00  0.0    0  4.0 14 270   M    M   0        21 280
29  81  54  68 -10   0   3 0.00  0.0    0  3.1 10 200   M    M   4        14 200
30  77  65  71  -7   0   6 1.59  0.0    0  6.7 14 140   M    M   9 18     17 140
31  81  65  73  -5   0   8    T  0.0    0  4.3 16 300   M    M   7 1      21 310
================================================================================
SM 2663 2047         0 347  2.68     0.0 161.6          M       68
================================================================================
AV 85.9 66.0                               5.2 FASTST   M    M   2    MAX(MPH)
                                 MISC ---->  # 31 330               # 35  240
================================================================================
NOTES:
# LAST OF SEVERAL OCCURRENCES

COLUMN 17 PEAK WIND IN M.P.H.

PRELIMINARY LOCAL CLIMATOLOGICAL DATA (WS FORM: F-6) , PAGE 2

                                          STATION:  ST_CHARLES MO
                                          MONTH:    JULY
                                          YEAR:     2013
                                          LATITUDE:   38 55 N
                                          LONGITUDE:  90 26 W

[TEMPERATURE DATA]      [PRECIPITATION DATA]       SYMBOLS USED IN COLUMN 16

AVERAGE MONTHLY: 76.0   TOTAL FOR MONTH:   2.68    1 = FOG OR MIST
DPTR FM NORMAL:  -2.2   DPTR FM NORMAL:   -1.67    2 = FOG REDUCING VISIBILITY
HIGHEST:    96 ON 19    GRTST 24HR  1.59 ON 30-30      TO 1/4 MILE OR LESS
LOWEST:     51 ON 28                               3 = THUNDER
                        SNOW, ICE PELLETS, HAIL    4 = ICE PELLETS
                        TOTAL MONTH:   0.0 INCH    5 = HAIL
                        GRTST 24HR     0.0         6 = FREEZING RAIN OR DRIZZLE
                        GRTST DEPTH:   0           7 = DUSTSTORM OR SANDSTORM:
                                                       VSBY 1/2 MILE OR LESS
                                                   8 = SMOKE OR HAZE
[NO. OF DAYS WITH]      [WEATHER - DAYS WITH]      9 = BLOWING SNOW
                                                   X = TORNADO
MAX 32 OR BELOW:   0    0.01 INCH OR MORE:   7
MAX 90 OR ABOVE:  12    0.10 INCH OR MORE:   4
MIN 32 OR BELOW:   0    0.50 INCH OR MORE:   2
MIN  0 OR BELOW:   0    1.00 INCH OR MORE:   1

[HDD (BASE 65) ]
TOTAL THIS MO.     0    CLEAR  (SCALE 0-3)  24
DPTR FM NORMAL     0    PTCLDY (SCALE 4-7)   5
TOTAL FM JUL 1     0    CLOUDY (SCALE 8-10)  2
DPTR FM NORMAL     0

[CDD (BASE 65) ]
TOTAL THIS MO.   347
DPTR FM NORMAL   -62    [PRESSURE DATA]
TOTAL FM JAN 1   793    HIGHEST SLP 30.31 ON 17
DPTR FM NORMAL   -24    LOWEST  SLP 29.72 ON 23

[REMARKS]
#FINAL-07-13#
