000
CXUS53 KLSX 011600
CF6SET
PRELIMINARY LOCAL CLIMATOLOGICAL DATA (WS FORM: F-6)

                                          STATION:   ST_CHARLES MO
                                          MONTH:     APRIL
                                          YEAR:      2013
                                          LATITUDE:   38 55 N
                                          LONGITUDE:  90 26 W

  TEMPERATURE IN F:       :PCPN:    SNOW:  WIND      :SUNSHINE: SKY     :PK WND
================================================================================
1   2   3   4   5  6A  6B    7    8   9   10  11  12  13   14  15   16   17  18
                                     12Z  AVG MX 2MIN
DY MAX MIN AVG DEP HDD CDD  WTR  SNW DPTH SPD SPD DIR MIN PSBL S-S WX    SPD DR
================================================================================

 1  48  34  41 -10  24   0 0.00  0.0    0 10.2 22 350   M    M   3        29 350
 2  49  28  39 -12  26   0 0.00  0.0    0  3.3 14  20   M    M   0        16 360
 3  52  32  42 -10  23   0 0.00  0.0    0  8.9 16 110   M    M   0        22 110
 4  60  32  46  -6  19   0 0.00  0.0    0  3.6 12  40   M    M   0        15  30
 5  66  35  51  -1  14   0 0.00  0.0    0  4.6 12 110   M    M   0 8      15 150
 6  75  48  62   9   3   0    T  0.0    0 13.8 31 190   M    M   2        37 180
 7  78  46  62   9   3   0    T  0.0    0  7.8 23 160   M    M   2        30 170
 8  78  58  68  15   0   3 0.00  0.0    0 10.2 22 160   M    M   4        26 150
 9  79  60  70  16   0   5 0.00  0.0    0 13.1 29 190   M    M   6        37 200
10  79  56  68  14   0   3 1.72  0.0    0  9.2 39 270   M    M   6 1238   51 270
11  57  40  49  -5  16   0 0.09  0.0    0 12.4 22 270   M    M   9 1      26 260
12  45  37  41 -14  24   0 0.00  0.0    0 12.0 23 260   M    M   8        28 260
13  59  33  46  -9  19   0 0.00  0.0    0  7.4 17 270   M    M   2        23 270
14  78  45  62   6   3   0 0.00  0.0    0 17.2 31 160   M    M   1        40 170
15  68  48  58   2   7   0 0.46  0.0    0  8.3 31 250   M    M  10 13     38 250
16  50  45  48  -8  17   0 0.52  0.0    0  9.6 24  20   M    M   8 138    30  10
17  83  48  66  10   0   1 0.00  0.0    0 10.3 22 170   M    M   6 138    28 170
18  75  41  58   1   7   0 2.39  0.0    0 17.8 35 260   M    M   9 138    44 270
19  50  36  43 -14  22   0    T    T    0 17.9 30 280   M    M   8        39 290
20  55  30  43 -15  22   0 0.00  0.0    0  5.7 13 100   M    M   0        16 110
21  63  41  52  -6  13   0 0.00  0.0    0 10.9 18 110   M    M   2        25 150
22  71  41  56  -2   9   0    T  0.0    0 10.0 23 150   M    M   1        25 150
23  60  40  50  -9  15   0 0.84  0.0    0  8.1 20 340   M    M   9 13     24 360
24  53  37  45 -14  20   0 0.03  0.0    0 10.3 21 310   M    M   5 1      25 300
25  62  38  50  -9  15   0 0.00  0.0    0  5.4 15 300   M    M   0        20 290
26  60  46  53  -7  12   0    T  0.0    0  8.9 23 220   M    M   6        29 220
27  53  49  51  -9  14   0 0.56  0.0    0  6.8 13  90   M    M  10 1      17  80
28  58  49  54  -6  11   0 0.00  0.0    0  7.1 14 280   M    M   9 1      16 290
29  78  45  62   2   3   0 0.00  0.0    0 10.2 22 150   M    M   0 1      26 140
30  86  56  71  10   0   6 0.00  0.0    0 10.4 24 150   M    M   0 1      30 160
================================================================================
SM 1928 1274       361  18  6.61    T    291.4          M      126
================================================================================
AV 64.3 42.5                               9.7 FASTST   M    M   4    MAX(MPH)
                                 MISC ---->  # 39 270               # 51  270
================================================================================
NOTES:
# LAST OF SEVERAL OCCURRENCES

COLUMN 17 PEAK WIND IN M.P.H.

PRELIMINARY LOCAL CLIMATOLOGICAL DATA (WS FORM: F-6) , PAGE 2

                                          STATION:  ST_CHARLES MO
                                          MONTH:    APRIL
                                          YEAR:     2013
                                          LATITUDE:   38 55 N
                                          LONGITUDE:  90 26 W

[TEMPERATURE DATA]      [PRECIPITATION DATA]       SYMBOLS USED IN COLUMN 16

AVERAGE MONTHLY: 53.4   TOTAL FOR MONTH:   6.61    1 = FOG OR MIST
DPTR FM NORMAL:  -2.5   DPTR FM NORMAL:    2.81    2 = FOG REDUCING VISIBILITY
HIGHEST:    86 ON 30    GRTST 24HR  2.39 ON 18-18      TO 1/4 MILE OR LESS
LOWEST:     28 ON  2                               3 = THUNDER
                        SNOW, ICE PELLETS, HAIL    4 = ICE PELLETS
                        TOTAL MONTH:    T          5 = HAIL
                        GRTST 24HR    T  ON 19-19  6 = FREEZING RAIN OR DRIZZLE
                        GRTST DEPTH:   0           7 = DUSTSTORM OR SANDSTORM:
                                                       VSBY 1/2 MILE OR LESS
                                                   8 = SMOKE OR HAZE
[NO. OF DAYS WITH]      [WEATHER - DAYS WITH]      9 = BLOWING SNOW
                                                   X = TORNADO
MAX 32 OR BELOW:   0    0.01 INCH OR MORE:   8
MAX 90 OR ABOVE:   0    0.10 INCH OR MORE:   6
MIN 32 OR BELOW:   4    0.50 INCH OR MORE:   5
MIN  0 OR BELOW:   0    1.00 INCH OR MORE:   2

[HDD (BASE 65) ]
TOTAL THIS MO.   361    CLEAR  (SCALE 0-3)  15
DPTR FM NORMAL    67    PTCLDY (SCALE 4-7)   9
TOTAL FM JUL 1  4860    CLOUDY (SCALE 8-10)  6
DPTR FM NORMAL    99

[CDD (BASE 65) ]
TOTAL THIS MO.    18
DPTR FM NORMAL    -4    [PRESSURE DATA]
TOTAL FM JAN 1    18    HIGHEST SLP 30.42 ON 21
DPTR FM NORMAL    -6    LOWEST  SLP 29.53 ON 18

[REMARKS]
#FINAL-04-13#
