000
CXUS53 KLSX 011600
CF6SET
PRELIMINARY LOCAL CLIMATOLOGICAL DATA (WS FORM: F-6)

                                          STATION:   ST_CHARLES MO
                                          MONTH:     JANUARY
                                          YEAR:      2013
                                          LATITUDE:   38 55 N
                                          LONGITUDE:  90 26 W

  TEMPERATURE IN F:       :PCPN:    SNOW:  WIND      :SUNSHINE: SKY     :PK WND
================================================================================
1   2   3   4   5  6A  6B    7    8   9   10  11  12  13   14  15   16   17  18
                                     12Z  AVG MX 2MIN
DY MAX MIN AVG DEP HDD CDD  WTR  SNW DPTH SPD SPD DIR MIN PSBL S-S WX    SPD DR
================================================================================

 1  28  13  21  -9  44   0 0.00  0.0    M  7.2 15  10   M    M   5 1      20  10
 2  30   9  20 -10  45   0 0.00  0.0    M  3.5 10 160   M    M   0 18     12 160
 3  40  13  27  -3  38   0 0.00  0.0    M  6.7 16 290   M    M   3 18     20 290
 4  40  19  30   0  35   0 0.00  0.0    M  4.8 16 230   M    M   1 1      20 250
 5  46  21  34   4  31   0    T  0.0    M  4.1 15 240   M    M   6        18 230
 6  40  22  31   1  34   0 0.00  0.0    0  9.9 23 290   M    M   4        30 290
 7  45  18  32   2  33   0 0.00  0.0    0  6.3 14 160   M    M   0 18     16 160
 8  53  25  39   9  26   0 0.00  0.0    0  6.6 13 140   M    M   2 18     15 140
 9  57  34  46  16  19   0    T  0.0    0  5.1 13 290   M    M   2        15 290
10  54  33  44  14  21   0 0.59  0.0    0  8.7 16 100   M    M   8 12     20 100
11  62  46  54  24  11   0 0.00  0.0    0  9.4 21 190   M    M   3 12     25 170
12  56  31  44  14  21   0 0.49  0.0    0  9.3 22 330   M    M   5 16     28 340
13  31  19  25  -5  40   0    T    M    0 10.0 18 310   M    M   7 6      23 310
14  26  17  22  -8  43   0 0.00  0.0    0  3.5 12 350   M    M   0        15 350
15  30  15  23  -7  42   0 0.00  0.0    0  5.4 12  10   M    M   3        15  10
16  41  16  29  -1  36   0 0.00  0.0    0  5.8 15 260   M    M   1        18 260
17  42  22  32   2  33   0 0.00  0.0    0  7.2 21 350   M    M   2        25 360
18  53  21  37   7  28   0 0.00  0.0    0  7.7 18 190   M    M   0        23 180
19  63  27  45  15  20   0 0.00  0.0    0  9.1 20 240   M    M   0        24 250
20  45  23  34   4  31   0 0.00  0.0    0  8.8 23 300   M    M   3        31 300
21  24  13  19 -11  46   0 0.00  0.0    0 12.1 24 310   M    M   4        30 310
22  17  10  14 -16  51   0    T    M    0  3.6 12 310   M    M   7 1      14 300
23  40   9  25  -5  40   0 0.00  0.0    0  4.6 16 340   M    M   0 1      21 340
24  27  14  21 -10  44   0 0.00  0.0    0 12.9 22 340   M    M   2        25  20
25  41  26  34   3  31   0    T    M    0  7.8 16 280   M    M   5        20 280
26  37  19  28  -3  37   0 0.00  0.0    0  7.4 14  40   M    M   0        17  10
27  48  25  37   6  28   0 0.26  0.0    0  9.7 16 140   M    M   8 16     21 120
28  72  45  59  28   6   0    T  0.0    0  9.3 15 160   M    M   7 12     20 170
29  68  51  60  29   5   0 1.43  0.0    0 12.3 26 170   M    M   7 13     33 190
30  53  28  41  10  24   0 0.16    M    0 17.5 31 290   M    M  10 1      41 290
31  31  11  21 -11  44   0    T    M    0 17.2 30 290   M    M   9        39 280
================================================================================
SM 1340  695       987   0  2.93     0.0 253.5          M      114
================================================================================
AV 43.2 22.4                               8.2 FASTST   M    M   4    MAX(MPH)
                                 MISC ---->  # 31 290               # 41  290
================================================================================
NOTES:
# LAST OF SEVERAL OCCURRENCES

COLUMN 17 PEAK WIND IN M.P.H.

PRELIMINARY LOCAL CLIMATOLOGICAL DATA (WS FORM: F-6) , PAGE 2

                                          STATION:  ST_CHARLES MO
                                          MONTH:    JANUARY
                                          YEAR:     2013
                                          LATITUDE:   38 55 N
                                          LONGITUDE:  90 26 W

[TEMPERATURE DATA]      [PRECIPITATION DATA]       SYMBOLS USED IN COLUMN 16

AVERAGE MONTHLY: 32.8   TOTAL FOR MONTH:   2.93    1 = FOG OR MIST
DPTR FM NORMAL:   2.5   DPTR FM NORMAL:    0.58    2 = FOG REDUCING VISIBILITY
HIGHEST:    72 ON 28    GRTST 24HR  1.59 ON 29-30      TO 1/4 MILE OR LESS
LOWEST:      9 ON 23, 2                            3 = THUNDER
                        SNOW, ICE PELLETS, HAIL    4 = ICE PELLETS
                        TOTAL MONTH:   0.0 INCH    5 = HAIL
                        GRTST 24HR     0.0         6 = FREEZING RAIN OR DRIZZLE
                        GRTST DEPTH:   0           7 = DUSTSTORM OR SANDSTORM:
                                                       VSBY 1/2 MILE OR LESS
                                                   8 = SMOKE OR HAZE
[NO. OF DAYS WITH]      [WEATHER - DAYS WITH]      9 = BLOWING SNOW
                                                   X = TORNADO
MAX 32 OR BELOW:   9    0.01 INCH OR MORE:   5
MAX 90 OR ABOVE:   0    0.10 INCH OR MORE:   5
MIN 32 OR BELOW:  26    0.50 INCH OR MORE:   2
MIN  0 OR BELOW:   0    1.00 INCH OR MORE:   1

[HDD (BASE 65) ]
TOTAL THIS MO.   987    CLEAR  (SCALE 0-3)  15
DPTR FM NORMAL   -89    PTCLDY (SCALE 4-7)  14
TOTAL FM JUL 1  2799    CLOUDY (SCALE 8-10)  2
DPTR FM NORMAL  -203

[CDD (BASE 65) ]
TOTAL THIS MO.     0
DPTR FM NORMAL     0    [PRESSURE DATA]
TOTAL FM JAN 1     0    HIGHEST SLP 30.64 ON 24
DPTR FM NORMAL     0    LOWEST  SLP 29.34 ON 30

[REMARKS]
#FINAL-01-13#
