000
CXUS53 KLSX 011600
CF6SET
PRELIMINARY LOCAL CLIMATOLOGICAL DATA (WS FORM: F-6)

                                          STATION:   ST_CHARLES MO
                                          MONTH:     MARCH
                                          YEAR:      2013
                                          LATITUDE:   38 55 N
                                          LONGITUDE:  90 26 W

  TEMPERATURE IN F:       :PCPN:    SNOW:  WIND      :SUNSHINE: SKY     :PK WND
================================================================================
1   2   3   4   5  6A  6B    7    8   9   10  11  12  13   14  15   16   17  18
                                     12Z  AVG MX 2MIN
DY MAX MIN AVG DEP HDD CDD  WTR  SNW DPTH SPD SPD DIR MIN PSBL S-S WX    SPD DR
================================================================================

 1  34  28  31  -8  34   0 0.06    M    M  9.6 17 360   M    M  10 1      21 360
 2  35  23  29 -11  36   0    T    T    M  9.6 18 310   M    M   7 8      33 310
 3  37  20  29 -11  36   0 0.00  0.0    M  4.3 13 110   M    M   5        15 110
 4  50  33  42   2  23   0 0.02    M    0 13.5 18 130   M    M   5 6      24 130
 5  39  31  35  -6  30   0 0.11    M    0 16.5 36 290   M    M  10 12     44 300
 6  37  25  31 -10  34   0 0.00  0.0    M 10.6 26 320   M    M   6        33 320
 7  45  21  33  -9  32   0 0.00  0.0    0  5.6 14 110   M    M   0 18     16 110
 8  52  29  41  -1  24   0 0.00  0.0    0 10.3 17 110   M    M   1 18     25 110
 9  62  40  51   9  14   0 0.30  0.0    0 12.3 24 140   M    M   5 1      30 140
10  56  44  50   7  15   0 1.29  0.0    0  8.2 21 270   M    M   9 13     26 270
11  44  33  39  -4  26   0    T    T    0 14.8 23 280   M    M  10 1      30 280
12  48  29  39  -5  26   0    T    T    0 13.4 32 300   M    M   3        40 300
13  41  26  34 -10  31   0    T    T    0 11.1 22 310   M    M   2        39 310
14  51  25  38  -6  27   0    T    T    0  6.9 20 170   M    M   4        23 170
15  68  30  49   4  16   0 0.00  0.0    0  3.6 12 150   M    M   0 18     14 140
16  58  38  48   3  17   0 0.01  0.0    0  9.9 23 330   M    M   7 18     30 330
17  39  32  36  -9  29   0 0.97    M    0 11.7 20  90   M    M  10 138    25  60
18  50  34  42  -4  23   0 0.01  0.0    0 11.7 26 300   M    M   6 1      33 290
19  46  29  38  -8  27   0 0.00  0.0    0  8.2 18 300   M    M   1        22 300
20  34  24  29 -17  36   0 0.00  0.0    0 13.2 26 340   M    M   3        35 340
21  36  20  28 -19  37   0 0.00  0.0    0  5.2 10  80   M    M   1        13  80
22  41  30  36 -11  29   0 0.00  0.0    0  6.8 12  90   M    M  10        16 100
23  54  36  45  -3  20   0 0.02  0.0    0  9.3 21  50   M    M   8        31  90
24  40  30  35 -13  30   0    M    M    M 16.7 26  10   M    M   8 123    32  10
25  35  29  32 -16  33   0    M    M    M 12.6 20 310   M    M  10 18     25 330
26  40  25  33 -16  32   0 0.00  0.0    M  8.3 16 310   M    M   7        20 300
27  44  19  32 -17  33   0 0.00  0.0    M  2.4  8 100   M    M   2 1      10  70
28  53  31  42  -7  23   0 0.00  0.0    M  8.9 16  90   M    M   8        21  90
29  61  38  50   0  15   0 0.00  0.0    0  6.3 12  40   M    M   2 1      15  50
30  55  37  46  -4  19   0 0.08  0.0    0  6.9 17 140   M    M   6 128    21 150
31  67  45  56   6   9   0 0.00  0.0    0  8.1 23 290   M    M   5 18     29 290
================================================================================
SM 1452  934       816   0  2.87    T    296.5          M      171
================================================================================
AV 46.8 30.1                               9.6 FASTST   M    M   6    MAX(MPH)
                                 MISC ---->  # 36 290               # 44  300
================================================================================
NOTES:
# LAST OF SEVERAL OCCURRENCES

COLUMN 17 PEAK WIND IN M.P.H.

PRELIMINARY LOCAL CLIMATOLOGICAL DATA (WS FORM: F-6) , PAGE 2

                                          STATION:  ST_CHARLES MO
                                          MONTH:    MARCH
                                          YEAR:     2013
                                          LATITUDE:   38 55 N
                                          LONGITUDE:  90 26 W

[TEMPERATURE DATA]      [PRECIPITATION DATA]       SYMBOLS USED IN COLUMN 16

AVERAGE MONTHLY: 38.5   TOTAL FOR MONTH:   2.87    1 = FOG OR MIST
DPTR FM NORMAL:  -6.5   DPTR FM NORMAL:   -0.34    2 = FOG REDUCING VISIBILITY
HIGHEST:    68 ON 15    GRTST 24HR  1.29 ON 10-10      TO 1/4 MILE OR LESS
LOWEST:     19 ON 27                               3 = THUNDER
                        SNOW, ICE PELLETS, HAIL    4 = ICE PELLETS
                        TOTAL MONTH:    T          5 = HAIL
                        GRTST 24HR    T  ON 14-14  6 = FREEZING RAIN OR DRIZZLE
                        GRTST DEPTH:   0           7 = DUSTSTORM OR SANDSTORM:
                                                       VSBY 1/2 MILE OR LESS
                                                   8 = SMOKE OR HAZE
[NO. OF DAYS WITH]      [WEATHER - DAYS WITH]      9 = BLOWING SNOW
                                                   X = TORNADO
MAX 32 OR BELOW:   0    0.01 INCH OR MORE:  10
MAX 90 OR ABOVE:   0    0.10 INCH OR MORE:   4
MIN 32 OR BELOW:  21    0.50 INCH OR MORE:   2
MIN  0 OR BELOW:   0    1.00 INCH OR MORE:   1

[HDD (BASE 65) ]
TOTAL THIS MO.   816    CLEAR  (SCALE 0-3)   8
DPTR FM NORMAL   192    PTCLDY (SCALE 4-7)  13
TOTAL FM JUL 1  4499    CLOUDY (SCALE 8-10) 10
DPTR FM NORMAL    32

[CDD (BASE 65) ]
TOTAL THIS MO.     0
DPTR FM NORMAL    -2    [PRESSURE DATA]
TOTAL FM JAN 1     0    HIGHEST SLP 30.44 ON  8
DPTR FM NORMAL    -2    LOWEST  SLP 29.58 ON 24

[REMARKS]
#FINAL-03-13#
