000
CXUS53 KLSX 011600
CF6SET
PRELIMINARY LOCAL CLIMATOLOGICAL DATA (WS FORM: F-6)

                                          STATION:   ST_CHARLES MO
                                          MONTH:     NOVEMBER
                                          YEAR:      2012
                                          LATITUDE:   38 55 N
                                          LONGITUDE:  90 26 W

  TEMPERATURE IN F:       :PCPN:    SNOW:  WIND      :SUNSHINE: SKY     :PK WND
================================================================================
1   2   3   4   5  6A  6B    7    8   9   10  11  12  13   14  15   16   17  18
                                     12Z  AVG MX 2MIN
DY MAX MIN AVG DEP HDD CDD  WTR  SNW DPTH SPD SPD DIR MIN PSBL S-S WX    SPD DR
================================================================================

 1  63  29  46  -5  19   0 0.00  0.0    0  3.8  M   M   M    M   4 8       M  M
 2  55  37  46  -5  19   0 0.00  0.0    0  6.9  M   M   M    M   0         M  M
 3  51  36  44  -6  21   0 0.00  0.0    0 10.4 20  90   M    M   5        24 100
 4  50  29  40 -10  25   0    T  0.0    0  2.9  9  90   M    M   4 12     12  40
 5  43  41  42  -8  23   0 0.15  0.0    0  7.6 14  90   M    M  10 18     17 110
 6  46  39  43  -6  22   0 0.03  0.0    0  4.8 14 280   M    M  10 18     17 280
 7  49  35  42  -7  23   0    T  0.0    0  6.7 18 340   M    M  10        23 340
 8  57  28  43  -5  22   0 0.00  0.0    0  5.5 16 140   M    M   3 12     20 140
 9  72  38  55   7  10   0 0.00  0.0    0 10.0 18 190   M    M   2        22 200
10  82  53  68  20   0   3    T  0.0    0 13.6 25 180   M    M   0        35 200
11  69  38  54   7  11   0 1.07  0.0    0 15.1 32 190   M    M   6 18     40 190
12  45  30  38  -9  27   0 0.00  0.0    0 11.5 24 290   M    M   2        30 280
13  48  26  37  -9  28   0 0.00  0.0    0  2.1 10 110   M    M   0        10 120
14  49  30  40  -6  25   0 0.00  0.0    0  5.0  9 110   M    M   0        13 100
15  54  28  41  -5  24   0 0.00  0.0    0  1.8  7 100   M    M   0 18      8 150
16  59  29  44  -1  21   0 0.00  0.0    0  2.3  8 100   M    M   0 128    10 120
17  58  28  43  -2  22   0 0.00  0.0    0  5.2 13 100   M    M   0 18     15 100
18  61  28  45   1  20   0 0.00  0.0    0  5.4 13 130   M    M   0 128    14 140
19  57  38  48   4  17   0 0.00  0.0    0  5.0 12 100   M    M   5 8      12 160
20  62  36  49   6  16   0 0.00  0.0    0  2.8 12 290   M    M   1 128    14 280
21  58  39  49   6  16   0 0.00  0.0    0  2.6  8  80   M    M   6 128     9 110
22  69  36  53  11  12   0 0.05  0.0    0 11.4 25 310   M    M   3 1238   30 310
23  52  29  41  -1  24   0 0.00  0.0    0 13.9 26 320   M    M   1        35 310
24  37  23  30 -11  35   0 0.00  0.0    0  6.2 12 290   M    M   0        15 290
25  55  27  41   0  24   0 0.00  0.0    0  5.9 14  30   M    M   0        18  20
26  44  28  36  -4  29   0 0.00  0.0    0 11.5 20 360   M    M   6        25 360
27  38  21  30 -10  35   0 0.00  0.0    0  2.4 10 350   M    M   0 18     14 360
28  50  21  36  -3  29   0 0.00  0.0    0  3.4  8 140   M    M   0 18      9 140
29  60  27  44   5  21   0 0.00  0.0    0  8.0 16 140   M    M   0 18     20 160
30  65  31  48  10  17   0 0.00  0.0    0  6.0 14 230   M    M   0 8      17 250
================================================================================
SM 1658  958       637   3  1.30     0.0 199.7          M       78
================================================================================
AV 55.3 31.9                               6.7 FASTST   M    M   3    MAX(MPH)
                                 MISC ---->  # 32 190               # 40  190
================================================================================
NOTES:
# LAST OF SEVERAL OCCURRENCES

COLUMN 17 PEAK WIND IN M.P.H.

PRELIMINARY LOCAL CLIMATOLOGICAL DATA (WS FORM: F-6) , PAGE 2

                                          STATION:  ST_CHARLES MO
                                          MONTH:    NOVEMBER
                                          YEAR:     2012
                                          LATITUDE:   38 55 N
                                          LONGITUDE:  90 26 W

[TEMPERATURE DATA]      [PRECIPITATION DATA]       SYMBOLS USED IN COLUMN 16

AVERAGE MONTHLY: 43.6   TOTAL FOR MONTH:   1.30    1 = FOG OR MIST
DPTR FM NORMAL:  -1.5   DPTR FM NORMAL:   -2.52    2 = FOG REDUCING VISIBILITY
HIGHEST:    82 ON 10    GRTST 24HR  1.07 ON 11-11      TO 1/4 MILE OR LESS
LOWEST:     21 ON 28,27                            3 = THUNDER
                        SNOW, ICE PELLETS, HAIL    4 = ICE PELLETS
                        TOTAL MONTH:   0.0 INCH    5 = HAIL
                        GRTST 24HR     0.0         6 = FREEZING RAIN OR DRIZZLE
                        GRTST DEPTH:   0           7 = DUSTSTORM OR SANDSTORM:
                                                       VSBY 1/2 MILE OR LESS
                                                   8 = SMOKE OR HAZE
[NO. OF DAYS WITH]      [WEATHER - DAYS WITH]      9 = BLOWING SNOW
                                                   X = TORNADO
MAX 32 OR BELOW:   0    0.01 INCH OR MORE:   4
MAX 90 OR ABOVE:   0    0.10 INCH OR MORE:   2
MIN 32 OR BELOW:  18    0.50 INCH OR MORE:   1
MIN  0 OR BELOW:   0    1.00 INCH OR MORE:   1

[HDD (BASE 65) ]
TOTAL THIS MO.   637    CLEAR  (SCALE 0-3)  19
DPTR FM NORMAL    39    PTCLDY (SCALE 4-7)   8
TOTAL FM JUL 1  1022    CLOUDY (SCALE 8-10)  3
DPTR FM NORMAL    82

[CDD (BASE 65) ]
TOTAL THIS MO.     3
DPTR FM NORMAL     2    [PRESSURE DATA]
TOTAL FM JAN 1  1739    HIGHEST SLP 30.55 ON 13
DPTR FM NORMAL   394    LOWEST  SLP 29.75 ON 11

[REMARKS]
#FINAL-11-12#
