000
CXUS53 KLSX 011400
CF6SET
PRELIMINARY LOCAL CLIMATOLOGICAL DATA (WS FORM: F-6)
STATION: ST_CHARLES MO
MONTH: OCTOBER
YEAR: 2022
LATITUDE: 38 55 N
LONGITUDE: 90 26 W
TEMPERATURE IN F: :PCPN: SNOW: WIND :SUNSHINE: SKY :PK WND
================================================================================
1 2 3 4 5 6A 6B 7 8 9 10 11 12 13 14 15 16 17 18
12Z AVG MX 2MIN
DY MAX MIN AVG DEP HDD CDD WTR SNW DPTH SPD SPD DIR MIN PSBL S-S WX SPD DR
================================================================================
1 77 46 62 -2 3 0 0.00 0.0 0 5.9 16 10 M M 0 20 10
2 79 46 63 0 2 0 0.00 0.0 0 5.2 13 30 M M 0 20 20
3 75 47 61 -2 4 0 0.00 0.0 0 4.6 13 80 M M 0 18 70
4 77 37 57 -5 8 0 0.00 0.0 0 1.5 9 110 M M 1 128 14 120
5 79 39 59 -3 6 0 T 0.0 0 3.2 14 210 M M 3 128 23 230
6 80 50 65 3 0 0 0.00 0.0 0 7.3 20 20 M M 2 28 360
7 65 44 55 -6 10 0 0.00 0.0 0 9.0 18 360 M M 2 25 30
8 63 33 48 -13 17 0 0.00 0.0 0 2.0 13 250 M M 0 1 19 270
9 74 34 54 -6 11 0 0.00 0.0 0 4.0 17 240 M M 0 12 27 230
10 82 42 62 2 3 0 0.00 0.0 0 3.3 13 220 M M 1 17 220
11 73 60 67 7 0 2 0.38 0.0 0 6.5 15 170 M M 9 1 20 180
12 74 48 61 2 4 0 0.01 0.0 0 9.1 30 350 M M 6 3 44 350
13 66 36 51 -8 14 0 T 0.0 0 6.6 26 280 M M 1 1 39 290
14 71 29 50 -8 15 0 0.00 0.0 0 7.8 23 260 M M 2 34 250
15 66 32 49 -9 16 0 0.00 0.0 0 3.4 12 330 M M 0 8 17 340
16 68 40 54 -4 11 0 0.00 0.0 0 6.5 22 340 M M 2 31 350
17 50 36 43 -14 22 0 0.00 0.0 0 13.0 25 320 M M 0 34 290
18 52 31 42 -15 23 0 0.00 0.0 0 12.7 23 300 M M 1 32 280
19 53 28 41 -15 24 0 0.00 0.0 0 7.7 20 270 M M 0 25 270
20 74 26 50 -6 15 0 0.00 0.0 0 4.5 18 230 M M 0 8 26 250
21 84 37 61 5 4 0 0.00 0.0 0 8.3 18 180 M M 0 8 27 200
22 87 47 67 12 0 2 0.00 0.0 0 13.4 26 180 M M 0 37 180
23 81 60 71 16 0 6 T 0.0 0 16.2 29 160 M M 3 35 170
24 80 63 72 18 0 7 0.12 0.0 0 14.3 30 170 M M 4 1 40 160
25 63 45 54 0 11 0 2.12 0.0 0 12.9 37 10 M M 10 13 51 10
26 63 39 51 -2 14 0 0.00 0.0 0 6.3 18 310 M M 1 18 24 310
27 62 38 50 -3 15 0 0.00 0.0 0 8.0 16 90 M M 0 12 24 90
28 66 37 52 -1 13 0 0.00 0.0 0 6.1 13 40 M M 0 18 10
29 71 38 55 3 10 0 0.01 0.0 0 5.0 12 90 M M 0 12 16 100
30 60 53 57 5 8 0 0.65 0.0 0 5.3 15 40 M M 10 1 18 40
31 62 45 54 3 11 0 T 0.0 0 5.0 13 280 M M 8 12 16 280
================================================================================
SM 2177 1286 294 17 3.29 0.0 224.6 M 66
================================================================================
AV 70.2 41.5 7.2 FASTST M M 2 MAX(MPH)
MISC ----> 37 10 51 10
================================================================================
NOTES:
# LAST OF SEVERAL OCCURRENCES
COLUMN 17 PEAK WIND IN M.P.H.
PRELIMINARY LOCAL CLIMATOLOGICAL DATA (WS FORM: F-6) , PAGE 2
STATION: ST_CHARLES MO
MONTH: OCTOBER
YEAR: 2022
LATITUDE: 38 55 N
LONGITUDE: 90 26 W
[TEMPERATURE DATA] [PRECIPITATION DATA] SYMBOLS USED IN COLUMN 16
AVERAGE MONTHLY: 55.9 TOTAL FOR MONTH: 3.29 1 = FOG OR MIST
DPTR FM NORMAL: -1.6 DPTR FM NORMAL: 0.63 2 = FOG REDUCING VISIBILITY
HIGHEST: 87 ON 22 GRTST 24HR 2.22 ON 24-25 TO 1/4 MILE OR LESS
LOWEST: 26 ON 20 3 = THUNDER
SNOW, ICE PELLETS, HAIL 4 = ICE PELLETS
TOTAL MONTH: 0.0 INCH 5 = HAIL
GRTST 24HR 0.0 6 = FREEZING RAIN OR DRIZZLE
GRTST DEPTH: 0 7 = DUSTSTORM OR SANDSTORM:
VSBY 1/2 MILE OR LESS
8 = SMOKE OR HAZE
[NO. OF DAYS WITH] [WEATHER - DAYS WITH] 9 = BLOWING SNOW
X = TORNADO
MAX 32 OR BELOW: 0 0.01 INCH OR MORE: 6
MAX 90 OR ABOVE: 0 0.10 INCH OR MORE: 4
MIN 32 OR BELOW: 5 0.50 INCH OR MORE: 2
MIN 0 OR BELOW: 0 1.00 INCH OR MORE: 1
[HDD (BASE 65) ]
TOTAL THIS MO. 294 CLEAR (SCALE 0-3) 24
DPTR FM NORMAL 29 PTCLDY (SCALE 4-7) 4
TOTAL FM JUL 1 339 CLOUDY (SCALE 8-10) 3
DPTR FM NORMAL 32
[CDD (BASE 65) ]
TOTAL THIS MO. 17
DPTR FM NORMAL -17 [PRESSURE DATA]
TOTAL FM JAN 1 1632 HIGHEST SLP 30.49 ON 8
DPTR FM NORMAL 167 LOWEST SLP 29.46 ON 25
[REMARKS]
#FINAL-10-22#