000
CXUS53 KLSX 022128
CF6SET
PRELIMINARY LOCAL CLIMATOLOGICAL DATA (WS FORM: F-6)

                                          STATION:   ST_CHARLES MO
                                          MONTH:     FEBRUARY
                                          YEAR:      2013
                                          LATITUDE:   38 55 N
                                          LONGITUDE:  90 26 W

  TEMPERATURE IN F:       :PCPN:    SNOW:  WIND      :SUNSHINE: SKY     :PK WND
================================================================================
1   2   3   4   5  6A  6B    7    8   9   10  11  12  13   14  15   16   17  18
                                     12Z  AVG MX 2MIN
DY MAX MIN AVG DEP HDD CDD  WTR  SNW DPTH SPD SPD DIR MIN PSBL S-S WX    SPD DR
================================================================================

 1  29   8  19 -13  46   0 0.00  0.0    0  8.8 25 300   M    M   3        32 300
 2  41  26  34   2  31   0    M    M    0  8.3 22 300   M    M   8 1      29 290
 3  34  19  27  -5  38   0    M    M    M  8.4 24 320   M    M   4 12     31 300
 4  53  23  38   6  27   0 0.00  0.0    M  8.1 17  10   M    M   4        22 340
 5  54  28  41   9  24   0 0.00  0.0    0  7.0 21 300   M    M   4 18     25 300
 6  51  24  38   5  27   0 0.00  0.0    0  6.0 15 100   M    M   0 18     17 100
 7  45  32  39   6  26   0 0.22  0.0    0  6.7 21 330   M    M   8 18     25 320
 8  38  30  34   1  31   0 0.00  0.0    0  8.8 22 360   M    M  10 18     26 350
 9  42  30  36   3  29   0 0.09  0.0    0  9.5 16 140   M    M   7        21 130
10  57  38  48  14  17   0 0.44  0.0    0 16.6 33 260   M    M   7 13     44 260
11  49  30  40   6  25   0 0.00  0.0    0 14.4 32 260   M    M   2        40 260
12  43  26  35   1  30   0 0.00  0.0    0  1.5  7  20   M    M   2 1       9 210
13  53  32  43   9  22   0 0.00  0.0    0  5.9 17 270   M    M   2        22 260
14  54  30  42   7  23   0 0.00  0.0    0  8.4 22 270   M    M   1        26 270
15  42  26  34  -1  31   0 0.00  0.0    0  9.8 20 320   M    M   3        25 320
16  36  20  28  -7  37   0 0.00  0.0    0  6.9 16 300   M    M   0        21 320
17  46  19  33  -2  32   0 0.00  0.0    0 10.4 20 150   M    M   3        24 150
18  57  31  44   8  21   0 0.21  0.0    0 16.3 31 310   M    M   5 1      44 310
19  33  23  28  -8  37   0 0.00  0.0    0 16.9 28 290   M    M   2        36 290
20  25  15  20 -16  45   0 0.00  0.0    0  5.8 14 340   M    M   1        17 320
21  31  18  25 -12  40   0    M    M    0 13.2 29  90   M    M   9 126    39  80
22  35  16  26 -11  39   0 0.00  0.0    M  8.6 21 260   M    M   7 1      24 270
23  33  10  22 -15  43   0 0.00  0.0    M  4.6 10 260   M    M   0 18     14 330
24  39  10  25 -13  40   0    T    M    M  4.8 14 100   M    M   3 128    14 110
25  44  25  35  -3  30   0 0.10    M    M 12.5 25  40   M    M   3 1      33  40
26  37  33  35  -3  30   0 0.82    M    M 12.9 30  40   M    M  10 1      38  30
27  34  32  33  -6  32   0 0.03    M    M 12.9 21 280   M    M  10 18     26 280
28  35  32  34  -5  31   0 0.02    M    M  9.6 17 310   M    M  10 18     22 310
================================================================================
SM 1170  686       884   0  1.93     0.0 263.6          M      128
================================================================================
AV 41.8 24.5                               9.4 FASTST   M    M   5    MAX(MPH)
                                 MISC ---->  # 33 260               # 44  260
================================================================================
NOTES:
# LAST OF SEVERAL OCCURRENCES

COLUMN 17 PEAK WIND IN M.P.H.

PRELIMINARY LOCAL CLIMATOLOGICAL DATA (WS FORM: F-6) , PAGE 2

                                          STATION:  ST_CHARLES MO
                                          MONTH:    FEBRUARY
                                          YEAR:     2013
                                          LATITUDE:   38 55 N
                                          LONGITUDE:  90 26 W

[TEMPERATURE DATA]      [PRECIPITATION DATA]       SYMBOLS USED IN COLUMN 16

AVERAGE MONTHLY: 33.1   TOTAL FOR MONTH:   1.93    1 = FOG OR MIST
DPTR FM NORMAL:  -1.8   DPTR FM NORMAL:   -0.30    2 = FOG REDUCING VISIBILITY
HIGHEST:    57 ON 18,10 GRTST 24HR  0.92 ON 25-26      TO 1/4 MILE OR LESS
LOWEST:      8 ON  1                               3 = THUNDER
                        SNOW, ICE PELLETS, HAIL    4 = ICE PELLETS
                        TOTAL MONTH:   0.0 INCH    5 = HAIL
                        GRTST 24HR     0.0         6 = FREEZING RAIN OR DRIZZLE
                        GRTST DEPTH:   0           7 = DUSTSTORM OR SANDSTORM:
                                                       VSBY 1/2 MILE OR LESS
                                                   8 = SMOKE OR HAZE
[NO. OF DAYS WITH]      [WEATHER - DAYS WITH]      9 = BLOWING SNOW
                                                   X = TORNADO
MAX 32 OR BELOW:   3    0.01 INCH OR MORE:   8
MAX 90 OR ABOVE:   0    0.10 INCH OR MORE:   5
MIN 32 OR BELOW:  26    0.50 INCH OR MORE:   1
MIN  0 OR BELOW:   0    1.00 INCH OR MORE:   0

[HDD (BASE 65) ]
TOTAL THIS MO.   884    CLEAR  (SCALE 0-3)  13
DPTR FM NORMAL    43    PTCLDY (SCALE 4-7)   9
TOTAL FM JUL 1  3683    CLOUDY (SCALE 8-10)  6
DPTR FM NORMAL  -160

[CDD (BASE 65) ]
TOTAL THIS MO.     0
DPTR FM NORMAL     0    [PRESSURE DATA]
TOTAL FM JAN 1     0    HIGHEST SLP 30.52 ON  1
DPTR FM NORMAL     0    LOWEST  SLP 29.37 ON 26

[REMARKS]
#FINAL-02-13#
