000
CXUS53 KLSX 011600
CF6SET
PRELIMINARY LOCAL CLIMATOLOGICAL DATA (WS FORM: F-6)

                                          STATION:   ST_CHARLES MO
                                          MONTH:     NOVEMBER
                                          YEAR:      2016
                                          LATITUDE:   38 55 N
                                          LONGITUDE:  90 26 W

  TEMPERATURE IN F:       :PCPN:    SNOW:  WIND      :SUNSHINE: SKY     :PK WND
================================================================================
1   2   3   4   5  6A  6B    7    8   9   10  11  12  13   14  15   16   17  18
                                     12Z  AVG MX 2MIN
DY MAX MIN AVG DEP HDD CDD  WTR  SNW DPTH SPD SPD DIR MIN PSBL S-S WX    SPD DR
================================================================================

 1  84  54  69  18   0   4 0.00  0.0    0  9.2 20 180   M    M   0        27 220
 2  84  58  71  20   0   6 1.06  0.0    0  8.4 25 350   M    M   4 13     31 350
 3  68  52  60  10   5   0 0.21  0.0    0  4.6 15 360   M    M   4 13     19 180
 4  67  46  57   7   8   0 0.00  0.0    0  2.4  8  40   M    M   0        11 110
 5  63  42  53   3  12   0 0.00  0.0    0  0.6  6  70   M    M   3 12      7 200
 6  64  39  52   3  13   0 0.00  0.0    0  4.9 14 100   M    M   2 12     18 100
 7  70  46  58   9   7   0    T  0.0    0  6.2 12 140   M    M   3        14 140
 8  60  50  55   7  10   0 0.06  0.0    0  4.3  M   M   M    M   7 1       M  M
 9  60  35  48   0  17   0 0.00  0.0    0  4.1 10 330   M    M   0 1      14  30
10  65  32  49   1  16   0 0.00  0.0    0  4.0 16 240   M    M   3 12     20 220
11  62  38  50   3  15   0 0.00  0.0    0 11.5 20  20   M    M   0        26  20
12  54  33  44  -3  21   0 0.00  0.0    0  4.4 16  30   M    M   0 12     21  20
13  60  27  44  -2  21   0 0.00  0.0    0  3.4 13 170   M    M   3 12     18 190
14  67  34  51   5  14   0 0.00  0.0    0  3.4 13 230   M    M   1 18     17 240
15  62  39  51   5  14   0 0.00  0.0    0  4.3 13 270   M    M   0 128    16 280
16  69  36  53   8  12   0 0.00  0.0    0  5.2 12 100   M    M   1 12     12 220
17  82  46  64  19   1   0 0.00  0.0    0 11.9 24 190   M    M   0        32 200
18  68  43  56  12   9   0 0.02  0.0    0 17.3 33 300   M    M   5 138    42 300
19  48  31  40  -4  25   0 0.00  0.0    0 16.2 30 290   M    M   2        40 290
20  45  26  36  -7  29   0 0.00  0.0    0  4.7 13 340   M    M   0        17 350
21  49  25  37  -6  28   0 0.00  0.0    0  9.6 17 110   M    M   0        20 110
22  49  34  42   0  23   0 0.13  0.0    0 11.5 20 110   M    M   5 1      23 120
23  54  44  49   7  16   0 0.12  0.0    0  9.1 23 290   M    M  10 1      29 300
24  44  33  39  -2  26   0 0.00  0.0    0  5.6 17 290   M    M   9 1      20 290
25  46  33  40  -1  25   0 0.00  0.0    0  3.9 13 280   M    M   9 128    15 280
26  51  27  39  -1  26   0 0.00  0.0    0  4.6 15 160   M    M   2 12     17 160
27  50  30  40   0  25   0 0.14  0.0    0 11.4 24 150   M    M   7 1      31 150
28  54  44  49  10  16   0 0.20  0.0    0 14.5 31 150   M    M   7 1      39 160
29  61  39  50  11  15   0 0.00  0.0    0  7.6 18 230   M    M   1        24 220
30  44  32  38   0  27   0 0.00  0.0    0 10.7 22 280   M    M   5        29 270
================================================================================
SM 1804 1148       476  10  1.94     0.0 219.5          M       93
================================================================================
AV 60.1 38.3                               7.3 FASTST   M    M   3    MAX(MPH)
                                 MISC ---->  # 33 300               # 42  300
================================================================================
NOTES:
# LAST OF SEVERAL OCCURRENCES

COLUMN 17 PEAK WIND IN M.P.H.

PRELIMINARY LOCAL CLIMATOLOGICAL DATA (WS FORM: F-6) , PAGE 2

                                          STATION:  ST_CHARLES MO
                                          MONTH:    NOVEMBER
                                          YEAR:     2016
                                          LATITUDE:   38 55 N
                                          LONGITUDE:  90 26 W

[TEMPERATURE DATA]      [PRECIPITATION DATA]       SYMBOLS USED IN COLUMN 16

AVERAGE MONTHLY: 49.2   TOTAL FOR MONTH:   1.94    1 = FOG OR MIST
DPTR FM NORMAL:   4.1   DPTR FM NORMAL:   -1.88    2 = FOG REDUCING VISIBILITY
HIGHEST:    84 ON  2, 1 GRTST 24HR  1.27 ON  2- 3      TO 1/4 MILE OR LESS
LOWEST:     25 ON 21                               3 = THUNDER
                        SNOW, ICE PELLETS, HAIL    4 = ICE PELLETS
                        TOTAL MONTH:   0.0 INCH    5 = HAIL
                        GRTST 24HR     0.0         6 = FREEZING RAIN OR DRIZZLE
                        GRTST DEPTH:   0           7 = DUSTSTORM OR SANDSTORM:
                                                       VSBY 1/2 MILE OR LESS
                                                   8 = SMOKE OR HAZE
[NO. OF DAYS WITH]      [WEATHER - DAYS WITH]      9 = BLOWING SNOW
                                                   X = TORNADO
MAX 32 OR BELOW:   0    0.01 INCH OR MORE:   8
MAX 90 OR ABOVE:   0    0.10 INCH OR MORE:   6
MIN 32 OR BELOW:   8    0.50 INCH OR MORE:   1
MIN  0 OR BELOW:   0    1.00 INCH OR MORE:   1

[HDD (BASE 65) ]
TOTAL THIS MO.   476    CLEAR  (SCALE 0-3)  18
DPTR FM NORMAL  -122    PTCLDY (SCALE 4-7)   9
TOTAL FM JUL 1   622    CLOUDY (SCALE 8-10)  3
DPTR FM NORMAL  -318

[CDD (BASE 65) ]
TOTAL THIS MO.    10
DPTR FM NORMAL     9    [PRESSURE DATA]
TOTAL FM JAN 1  1626    HIGHEST SLP 30.50 ON 12
DPTR FM NORMAL   281    LOWEST  SLP 29.22 ON 28

[REMARKS]
#FINAL-11-16#
