000
CXUS53 KLSX 011600
CF6SET
PRELIMINARY LOCAL CLIMATOLOGICAL DATA (WS FORM: F-6)

                                          STATION:   ST_CHARLES MO
                                          MONTH:     MARCH
                                          YEAR:      2014
                                          LATITUDE:   38 55 N
                                          LONGITUDE:  90 26 W

  TEMPERATURE IN F:       :PCPN:    SNOW:  WIND      :SUNSHINE: SKY     :PK WND
================================================================================
1   2   3   4   5  6A  6B    7    8   9   10  11  12  13   14  15   16   17  18
                                     12Z  AVG MX 2MIN
DY MAX MIN AVG DEP HDD CDD  WTR  SNW DPTH SPD SPD DIR MIN PSBL S-S WX    SPD DR
================================================================================

 1  39  22  31  -8  34   0    T    M    0  9.3 20  30   M    M   9 168    26  20
 2  22   5  14 -26  51   0    M    M    M 15.7 23  10   M    M   8 1689   29  10
 3  22   2  12 -28  53   0 0.00  0.0    M  8.5 20  10   M    M   0        26  10
 4  38  12  25 -15  40   0 0.00  0.0    M  5.9 12 210   M    M   0        14 150
 5  41  22  32  -9  33   0 0.00  0.0    0 10.0 17  60   M    M   0 18     22  60
 6  47  23  35  -6  30   0 0.00  0.0    0  6.0 14  40   M    M   0 18     17  40
 7  59  24  42   0  23   0 0.00  0.0    0  5.3 14 140   M    M   0 18     19 110
 8  41  35  38  -4  27   0 0.00  0.0    0  8.0 15 360   M    M   9 18     19 360
 9  56  25  41  -1  24   0 0.00  0.0    0  6.6 16 220   M    M   1 128    20 230
10  77  34  56  13   9   0 0.00  0.0    0  9.0 18 240   M    M   0 18     24 240
11  81  34  58  15   7   0 0.39  0.0    0  9.8 31 300   M    M   3 138    38 300
12  45  31  38  -6  27   0 0.27    M    0 15.5 31 340   M    M   7 1      45 350
13  64  26  45   1  20   0 0.00  0.0    0  6.3 16 170   M    M   0        22 170
14  67  32  50   6  15   0 0.00  0.0    0 11.2 28 250   M    M   0        38 260
15  70  28  49   4  16   0 0.00  0.0    0  9.1 22  50   M    M   0        27  50
16  43  24  34 -11  31   0    T    M    0 20.6 35  40   M    M   5        45  40
17  47  18  33 -12  32   0 0.00  0.0    0  6.4 14  30   M    M   0        18  30
18  60  29  45  -1  20   0    T  0.0    0 15.1 32 140   M    M   1 138    40 130
19  51  28  40  -6  25   0 0.00  0.0    0 13.5 28 290   M    M   5 8      39 280
20  68  23  46   0  19   0 0.00  0.0    0  6.4 23 250   M    M   1 128    30 260
21  77  35  56   9   9   0 0.00  0.0    0 11.9 26 260   M    M   2        37 250
22  49  34  42  -5  23   0 0.00  0.0    0 11.4 21 360   M    M   4        25 360
23  42  25  34 -14  31   0 0.00  0.0    0  9.5 20 360   M    M   2        24 360
24  40  20  30 -18  35   0 0.00  0.0    0  4.2 14 220   M    M   6        16 220
25  39  20  30 -18  35   0    T    M    M 12.7 28 340   M    M   5 1      33 320
26  52  16  34 -15  31   0 0.01  0.0    0 12.1 23 160   M    M   3        33 140
27  60  39  50   1  15   0 0.20  0.0    0 16.2 29 180   M    M  10 3      35 180
28  51  39  45  -4  20   0    T  0.0    0  9.5 29 290   M    M   7        36 280
29  48  26  37 -13  28   0 0.00  0.0    0  8.8 17 340   M    M   6 128    24 330
30  66  23  45  -5  20   0 0.00  0.0    0  8.7 17 150   M    M   3 128    21 140
31  69  40  55   5  10   0    T  0.0    0 14.9 30 210   M    M   2        37 210
================================================================================
SM 1631  794       793   0  0.87     0.0 318.1          M       99
================================================================================
AV 52.6 25.6                              10.3 FASTST   M    M   3    MAX(MPH)
                                 MISC ---->  # 35  40               # 45  350
================================================================================
NOTES:
# LAST OF SEVERAL OCCURRENCES

COLUMN 17 PEAK WIND IN M.P.H.

PRELIMINARY LOCAL CLIMATOLOGICAL DATA (WS FORM: F-6) , PAGE 2

                                          STATION:  ST_CHARLES MO
                                          MONTH:    MARCH
                                          YEAR:     2014
                                          LATITUDE:   38 55 N
                                          LONGITUDE:  90 26 W

[TEMPERATURE DATA]      [PRECIPITATION DATA]       SYMBOLS USED IN COLUMN 16

AVERAGE MONTHLY: 39.1   TOTAL FOR MONTH:   0.87    1 = FOG OR MIST
DPTR FM NORMAL:  -5.9   DPTR FM NORMAL:   -2.34    2 = FOG REDUCING VISIBILITY
HIGHEST:    81 ON 11    GRTST 24HR  0.39 ON 11-11      TO 1/4 MILE OR LESS
LOWEST:      2 ON  3                               3 = THUNDER
                        SNOW, ICE PELLETS, HAIL    4 = ICE PELLETS
                        TOTAL MONTH:   0.0 INCH    5 = HAIL
                        GRTST 24HR     0.0         6 = FREEZING RAIN OR DRIZZLE
                        GRTST DEPTH:   0           7 = DUSTSTORM OR SANDSTORM:
                                                       VSBY 1/2 MILE OR LESS
                                                   8 = SMOKE OR HAZE
[NO. OF DAYS WITH]      [WEATHER - DAYS WITH]      9 = BLOWING SNOW
                                                   X = TORNADO
MAX 32 OR BELOW:   2    0.01 INCH OR MORE:   4
MAX 90 OR ABOVE:   0    0.10 INCH OR MORE:   3
MIN 32 OR BELOW:  23    0.50 INCH OR MORE:   0
MIN  0 OR BELOW:   0    1.00 INCH OR MORE:   0

[HDD (BASE 65) ]
TOTAL THIS MO.   793    CLEAR  (SCALE 0-3)  17
DPTR FM NORMAL   169    PTCLDY (SCALE 4-7)  10
TOTAL FM JUL 1  5203    CLOUDY (SCALE 8-10)  4
DPTR FM NORMAL   736

[CDD (BASE 65) ]
TOTAL THIS MO.     0
DPTR FM NORMAL    -2    [PRESSURE DATA]
TOTAL FM JAN 1     0    HIGHEST SLP 30.57 ON  3
DPTR FM NORMAL    -2    LOWEST  SLP 29.42 ON 11

[REMARKS]
#FINAL-03-14#
