000
CXUS53 KLSX 011600
CF6SET
PRELIMINARY LOCAL CLIMATOLOGICAL DATA (WS FORM: F-6)

                                          STATION:   ST_CHARLES MO
                                          MONTH:     JANUARY
                                          YEAR:      2016
                                          LATITUDE:   38 55 N
                                          LONGITUDE:  90 26 W

  TEMPERATURE IN F:       :PCPN:    SNOW:  WIND      :SUNSHINE: SKY     :PK WND
================================================================================
1   2   3   4   5  6A  6B    7    8   9   10  11  12  13   14  15   16   17  18
                                     12Z  AVG MX 2MIN
DY MAX MIN AVG DEP HDD CDD  WTR  SNW DPTH SPD SPD DIR MIN PSBL S-S WX    SPD DR
================================================================================

 1   M   M   M   M   M   M 0.00  0.0    0   M   M   M   M    M   0         M  M
 2   M   M   M   M   M   M 0.00  0.0    0   M   M   M   M    M   0         M  M
 3   M   M   M   M   M   M 0.00  0.0    0   M   M   M   M    M   0         M  M
 4  36  25  31   1  34   0 0.00  0.0    0   M  14  20   M    M   2        17 350
 5  40  22  31   1  34   0 0.00  0.0    0  6.9 15 170   M    M   0        18 170
 6  44  26  35   5  30   0    T  0.0    0  7.6 13 140   M    M   3        14 140
 7  49  38  44  14  21   0 0.09    M    0  8.8 16 100   M    M  10 1      18 100
 8  53  42  48  18  17   0 0.10  0.0    0  9.4 16 270   M    M   9 1      19 260
 9  43  16  30   0  35   0 0.38    M    0 12.5 28 310   M    M  10 1      37 310
10  16   6  11 -19  54   0    T    M    M 15.5 30 300   M    M   1 1      38 310
11  37  12  25  -5  40   0 0.00  0.0    M 10.3 31 260   M    M   6        39 260
12  37  17  27  -3  38   0 0.00  0.0    M 12.0 31 310   M    M   2        41 340
13  45  14  30   0  35   0 0.00  0.0    0  5.5 15 180   M    M   1        19 170
14  62  26  44  14  21   0 0.00  0.0    0  7.5 18 180   M    M   0        22 180
15  47  29  38   8  27   0 0.08  0.0    0 11.3 23 300   M    M   8 18     29 310
16  33  25  29  -1  36   0 0.00  0.0    0  8.2 18 290   M    M   6        22 290
17  26   7  17 -13  48   0    T    M    M 11.1 20 300   M    M   3 18     27 330
18  16   4  10 -20  55   0 0.00  0.0    M  9.1 17 290   M    M   3        21 290
19  23  10  17 -13  48   0    T    M    M  7.4 14 100   M    M   7 18     17 110
20  27  10  19 -11  46   0    T    M    M  6.0 14  90   M    M   5 1      16 100
21  26  14  20 -10  45   0 0.00  0.0    M  9.8 20  40   M    M   5        24  40
22  31  21  26  -4  39   0 0.00  0.0    M 13.4 24  20   M    M   6        32  20
23  33  18  26  -4  39   0 0.00  0.0    M  5.8 15 330   M    M   3 1      19 330
24  46  18  32   1  33   0 0.00  0.0    0  8.0 14 140   M    M   0        18 130
25  51  30  41  10  24   0 0.00  0.0    0 13.5 31 260   M    M   5 8      38 260
26  36  31  34   3  31   0 0.00  0.0    0 12.4 25 270   M    M  10        33 270
27  41  31  36   5  29   0 0.00  0.0    0  4.8 12 180   M    M   6        16 230
28  52  35  44  13  21   0 0.00  0.0    0 11.0 22 300   M    M   4        27 300
29  49  26  38   7  27   0 0.00  0.0    0  6.2 16 130   M    M   1        19 140
30  61  32  47  16  18   0 0.00  0.0    0  5.3 10 170   M    M   0 1      13 170
31  65  38  52  20  13   0 0.00  0.0    0 11.1 22 270   M    M   1 1      27 250
================================================================================
SM 1125  623       938   0  0.65     0.0 250.4          M      117
================================================================================
AV 40.2 22.2                               9.3 FASTST   M    M   4    MAX(MPH)
                                 MISC ---->  # 31 260               # 41  340
================================================================================
NOTES:
# LAST OF SEVERAL OCCURRENCES

COLUMN 17 PEAK WIND IN M.P.H.

PRELIMINARY LOCAL CLIMATOLOGICAL DATA (WS FORM: F-6) , PAGE 2

                                          STATION:  ST_CHARLES MO
                                          MONTH:    JANUARY
                                          YEAR:     2016
                                          LATITUDE:   38 55 N
                                          LONGITUDE:  90 26 W

[TEMPERATURE DATA]      [PRECIPITATION DATA]       SYMBOLS USED IN COLUMN 16

AVERAGE MONTHLY: 31.2   TOTAL FOR MONTH:   0.65    1 = FOG OR MIST
DPTR FM NORMAL:   0.9   DPTR FM NORMAL:   -1.70    2 = FOG REDUCING VISIBILITY
HIGHEST:    65 ON 31    GRTST 24HR  0.38 ON  9- 9      TO 1/4 MILE OR LESS
LOWEST:      4 ON 18                               3 = THUNDER
                        SNOW, ICE PELLETS, HAIL    4 = ICE PELLETS
                        TOTAL MONTH:   0.0 INCH    5 = HAIL
                        GRTST 24HR     0.0         6 = FREEZING RAIN OR DRIZZLE
                        GRTST DEPTH:   0           7 = DUSTSTORM OR SANDSTORM:
                                                       VSBY 1/2 MILE OR LESS
                                                   8 = SMOKE OR HAZE
[NO. OF DAYS WITH]      [WEATHER - DAYS WITH]      9 = BLOWING SNOW
                                                   X = TORNADO
MAX 32 OR BELOW:   7    0.01 INCH OR MORE:   4
MAX 90 OR ABOVE:   0    0.10 INCH OR MORE:   2
MIN 32 OR BELOW:  24    0.50 INCH OR MORE:   0
MIN  0 OR BELOW:   0    1.00 INCH OR MORE:   0

[HDD (BASE 65) ]
TOTAL THIS MO.   938    CLEAR  (SCALE 0-3)  15
DPTR FM NORMAL  -138    PTCLDY (SCALE 4-7)  12
TOTAL FM JUL 1  2275    CLOUDY (SCALE 8-10)  4
DPTR FM NORMAL  -727

[CDD (BASE 65) ]
TOTAL THIS MO.     0
DPTR FM NORMAL     0    [PRESSURE DATA]
TOTAL FM JAN 1     0    HIGHEST SLP 30.56 ON 19
DPTR FM NORMAL     0    LOWEST  SLP 29.45 ON 15

[REMARKS]
#FINAL-01-16#
