000
CXUS53 KLSX 300308
CF6SET
PRELIMINARY LOCAL CLIMATOLOGICAL DATA (WS FORM: F-6)

                                          STATION:   ST_CHARLES MO
                                          MONTH:     JUNE
                                          YEAR:      2015
                                          LATITUDE:   38 55 N
                                          LONGITUDE:  90 26 W

  TEMPERATURE IN F:       :PCPN:    SNOW:  WIND      :SUNSHINE: SKY     :PK WND
================================================================================
1   2   3   4   5  6A  6B    7    8   9   10  11  12  13   14  15   16   17  18
                                     12Z  AVG MX 2MIN
DY MAX MIN AVG DEP HDD CDD  WTR  SNW DPTH SPD SPD DIR MIN PSBL S-S WX    SPD DR
================================================================================

 1  66  55  61  -9   4   0 0.00  0.0    0  7.2 13  30   M    M  10 1      19  20
 2  74  56  65  -6   0   0 0.00  0.0    0  5.7 16  80   M    M   4 1      22  80
 3  75  56  66  -5   0   1 0.00  0.0    0  5.5 15 120   M    M   4 1      18 180
 4  76  62  69  -2   0   4 0.05  0.0    0  4.3 16 280   M    M   4 13     30 260
 5  84  66  75   4   0  10 0.73  0.0    0  6.8 17  60   M    M   3 13     21  60
 6  83  61  72   0   0   7 0.00  0.0    0  5.8 17  60   M    M   0        21  70
 7  94  67  81   9   0  16 0.52  0.0    0 12.0 26 220   M    M   3 13     32 210
 8  85  67  76   4   0  11 0.95  0.0    0  7.7 20 250   M    M   4 13     26 290
 9  91  64  78   5   0  13 0.00  0.0    0  3.8 12 270   M    M   0 18     15 280
10  95  66  81   8   0  16 0.00  0.0    0  6.8 15 170   M    M   0 1      19 150
11  92  69  81   8   0  16 0.00  0.0    0  9.8 22 200   M    M   1 8      26 240
12  94  73  84  11   0  19    T  0.0    0 10.7 35 230   M    M   2 3      42 230
13  89  69  79   5   0  14 0.16  0.0    0  7.9 26 290   M    M   2 138    33 290
14  83  71  77   3   0  12 0.60  0.0    0  7.4 18 220   M    M   7 13     27 210
15  87  71  79   5   0  14 0.43  0.0    0  6.6 22 290   M    M   2 13     26 290
16  84  73  79   5   0  14 0.39  0.0    0  5.0 12  20   M    M   6 13     14  40
17  79  71  75   0   0  10 0.48  0.0    0  6.0 14 220   M    M   6 1      27 100
18  82  71  77   2   0  12 0.49  0.0    0  6.4 17 230   M    M   6 1      21 230
19  76  71  74  -1   0   9 0.34  0.0    0 12.3 21  30   M    M   9 1      30  80
20  88  69  79   4   0  14 0.08  0.0    0  7.7 31  10   M    M   4 13     41  10
21  84  68  76   0   0  11 1.15  0.0    0  7.3 31 340   M    M   7 13     38 320
22  91  71  81   5   0  16    T  0.0    0 10.4 22 210   M    M   1        26 210
23  86  69  78   2   0  13 0.00  0.0    0  5.6 16  40   M    M   3 18     21  40
24  84  66  75  -1   0  10    T  0.0    0  7.8 17 180   M    M   3 1      23  80
25  94  69  82   6   0  17 2.31  0.0    0  9.3 36 280   M    M   5 138    49 280
26  80  69  75  -2   0  10 0.96  0.0    0  8.9 20  10   M    M   5 13     23  20
27  79  65  72  -5   0   7 0.00  0.0    0  7.0 15  20   M    M   5        20  20
28  80  61  71  -6   0   6 0.76  0.0    0  6.3 25 340   M    M   3 13     30 340
================================================================================
SM 2355 1866         4 302 10.40     0.0 208.0          M      109
================================================================================
AV 84.1 66.6                               7.4 FASTST   M    M   4    MAX(MPH)
                                 MISC ---->  # 36 280               # 49  280
================================================================================
NOTES:
# LAST OF SEVERAL OCCURRENCES

COLUMN 17 PEAK WIND IN M.P.H.

PRELIMINARY LOCAL CLIMATOLOGICAL DATA (WS FORM: F-6) , PAGE 2

                                          STATION:  ST_CHARLES MO
                                          MONTH:    JUNE
                                          YEAR:     2015
                                          LATITUDE:   38 55 N
                                          LONGITUDE:  90 26 W

[TEMPERATURE DATA]      [PRECIPITATION DATA]       SYMBOLS USED IN COLUMN 16

AVERAGE MONTHLY: 75.4   TOTAL FOR MONTH:  10.40    1 = FOG OR MIST
DPTR FM NORMAL:   1.5   DPTR FM NORMAL:    6.29    2 = FOG REDUCING VISIBILITY
HIGHEST:    95 ON 10    GRTST 24HR  3.25 ON 25-26      TO 1/4 MILE OR LESS
LOWEST:     55 ON  1                               3 = THUNDER
                        SNOW, ICE PELLETS, HAIL    4 = ICE PELLETS
                        TOTAL MONTH:   0.0 INCH    5 = HAIL
                        GRTST 24HR     0.0         6 = FREEZING RAIN OR DRIZZLE
                        GRTST DEPTH:   0           7 = DUSTSTORM OR SANDSTORM:
                                                       VSBY 1/2 MILE OR LESS
                                                   8 = SMOKE OR HAZE
[NO. OF DAYS WITH]      [WEATHER - DAYS WITH]      9 = BLOWING SNOW
                                                   X = TORNADO
MAX 32 OR BELOW:   0    0.01 INCH OR MORE:  16
MAX 90 OR ABOVE:   7    0.10 INCH OR MORE:  14
MIN 32 OR BELOW:   0    0.50 INCH OR MORE:   8
MIN  0 OR BELOW:   0    1.00 INCH OR MORE:   2

[HDD (BASE 65) ]
TOTAL THIS MO.     4    CLEAR  (SCALE 0-3)  10
DPTR FM NORMAL    -2    PTCLDY (SCALE 4-7)  16
TOTAL FM JUL 1  5205    CLOUDY (SCALE 8-10)  2
DPTR FM NORMAL   354

[CDD (BASE 65) ]
TOTAL THIS MO.   302
DPTR FM NORMAL    47    [PRESSURE DATA]
TOTAL FM JAN 1   447    HIGHEST SLP M ON M
DPTR FM NORMAL    64    LOWEST  SLP 29.71 ON M

[REMARKS]
