000
CXUS53 KLSX 011600
CF6SET
PRELIMINARY LOCAL CLIMATOLOGICAL DATA (WS FORM: F-6)

                                          STATION:   ST_CHARLES MO
                                          MONTH:     MARCH
                                          YEAR:      2016
                                          LATITUDE:   38 55 N
                                          LONGITUDE:  90 26 W

  TEMPERATURE IN F:       :PCPN:    SNOW:  WIND      :SUNSHINE: SKY     :PK WND
================================================================================
1   2   3   4   5  6A  6B    7    8   9   10  11  12  13   14  15   16   17  18
                                     12Z  AVG MX 2MIN
DY MAX MIN AVG DEP HDD CDD  WTR  SNW DPTH SPD SPD DIR MIN PSBL S-S WX    SPD DR
================================================================================

 1  52  27  40   1  25   0 0.08    M    0 14.1 30 300   M    M   7 18     37 300
 2  43  20  32  -8  33   0 0.00  0.0    0  7.4 17 120   M    M   4        21 130
 3  47  37  42   2  23   0 0.08  0.0    0  8.5 17  10   M    M  10 1      22  10
 4  41  33  37  -3  28   0    T    M    0  6.2 14 160   M    M   8 18     16 160
 5  55  28  42   1  23   0 0.00  0.0    0  8.6 24 330   M    M   3 128    31 300
 6  62  25  44   3  21   0    T  0.0    0 10.6 21 150   M    M   0 123    26 160
 7  77  48  63  21   2   0 0.03  0.0    0 12.8 24 190   M    M   6 3      30 180
 8  73  56  65  23   0   0 0.14  0.0    0 12.7 25 180   M    M   5 1      32 180
 9  65  57  61  19   4   0 0.01  0.0    0  7.1 14  30   M    M   9 1      16  30
10  57  40  49   6  16   0 0.17  0.0    0  7.0 17  20   M    M   7 1      24  10
11  62  36  49   6  16   0 0.00  0.0    0  4.9 12 110   M    M   1 1      16  70
12  59  47  53   9  12   0 0.04  0.0    0  5.2 10  70   M    M   9 18     11  60
13  63  51  57  13   8   0 0.19  0.0    0  3.5 10 210   M    M  10 12     13 210
14  68  51  60  16   5   0 0.00  0.0    0  5.1 10 230   M    M   6 12     16 230
15  80  51  66  21   0   1 0.00  0.0    0 14.3 37 280   M    M   1 1      45 270
16  65  40  53   8  12   0 0.00  0.0    0 13.6 29 280   M    M   1        39 280
17  65  35  50   5  15   0 0.00  0.0    0  8.5 24 290   M    M   0        28 300
18  50  35  43  -3  22   0 0.06  0.0    0  6.7 17  20   M    M   6        21  30
19  49  36  43  -3  22   0 0.00  0.0    0  8.3 22 290   M    M   9        28 290
20  48  32  40  -6  25   0 0.13    M    M  9.4 18 320   M    M   9 1      21 320
21  59  31  45  -2  20   0 0.00  0.0    0  9.7 20 220   M    M   0 8      31 320
22  74  41  58  11   7   0 0.00  0.0    0 14.5 29 190   M    M   0 8      35 180
23  70  52  61  13   4   0 0.00  0.0    0 16.1 26 140   M    M   5        33 140
24  65  36  51   3  14   0 0.44  0.0    0 16.0 30 270   M    M   9 138    37 270
25  54  35  45  -3  20   0 0.00  0.0    0  7.5 14 110   M    M   3        20 140
26  64  35  50   1  15   0 0.00  0.0    0  9.1 18 140   M    M   0 18     24 120
27  59  39  49   0  16   0 0.22  0.0    0  9.7 25 300   M    M   5 1      30 310
28  62  34  48  -1  17   0 0.00  0.0    0  5.8 14 260   M    M   1 1      21 290
29  64  37  51   1  14   0 0.00  0.0    0 11.7 21 110   M    M   0        28 120
30  67  44  56   6   9   0 1.27  0.0    0 10.4 23 170   M    M   8 138    27 170
31  69  49  59   9   6   0 0.31  0.0    0 12.9 29 270   M    M   4 13     37 270
================================================================================
SM 1888 1218       454   1  3.17     0.0 297.9          M      146
================================================================================
AV 60.9 39.3                               9.6 FASTST   M    M   5    MAX(MPH)
                                 MISC ---->  # 37 280               # 45  270
================================================================================
NOTES:
# LAST OF SEVERAL OCCURRENCES

COLUMN 17 PEAK WIND IN M.P.H.

PRELIMINARY LOCAL CLIMATOLOGICAL DATA (WS FORM: F-6) , PAGE 2

                                          STATION:  ST_CHARLES MO
                                          MONTH:    MARCH
                                          YEAR:     2016
                                          LATITUDE:   38 55 N
                                          LONGITUDE:  90 26 W

[TEMPERATURE DATA]      [PRECIPITATION DATA]       SYMBOLS USED IN COLUMN 16

AVERAGE MONTHLY: 50.1   TOTAL FOR MONTH:   3.17    1 = FOG OR MIST
DPTR FM NORMAL:   5.1   DPTR FM NORMAL:   -0.04    2 = FOG REDUCING VISIBILITY
HIGHEST:    80 ON 15    GRTST 24HR  1.57 ON 30-31      TO 1/4 MILE OR LESS
LOWEST:     20 ON  2                               3 = THUNDER
                        SNOW, ICE PELLETS, HAIL    4 = ICE PELLETS
                        TOTAL MONTH:   0.0 INCH    5 = HAIL
                        GRTST 24HR     0.0         6 = FREEZING RAIN OR DRIZZLE
                        GRTST DEPTH:   0           7 = DUSTSTORM OR SANDSTORM:
                                                       VSBY 1/2 MILE OR LESS
                                                   8 = SMOKE OR HAZE
[NO. OF DAYS WITH]      [WEATHER - DAYS WITH]      9 = BLOWING SNOW
                                                   X = TORNADO
MAX 32 OR BELOW:   0    0.01 INCH OR MORE:  14
MAX 90 OR ABOVE:   0    0.10 INCH OR MORE:   8
MIN 32 OR BELOW:   6    0.50 INCH OR MORE:   1
MIN  0 OR BELOW:   0    1.00 INCH OR MORE:   1

[HDD (BASE 65) ]
TOTAL THIS MO.   454    CLEAR  (SCALE 0-3)  11
DPTR FM NORMAL  -170    PTCLDY (SCALE 4-7)  11
TOTAL FM JUL 1  3532    CLOUDY (SCALE 8-10)  9
DPTR FM NORMAL  -935

[CDD (BASE 65) ]
TOTAL THIS MO.     1
DPTR FM NORMAL    -1    [PRESSURE DATA]
TOTAL FM JAN 1     1    HIGHEST SLP 30.35 ON 11
DPTR FM NORMAL    -1    LOWEST  SLP 29.38 ON 15

[REMARKS]
#FINAL-03-16#
