000
CXUS53 KLSX 011600
CF6SET
PRELIMINARY LOCAL CLIMATOLOGICAL DATA (WS FORM: F-6)

                                          STATION:   ST_CHARLES MO
                                          MONTH:     JUNE
                                          YEAR:      2014
                                          LATITUDE:   38 55 N
                                          LONGITUDE:  90 26 W

  TEMPERATURE IN F:       :PCPN:    SNOW:  WIND      :SUNSHINE: SKY     :PK WND
================================================================================
1   2   3   4   5  6A  6B    7    8   9   10  11  12  13   14  15   16   17  18
                                     12Z  AVG MX 2MIN
DY MAX MIN AVG DEP HDD CDD  WTR  SNW DPTH SPD SPD DIR MIN PSBL S-S WX    SPD DR
================================================================================

 1  89  69  79   9   0  14 0.00  0.0    0 10.1 32 160   M    M   2 138    42 170
 2  85  68  77   6   0  12 0.00  0.0    0 10.2 24 180   M    M   3        34 180
 3  89  65  77   6   0  12 0.00  0.0    0  4.8 12 190   M    M   2 12     14 190
 4  83  66  75   4   0  10    M  0.0    0  9.6 26 350   M    M   5 13     35 330
 5  76  62  69  -2   0   4 0.00  0.0    0  6.2 21 120   M    M   6 1      24 120
 6  82  60  71  -1   0   6 0.00  0.0    0  4.0 12 110   M    M   4 128    14  70
 7  76  64  70  -2   0   5    M  0.0    0 10.4 28 200   M    M   6 138    41 210
 8  76  62  69  -3   0   4 0.00  0.0    0  4.8 17 310   M    M   3        25 330
 9  78  62  70  -3   0   5    M  0.0    0 11.4 22 100   M    M   5 18     28 100
10  80  63  72  -1   0   7    M  0.0    0  7.4 18  70   M    M   8 13     24  70
11  72  61  67  -6   0   2    M  0.0    0  6.8 15 310   M    M   7 18     19 310
12  79  58  69  -4   0   4    M  0.0    0  4.8 29 260   M    M   4 1238   37 260
13  75  57  66  -8   0   1 0.00  0.0    0  5.6 16  20   M    M   0        20  30
14  80  53  67  -7   0   2 0.00  0.0    0  9.3 21 150   M    M   0        26 150
15  87  59  73  -1   0   8 0.00  0.0    0  8.2 24 160   M    M   4 8      32 170
16  90  71  81   7   0  16 0.00  0.0    0  9.4 20 200   M    M   4 3      25 180
17  91  72  82   7   0  17 0.00  0.0    0 11.8 23 190   M    M   1        29 190
18  93  71  82   7   0  17 0.00  0.0    0  8.4 18 210   M    M   1 8      23 230
19  93  70  82   7   0  17 0.00  0.0    0  6.5 17 200   M    M   1        22 200
20  91  70  81   6   0  16 0.03  0.0    0  5.2 33 360   M    M   2 38     47  10
21  91  67  79   3   0  14 0.55  0.0    0  4.8 33  10   M    M   3 1238   43  10
22  86  67  77   1   0  12 0.00  0.0    0  5.8 16  30   M    M   1 3      20  10
23  87  70  79   3   0  14 0.50  0.0    0  4.4 14 120   M    M   3 138    17 120
24  86  68  77   1   0  12 0.15  0.0    0  6.5 16 300   M    M   4 1      21 320
25  88  64  76   0   0  11 0.00  0.0    0  2.9 10 280   M    M   0 18     12 290
26  87  68  78   1   0  13 0.11  0.0    0  5.2 18 110   M    M   2 38     23 110
27  87  68  78   1   0  13 0.44  0.0    0  8.0 36 200   M    M   2 138    52 200
28  87  72  80   3   0  15 0.00  0.0    0 11.0 20 170   M    M   5 13     26 120
29  84  69  77   0   0  12 0.00  0.0    0  8.7 18 160   M    M   6        21 160
30  92  75  84   7   0  19 0.00  0.0    0 10.2 22 190   M    M   4 1      27 200
================================================================================
SM 2540 1971         0 314  1.78     0.0 222.4          M       98
================================================================================
AV 84.7 65.7                               7.4 FASTST   M    M   3    MAX(MPH)
                                 MISC ---->  # 36 200               # 52  200
================================================================================
NOTES:
# LAST OF SEVERAL OCCURRENCES

COLUMN 17 PEAK WIND IN M.P.H.

PRELIMINARY LOCAL CLIMATOLOGICAL DATA (WS FORM: F-6) , PAGE 2

                                          STATION:  ST_CHARLES MO
                                          MONTH:    JUNE
                                          YEAR:     2014
                                          LATITUDE:   38 55 N
                                          LONGITUDE:  90 26 W

[TEMPERATURE DATA]      [PRECIPITATION DATA]       SYMBOLS USED IN COLUMN 16

AVERAGE MONTHLY: 75.2   TOTAL FOR MONTH:   1.78    1 = FOG OR MIST
DPTR FM NORMAL:   1.1   DPTR FM NORMAL:   -2.51    2 = FOG REDUCING VISIBILITY
HIGHEST:    93 ON 19,18 GRTST 24HR  0.65 ON 23-24      TO 1/4 MILE OR LESS
LOWEST:     53 ON 14                               3 = THUNDER
                        SNOW, ICE PELLETS, HAIL    4 = ICE PELLETS
                        TOTAL MONTH:   0.0 INCH    5 = HAIL
                        GRTST 24HR     0.0         6 = FREEZING RAIN OR DRIZZLE
                        GRTST DEPTH:   0           7 = DUSTSTORM OR SANDSTORM:
                                                       VSBY 1/2 MILE OR LESS
                                                   8 = SMOKE OR HAZE
[NO. OF DAYS WITH]      [WEATHER - DAYS WITH]      9 = BLOWING SNOW
                                                   X = TORNADO
MAX 32 OR BELOW:   0    0.01 INCH OR MORE:   6
MAX 90 OR ABOVE:   7    0.10 INCH OR MORE:   5
MIN 32 OR BELOW:   0    0.50 INCH OR MORE:   2
MIN  0 OR BELOW:   0    1.00 INCH OR MORE:   0

[HDD (BASE 65) ]
TOTAL THIS MO.     0    CLEAR  (SCALE 0-3)  16
DPTR FM NORMAL    -7    PTCLDY (SCALE 4-7)  14
TOTAL FM JUL 1  5565    CLOUDY (SCALE 8-10)  0
DPTR FM NORMAL   713

[CDD (BASE 65) ]
TOTAL THIS MO.   314
DPTR FM NORMAL    34    [PRESSURE DATA]
TOTAL FM JAN 1   490    HIGHEST SLP 30.10 ON 14
DPTR FM NORMAL    82    LOWEST  SLP 29.62 ON  4

[REMARKS]
#FINAL-06-14#
