000
CXUS53 KLSX 011600
CF6SET
PRELIMINARY LOCAL CLIMATOLOGICAL DATA (WS FORM: F-6)

                                          STATION:   ST_CHARLES MO
                                          MONTH:     OCTOBER
                                          YEAR:      2017
                                          LATITUDE:   38 55 N
                                          LONGITUDE:  90 26 W

  TEMPERATURE IN F:       :PCPN:    SNOW:  WIND      :SUNSHINE: SKY     :PK WND
================================================================================
1   2   3   4   5  6A  6B    7    8   9   10  11  12  13   14  15   16   17  18
                                     12Z  AVG MX 2MIN
DY MAX MIN AVG DEP HDD CDD  WTR  SNW DPTH SPD SPD DIR MIN PSBL S-S WX    SPD DR
================================================================================

 1  80  51  66   4   0   1 0.00  0.0    0  9.2 20 150   M    M   0        31 160
 2  87  64  76  15   0  11 0.00  0.0    0 11.8 25 160   M    M   2 8      30 160
 3  79  70  75  14   0  10 0.02  0.0    0 10.1 24 170   M    M   8 38     29 170
 4  76  69  73  13   0   8 0.07  0.0    0  3.0  9  80   M    M   9 1      10 220
 5  81  69  75  15   0  10 0.02  0.0    0  3.1  8 250   M    M   9 1      11 230
 6  80  68  74  14   0   9    T  0.0    0  6.2 15 160   M    M   7 1      20 160
 7  81  52  67   8   0   2    T  0.0    0 11.2 31 240   M    M   3 1      39 240
 8  83  50  67   8   0   2 0.00  0.0    0  4.5 15 110   M    M   4 12     19 100
 9  83  59  71  12   0   6    M  0.0    0  6.0 16 160   M    M   6 123    19 150
10  74  51  63   5   2   0 0.14  0.0    0 11.1 32 260   M    M   9 13     36 260
11  59  51  55  -3  10   0 0.00  0.0    0 10.0 20 280   M    M  10 1      24 280
12  61  50  56  -2   9   0 0.00  0.0    0  5.7 12 130   M    M   8 1      15 130
13  77  49  63   6   2   0 0.00  0.0    0  8.4 17 140   M    M   4 1      20 140
14  91  59  75  18   0  10 0.00  0.0    0 11.5 24 210   M    M   3        29 220
15  73  45  59   2   6   0    M  0.0    0 11.7 32 300   M    M   5 1      40 290
16  68  38  53  -3  12   0 0.00  0.0    0  2.7 12 270   M    M   3 128    16 200
17  71  39  55  -1  10   0 0.00  0.0    0  5.5 17 170   M    M   0        24 180
18  76  40  58   2   7   0 0.00  0.0    0  7.9 17 170   M    M   0        21 200
19  80  46  63   8   2   0 0.00  0.0    0  4.2 12 180   M    M   0 1      15 190
20  78  45  62   7   3   0 0.00  0.0    0  8.6 18 150   M    M   0 128    24 140
21  81  58  70  15   0   5    T  0.0    0 12.1 24 160   M    M   5        30 160
22  72  52  62   8   3   0    M  0.0    0 10.9 20 160   M    M   9 1      24 340
23  71  50  61   7   4   0 0.06  0.0    0 11.5 26 300   M    M   6 8      36 300
24  54  44  49  -5  16   0    T  0.0    0 13.8 30 300   M    M   7        36 300
25  67  38  53  -1  12   0 0.00  0.0    0  7.9 24 270   M    M   2 1      32 290
26  79  38  59   6   6   0 0.00  0.0    0 12.8 24 170   M    M   0 1      29 160
27  54  39  47  -6  18   0    T  0.0    0 16.2 23 300   M    M   9        34 300
28  41  35  38 -15  27   0 0.00  0.0    0  9.7 20 290   M    M  10        23 280
29  53  23  38 -14  27   0 0.00    M    M  4.3 13 240   M    M   4 1      15 230
30  52  35  44  -8  21   0 0.01    M    M  8.0 23 280   M    M   6        29 270
31  43  23  33 -19  32   0 0.00  0.0    0  3.8 13 170   M    M   2        16 160
================================================================================
SM 2205 1500       229  74  0.32     0.0 263.4          M      150
================================================================================
AV 71.1 48.4                               8.5 FASTST   M    M   5    MAX(MPH)
                                 MISC ---->  # 32 260               # 40  290
================================================================================
NOTES:
# LAST OF SEVERAL OCCURRENCES

COLUMN 17 PEAK WIND IN M.P.H.

PRELIMINARY LOCAL CLIMATOLOGICAL DATA (WS FORM: F-6) , PAGE 2

                                          STATION:  ST_CHARLES MO
                                          MONTH:    OCTOBER
                                          YEAR:     2017
                                          LATITUDE:   38 55 N
                                          LONGITUDE:  90 26 W

[TEMPERATURE DATA]      [PRECIPITATION DATA]       SYMBOLS USED IN COLUMN 16

AVERAGE MONTHLY: 59.8   TOTAL FOR MONTH:   0.32    1 = FOG OR MIST
DPTR FM NORMAL:   3.4   DPTR FM NORMAL:   -3.05    2 = FOG REDUCING VISIBILITY
HIGHEST:    91 ON 14    GRTST 24HR  0.14 ON 10-10      TO 1/4 MILE OR LESS
LOWEST:     23 ON 31,29                            3 = THUNDER
                        SNOW, ICE PELLETS, HAIL    4 = ICE PELLETS
                        TOTAL MONTH:   0.0 INCH    5 = HAIL
                        GRTST 24HR     0.0         6 = FREEZING RAIN OR DRIZZLE
                        GRTST DEPTH:   0           7 = DUSTSTORM OR SANDSTORM:
                                                       VSBY 1/2 MILE OR LESS
                                                   8 = SMOKE OR HAZE
[NO. OF DAYS WITH]      [WEATHER - DAYS WITH]      9 = BLOWING SNOW
                                                   X = TORNADO
MAX 32 OR BELOW:   0    0.01 INCH OR MORE:   6
MAX 90 OR ABOVE:   1    0.10 INCH OR MORE:   1
MIN 32 OR BELOW:   2    0.50 INCH OR MORE:   0
MIN  0 OR BELOW:   0    1.00 INCH OR MORE:   0

[HDD (BASE 65) ]
TOTAL THIS MO.   229    CLEAR  (SCALE 0-3)  12
DPTR FM NORMAL   -61    PTCLDY (SCALE 4-7)  12
TOTAL FM JUL 1   244    CLOUDY (SCALE 8-10)  7
DPTR FM NORMAL   -98

[CDD (BASE 65) ]
TOTAL THIS MO.    74
DPTR FM NORMAL    49    [PRESSURE DATA]
TOTAL FM JAN 1  1504    HIGHEST SLP 30.41 ON 16
DPTR FM NORMAL   160    LOWEST  SLP 29.57 ON 26

[REMARKS]
#FINAL-10-17#
