000
CXUS53 KLSX 011600
CF6SET
PRELIMINARY LOCAL CLIMATOLOGICAL DATA (WS FORM: F-6)

                                          STATION:   ST_CHARLES MO
                                          MONTH:     AUGUST
                                          YEAR:      2012
                                          LATITUDE:   38 55 N
                                          LONGITUDE:  90 26 W

  TEMPERATURE IN F:       :PCPN:    SNOW:  WIND      :SUNSHINE: SKY     :PK WND
================================================================================
1   2   3   4   5  6A  6B    7    8   9   10  11  12  13   14  15   16   17  18
                                     12Z  AVG MX 2MIN
DY MAX MIN AVG DEP HDD CDD  WTR  SNW DPTH SPD SPD DIR MIN PSBL S-S WX    SPD DR
================================================================================

 1 100  72  86   8   0  21 0.00  0.0    0  4.8  9 120   M    M   0         M  M
 2  95  71  83   5   0  18    T  0.0    0  5.5 16  20   M    M   3 13     20  10
 3  96  72  84   6   0  19 0.00  0.0    0  6.7 13  80   M    M   1 18     17  70
 4  97  75  86   8   0  21 0.05  0.0    0  8.1 32 220   M    M   2 13     43 210
 5  91  72  82   4   0  17 0.02  0.0    0  6.9 16  10   M    M   3 3      22  10
 6  93  65  79   1   0  14 0.00  0.0    0  3.4  9 360   M    M   1        13  80
 7  98  65  82   4   0  17 0.00  0.0    0  1.2 10 160   M    M   0        14 170
 8  95  69  82   4   0  17 1.18  0.0    0  6.1 25 150   M    M   2 13     28 150
 9  92  68  80   2   0  15 0.01  0.0    0  5.8 18 350   M    M   1 1      23 340
10  80  65  73  -5   0   8 0.00  0.0    0  8.9 18 360   M    M   4        23  20
11  86  57  72  -6   0   7 0.00  0.0    0  3.1 15 340   M    M   0        21 270
12  84  58  71  -6   0   6 0.26  0.0    0  5.1 15  90   M    M   4 3      17  90
13  81  64  73  -4   0   8 0.06  0.0    0  8.1 17 340   M    M   8 3      21 340
14  80  59  70  -7   0   5 0.00  0.0    0  3.4 10 240   M    M   0 1      13 230
15  90  57  74  -3   0   9 0.00  0.0    0  5.0 14 170   M    M   0 1      18 190
16  96  67  82   5   0  17 0.00  0.0    0  6.9 21 330   M    M   3 38     26 320
17  81  58  70  -7   0   5 0.00  0.0    0  5.4 14  10   M    M   0        22  30
18  83  54  69  -8   0   4 0.00  0.0    0  2.5 12  20   M    M   0        14  20
19  83  57  70  -6   0   5    T  0.0    0  3.8 15 350   M    M   3 8      20 350
20  86  53  70  -6   0   5 0.00  0.0    0  4.0 18 340   M    M   1        26 340
21  89  57  73  -3   0   8 0.00  0.0    0  3.8 12  30   M    M   2        16  30
22  93  60  77   1   0  12 0.00  0.0    0  4.5 12 100   M    M   0        15 150
23  96  62  79   3   0  14 0.00  0.0    0  4.5 10 120   M    M   1 8      13 110
24  94  65  80   4   0  15 0.00  0.0    0  4.5 16 230   M    M   0        22 250
25  92  64  78   3   0  13 0.07  0.0    0  9.9 26 160   M    M   3        37 140
26  88  72  80   5   0  15 0.67  0.0    0  5.7 16 320   M    M   8 13     20 280
27  91  67  79   4   0  14 0.02  0.0    0  6.8 15  30   M    M   5 1      18  40
28  94  60  77   2   0  12 0.00  0.0    0  3.7 15  20   M    M   0 1      20  20
29  91  62  77   3   0  12 0.00  0.0    0  4.5 15 110   M    M   0        22 110
30  95  65  80   6   0  15 0.00  0.0    0  5.8 15 100   M    M   0 1      17 100
31  79  72  76   2   0  11 2.26  0.0    0  9.9 17 120   M    M   6 13     23 110
================================================================================
SM 2789 1984         0 379  4.60     0.0 168.3          M       61
================================================================================
AV 90.0 64.0                               5.4 FASTST   M    M   2    MAX(MPH)
                                 MISC ---->  # 32 220               # 43  210
================================================================================
NOTES:
# LAST OF SEVERAL OCCURRENCES

COLUMN 17 PEAK WIND IN M.P.H.

PRELIMINARY LOCAL CLIMATOLOGICAL DATA (WS FORM: F-6) , PAGE 2

                                          STATION:  ST_CHARLES MO
                                          MONTH:    AUGUST
                                          YEAR:     2012
                                          LATITUDE:   38 55 N
                                          LONGITUDE:  90 26 W

[TEMPERATURE DATA]      [PRECIPITATION DATA]       SYMBOLS USED IN COLUMN 16

AVERAGE MONTHLY: 77.0   TOTAL FOR MONTH:   4.60    1 = FOG OR MIST
DPTR FM NORMAL:   0.4   DPTR FM NORMAL:    1.45    2 = FOG REDUCING VISIBILITY
HIGHEST:   100 ON  1    GRTST 24HR  2.26 ON 31-31      TO 1/4 MILE OR LESS
LOWEST:     53 ON 20                               3 = THUNDER
                        SNOW, ICE PELLETS, HAIL    4 = ICE PELLETS
                        TOTAL MONTH:   0.0 INCH    5 = HAIL
                        GRTST 24HR     0.0         6 = FREEZING RAIN OR DRIZZLE
                        GRTST DEPTH:   0           7 = DUSTSTORM OR SANDSTORM:
                                                       VSBY 1/2 MILE OR LESS
                                                   8 = SMOKE OR HAZE
[NO. OF DAYS WITH]      [WEATHER - DAYS WITH]      9 = BLOWING SNOW
                                                   X = TORNADO
MAX 32 OR BELOW:   0    0.01 INCH OR MORE:  10
MAX 90 OR ABOVE:  19    0.10 INCH OR MORE:   4
MIN 32 OR BELOW:   0    0.50 INCH OR MORE:   3
MIN  0 OR BELOW:   0    1.00 INCH OR MORE:   2

[HDD (BASE 65) ]
TOTAL THIS MO.     0    CLEAR  (SCALE 0-3)  23
DPTR FM NORMAL    -2    PTCLDY (SCALE 4-7)   7
TOTAL FM JUL 1     0    CLOUDY (SCALE 8-10)  1
DPTR FM NORMAL    -2

[CDD (BASE 65) ]
TOTAL THIS MO.   379
DPTR FM NORMAL    18    [PRESSURE DATA]
TOTAL FM JAN 1  1591    HIGHEST SLP 30.14 ON  6
DPTR FM NORMAL   413    LOWEST  SLP 29.70 ON  2

[REMARKS]
#FINAL-08-12#
