000
CXUS53 KLSX 011600
CF6SET
PRELIMINARY LOCAL CLIMATOLOGICAL DATA (WS FORM: F-6)

                                          STATION:   ST_CHARLES MO
                                          MONTH:     SEPTEMBER
                                          YEAR:      2012
                                          LATITUDE:   38 55 N
                                          LONGITUDE:  90 26 W

  TEMPERATURE IN F:       :PCPN:    SNOW:  WIND      :SUNSHINE: SKY     :PK WND
================================================================================
1   2   3   4   5  6A  6B    7    8   9   10  11  12  13   14  15   16   17  18
                                     12Z  AVG MX 2MIN
DY MAX MIN AVG DEP HDD CDD  WTR  SNW DPTH SPD SPD DIR MIN PSBL S-S WX    SPD DR
================================================================================

 1  79  74  77   3   0  12 0.23  0.0    0  8.2 17 210   M    M  10 18     21 210
 2  85  74  80   7   0  15 0.15  0.0    0  8.2 18 310   M    M   9 1      23 290
 3  90  73  82   9   0  17 0.00  0.0    0  5.9 14  10   M    M   6 1      17  40
 4  90  70  80   7   0  15    T  0.0    0  3.1  8 210   M    M   0 1      12 130
 5  85  68  77   5   0  12 0.19  0.0    0  5.8 37  20   M    M   0 1238   48  30
 6  91  62  77   5   0  12 0.00  0.0    0  2.1 25 230   M    M   4 12     33 230
 7  90  62  76   4   0  11 1.01  0.0    0  7.9 30 310   M    M   3 13     41 300
 8  75  56  66  -5   0   1 0.00  0.0    0  8.6 17 300   M    M   1        23 340
 9  76  53  65  -6   0   0 0.00  0.0    0  6.4 18 350   M    M   0        24 340
10  78  50  64  -6   1   0 0.00  0.0    0  3.1 12 190   M    M   0 1      15 180
11  85  53  69  -1   0   4 0.00  0.0    0  6.9 17 180   M    M   0 1      23 190
12  87  56  72   2   0   7 0.00  0.0    0  8.0 21 190   M    M   0 1      25 190
13  86  58  72   3   0   7 0.00  0.0    0  6.5 22 340   M    M   5 1      29 330
14  71  56  64  -5   1   0 0.22  0.0    0  7.1 14  50   M    M   5 1      20  30
15  70  54  62  -6   3   0 0.00  0.0    0  3.2 13 120   M    M   1 1      16 120
16  74  54  64  -4   1   0 0.00  0.0    0  2.1  7 180   M    M   8 12      M  M
17  75  58  67  -1   0   2 0.15  0.0    0  4.9 21 360   M    M   8 1238   26 360
18  68  45  57 -10   8   0    T  0.0    0  7.3 20 290   M    M   0        24 290
19  76  40  58  -9   7   0 0.00  0.0    0  8.4 21 190   M    M   1 12     26 190
20  78  49  64  -2   1   0 0.03  0.0    0  4.3 15 270   M    M   0 3      25 310
21  84  50  67   1   0   2 0.00  0.0    0  9.9 22 280   M    M   2 8      31 290
22  68  46  57  -8   8   0 0.00  0.0    0  7.7 22 330   M    M   0 1      28 320
23  67  36  52 -13  13   0 0.00  0.0    0  2.5 14 320   M    M   0        20 320
24  73  37  55  -9  10   0 0.00  0.0    0  6.4 18 150   M    M   1        25 170
25  80  58  69   5   0   4 2.04  0.0    0  7.6 33 230   M    M   4 138    41 210
26  76  63  70   6   0   5 0.20  0.0    0  3.7 17 290   M    M   4 13     24 290
27  70  61  66   3   0   1 0.00  0.0    0  4.2 13  40   M    M   7 128    36 270
28  72  52  62  -1   3   0 0.02  0.0    0  4.5 13  30   M    M   4        20  30
29  75  46  61  -1   4   0 0.00  0.0    0  2.3  9  40   M    M   0 1      14  80
30  73  49  61  -1   4   0 0.00  0.0    0  2.9 12  50   M    M   0 1      14  40
================================================================================
SM 2347 1663        64 127  4.24     0.0 169.7          M       83
================================================================================
AV 78.2 55.4                               5.7 FASTST   M    M   3    MAX(MPH)
                                 MISC ---->  # 37  20               # 48   30
================================================================================
NOTES:
# LAST OF SEVERAL OCCURRENCES

COLUMN 17 PEAK WIND IN M.P.H.

PRELIMINARY LOCAL CLIMATOLOGICAL DATA (WS FORM: F-6) , PAGE 2

                                          STATION:  ST_CHARLES MO
                                          MONTH:    SEPTEMBER
                                          YEAR:     2012
                                          LATITUDE:   38 55 N
                                          LONGITUDE:  90 26 W

[TEMPERATURE DATA]      [PRECIPITATION DATA]       SYMBOLS USED IN COLUMN 16

AVERAGE MONTHLY: 66.8   TOTAL FOR MONTH:   4.24    1 = FOG OR MIST
DPTR FM NORMAL:  -1.2   DPTR FM NORMAL:    0.97    2 = FOG REDUCING VISIBILITY
HIGHEST:    91 ON  6    GRTST 24HR  2.40 ON 31- 1      TO 1/4 MILE OR LESS
LOWEST:     36 ON 23                               3 = THUNDER
                        SNOW, ICE PELLETS, HAIL    4 = ICE PELLETS
                        TOTAL MONTH:   0.0 INCH    5 = HAIL
                        GRTST 24HR     0.0         6 = FREEZING RAIN OR DRIZZLE
                        GRTST DEPTH:   0           7 = DUSTSTORM OR SANDSTORM:
                                                       VSBY 1/2 MILE OR LESS
                                                   8 = SMOKE OR HAZE
[NO. OF DAYS WITH]      [WEATHER - DAYS WITH]      9 = BLOWING SNOW
                                                   X = TORNADO
MAX 32 OR BELOW:   0    0.01 INCH OR MORE:  10
MAX 90 OR ABOVE:   4    0.10 INCH OR MORE:   8
MIN 32 OR BELOW:   0    0.50 INCH OR MORE:   2
MIN  0 OR BELOW:   0    1.00 INCH OR MORE:   2

[HDD (BASE 65) ]
TOTAL THIS MO.    64    CLEAR  (SCALE 0-3)  18
DPTR FM NORMAL    14    PTCLDY (SCALE 4-7)  10
TOTAL FM JUL 1    64    CLOUDY (SCALE 8-10)  2
DPTR FM NORMAL    12

[CDD (BASE 65) ]
TOTAL THIS MO.   127
DPTR FM NORMAL   -14    [PRESSURE DATA]
TOTAL FM JAN 1  1718    HIGHEST SLP 30.35 ON 14
DPTR FM NORMAL   399    LOWEST  SLP 29.63 ON  7

[REMARKS]
#FINAL-09-12#
