000
CXUS53 KLSX 011600
CF6SET
PRELIMINARY LOCAL CLIMATOLOGICAL DATA (WS FORM: F-6)

                                          STATION:   ST_CHARLES MO
                                          MONTH:     JULY
                                          YEAR:      2012
                                          LATITUDE:   38 55 N
                                          LONGITUDE:  90 26 W

  TEMPERATURE IN F:       :PCPN:    SNOW:  WIND      :SUNSHINE: SKY     :PK WND
================================================================================
1   2   3   4   5  6A  6B    7    8   9   10  11  12  13   14  15   16   17  18
                                     12Z  AVG MX 2MIN
DY MAX MIN AVG DEP HDD CDD  WTR  SNW DPTH SPD SPD DIR MIN PSBL S-S WX    SPD DR
================================================================================

 1  99  72  86   9   0  21 0.00  0.0    0  2.4 12 310   M    M   0 18     16  20
 2 100  71  86   8   0  21 0.00  0.0    0  3.4 23 250   M    M   0 138    36 240
 3  99  68  84   6   0  19 0.00  0.0    0  4.7 12 240   M    M   0 18     16 220
 4 103  75  89  11   0  24 0.00  0.0    0  2.9 14 250   M    M   0        17 260
 5 104  73  89  11   0  24 0.00  0.0    0  2.6  9 300   M    M   0 8      12 300
 6 105  77  91  13   0  26 0.00  0.0    0  2.3 12  70   M    M   0        14  60
 7 106  76  91  13   0  26 0.01  0.0    0  4.2 21 230   M    M   1 38     29 230
 8  96  75  86   8   0  21 0.00  0.0    0  7.3 22  50   M    M   2 3      28  50
 9  93  72  83   5   0  18 0.05  0.0    0  5.1 16  10   M    M   3 1      20  20
10  95  68  82   4   0  17 0.00  0.0    0  7.1 17  70   M    M   1        21  80
11  92  69  81   3   0  16 0.00  0.0    0  7.9 14  30   M    M   2        17  30
12  96  69  83   5   0  18 0.00  0.0    0  3.7 14  60   M    M   0        17  50
13  94  69  82   4   0  17    T  0.0    0  4.9 21 320   M    M   1 18     26 300
14  92  72  82   4   0  17 0.00  0.0    0  2.3 12 170   M    M   2        14 160
15  95  68  82   4   0  17 0.00  0.0    0  3.5 12 110   M    M   0        14 120
16  97  73  85   7   0  20 0.00  0.0    0  4.5 14 210   M    M   1        20 200
17 101  76  89  11   0  24 0.00  0.0    0  4.6 14 270   M    M   1        16 230
18 103  75  89  11   0  24 0.00  0.0    0  4.6 22 210   M    M   0 3      28 210
19 103  77  90  12   0  25 0.00  0.0    0  7.1 17 340   M    M   0        24 290
20  87  70  79   1   0  14 0.00  0.0    0  8.9 17  20   M    M   4 8      23  10
21  95  67  81   3   0  16 0.00  0.0    0  2.9 10 100   M    M   0 1      13  90
22  98  72  85   7   0  20 0.00  0.0    0  4.7 13 190   M    M   0        20 130
23 105  73  89  11   0  24 0.00  0.0    0  4.2 14 210   M    M   0        18 220
24 105  77  91  13   0  26 0.00  0.0    0  3.2 14 290   M    M   1        18 280
25 106  80  93  15   0  28 0.00  0.0    0  7.5 20 200   M    M   1        26 230
26  93  76  85   7   0  20    T  0.0    0  7.5 22 300   M    M   1        43 330
27  96  71  84   6   0  19 0.00  0.0    0  7.7 18 280   M    M   0        24 360
28  92  70  81   3   0  16 0.00  0.0    0  4.4 15  20   M    M   0        23 350
29  86  70  78   0   0  13 0.16  0.0    0  5.7 13 100   M    M   2 1      17 200
30  85  70  78   0   0  13    T  0.0    0  4.0 15  40   M    M   0 1      18  40
31 101  67  84   6   0  19 0.00  0.0    0  3.1 13  20   M    M   2 12     17  40
================================================================================
SM 3022 2238         0 623  0.22     0.0 148.9          M       25
================================================================================
AV 97.5 72.2                               4.8 FASTST   M    M   1    MAX(MPH)
                                 MISC ---->  # 23 250               # 43  330
================================================================================
NOTES:
# LAST OF SEVERAL OCCURRENCES

COLUMN 17 PEAK WIND IN M.P.H.

PRELIMINARY LOCAL CLIMATOLOGICAL DATA (WS FORM: F-6) , PAGE 2

                                          STATION:  ST_CHARLES MO
                                          MONTH:    JULY
                                          YEAR:     2012
                                          LATITUDE:   38 55 N
                                          LONGITUDE:  90 26 W

[TEMPERATURE DATA]      [PRECIPITATION DATA]       SYMBOLS USED IN COLUMN 16

AVERAGE MONTHLY: 84.8   TOTAL FOR MONTH:   0.22    1 = FOG OR MIST
DPTR FM NORMAL:   6.6   DPTR FM NORMAL:   -4.13    2 = FOG REDUCING VISIBILITY
HIGHEST:   106 ON 25, 7 GRTST 24HR  0.16 ON 28-29      TO 1/4 MILE OR LESS
LOWEST:     67 ON 31,21                            3 = THUNDER
                        SNOW, ICE PELLETS, HAIL    4 = ICE PELLETS
                        TOTAL MONTH:   0.0 INCH    5 = HAIL
                        GRTST 24HR     0.0         6 = FREEZING RAIN OR DRIZZLE
                        GRTST DEPTH:   0           7 = DUSTSTORM OR SANDSTORM:
                                                       VSBY 1/2 MILE OR LESS
                                                   8 = SMOKE OR HAZE
[NO. OF DAYS WITH]      [WEATHER - DAYS WITH]      9 = BLOWING SNOW
                                                   X = TORNADO
MAX 32 OR BELOW:   0    0.01 INCH OR MORE:   3
MAX 90 OR ABOVE:  28    0.10 INCH OR MORE:   1
MIN 32 OR BELOW:   0    0.50 INCH OR MORE:   0
MIN  0 OR BELOW:   0    1.00 INCH OR MORE:   0

[HDD (BASE 65) ]
TOTAL THIS MO.     0    CLEAR  (SCALE 0-3)  30
DPTR FM NORMAL     0    PTCLDY (SCALE 4-7)   1
TOTAL FM JUL 1     0    CLOUDY (SCALE 8-10)  0
DPTR FM NORMAL     0

[CDD (BASE 65) ]
TOTAL THIS MO.   623
DPTR FM NORMAL   214    [PRESSURE DATA]
TOTAL FM JAN 1  1212    HIGHEST SLP 30.11 ON 29
DPTR FM NORMAL   395    LOWEST  SLP 29.66 ON 25

[REMARKS]
#FINAL-07-12#
