000
CXUS53 KLSX 011600
CF6SET
PRELIMINARY LOCAL CLIMATOLOGICAL DATA (WS FORM: F-6)

                                          STATION:   ST_CHARLES MO
                                          MONTH:     JUNE
                                          YEAR:      2012
                                          LATITUDE:   38 55 N
                                          LONGITUDE:  90 26 W

  TEMPERATURE IN F:       :PCPN:    SNOW:  WIND      :SUNSHINE: SKY     :PK WND
================================================================================
1   2   3   4   5  6A  6B    7    8   9   10  11  12  13   14  15   16   17  18
                                     12Z  AVG MX 2MIN
DY MAX MIN AVG DEP HDD CDD  WTR  SNW DPTH SPD SPD DIR MIN PSBL S-S WX    SPD DR
================================================================================

 1  70  48  59 -11   6   0 0.00  0.0    0  9.7 21 310   M    M   4        26 300
 2  81  50  66  -5   0   1    T  0.0    0  6.0 18 260   M    M   4        29 240
 3  86  52  69  -2   0   4 0.00  0.0    0  1.9 12 260   M    M   0 1      14 260
 4  90  60  75   4   0  10 0.06  0.0    0  7.1 21  50   M    M   3 38     26  60
 5  83  59  71   0   0   6 0.00  0.0    0  7.3 18  20   M    M   0        23  20
 6  79  57  68  -4   0   3 0.00  0.0    0  5.8 15  80   M    M   0        24  40
 7  83  52  68  -4   0   3 0.00  0.0    0  2.2 13  90   M    M   0        16  90
 8  87  53  70  -2   0   5 0.00  0.0    0  2.1 13 170   M    M   0        16 160
 9  91  57  74   1   0   9 0.00  0.0    0  8.1 17 180   M    M   1        24 160
10  89  63  76   3   0  11 0.00  0.0    0 11.1 22 150   M    M   4        26 170
11  77  67  72  -1   0   7 0.50  0.0    0  7.1 21 160   M    M   2 13     24 120
12  81  60  71  -2   0   6 0.00  0.0    0  7.0 15 320   M    M   0        20 320
13  81  56  69  -5   0   4 0.00  0.0    0  5.4 13  80   M    M   0        16  90
14  88  55  72  -2   0   7 0.00  0.0    0  6.8 16 160   M    M   0        20 160
15  92  62  77   3   0  12 0.00  0.0    0  9.1 20 150   M    M   0        24 150
16  95  68  82   8   0  17 0.81  0.0    0  9.1 26 300   M    M   1 13     36 290
17  89  69  79   4   0  14 0.00  0.0    0  5.2 13 200   M    M   3        17 200
18  94  74  84   9   0  19 0.00  0.0    0 12.6 23 190   M    M   0        29 190
19  93  75  84   9   0  19 0.00  0.0    0 11.7 21 200   M    M   1        26 180
20  94  68  81   6   0  16 0.00  0.0    0  9.7 18 190   M    M   0        22 180
21  85  64  75  -1   0  10 0.00  0.0    0  6.1 20 300   M    M   3        26 290
22  87  61  74  -2   0   9 0.00  0.0    0  4.0 15  20   M    M   1        22  20
23  87  58  73  -3   0   8 0.00  0.0    0  4.5 15 100   M    M   0        17 110
24  95  65  80   4   0  15 0.00  0.0    0  4.5 13  50   M    M   1        15  50
25  89  66  78   2   0  13 0.00  0.0    0 10.8 21  40   M    M   1        26  30
26  86  58  72  -5   0   7 0.00  0.0    0  7.1 15 130   M    M   0        18 130
27  97  56  77   0   0  12 0.00  0.0    0  6.3 14 180   M    M   0        17 160
28 105  67  86   9   0  21 0.00  0.0    0  5.3 15 260   M    M   0        21 260
29 102  67  85   8   0  20 0.00  0.0    0  3.4 10 270   M    M   0        14 270
30 101  73  87  10   0  22 0.00  0.0    0  3.8 13 190   M    M   0 38     15 200
================================================================================
SM 2657 1840         6 310  1.37     0.0 200.8          M       29
================================================================================
AV 88.6 61.3                               6.7 FASTST   M    M   1    MAX(MPH)
                                 MISC ---->  # 26 300               # 36  290
================================================================================
NOTES:
# LAST OF SEVERAL OCCURRENCES

COLUMN 17 PEAK WIND IN M.P.H.

PRELIMINARY LOCAL CLIMATOLOGICAL DATA (WS FORM: F-6) , PAGE 2

                                          STATION:  ST_CHARLES MO
                                          MONTH:    JUNE
                                          YEAR:     2012
                                          LATITUDE:   38 55 N
                                          LONGITUDE:  90 26 W

[TEMPERATURE DATA]      [PRECIPITATION DATA]       SYMBOLS USED IN COLUMN 16

AVERAGE MONTHLY: 74.9   TOTAL FOR MONTH:   1.37    1 = FOG OR MIST
DPTR FM NORMAL:   0.8   DPTR FM NORMAL:   -2.92    2 = FOG REDUCING VISIBILITY
HIGHEST:   105 ON 28    GRTST 24HR  0.81 ON 16-16      TO 1/4 MILE OR LESS
LOWEST:     48 ON  1                               3 = THUNDER
                        SNOW, ICE PELLETS, HAIL    4 = ICE PELLETS
                        TOTAL MONTH:   0.0 INCH    5 = HAIL
                        GRTST 24HR     0.0         6 = FREEZING RAIN OR DRIZZLE
                        GRTST DEPTH:   0           7 = DUSTSTORM OR SANDSTORM:
                                                       VSBY 1/2 MILE OR LESS
                                                   8 = SMOKE OR HAZE
[NO. OF DAYS WITH]      [WEATHER - DAYS WITH]      9 = BLOWING SNOW
                                                   X = TORNADO
MAX 32 OR BELOW:   0    0.01 INCH OR MORE:   3
MAX 90 OR ABOVE:  12    0.10 INCH OR MORE:   2
MIN 32 OR BELOW:   0    0.50 INCH OR MORE:   2
MIN  0 OR BELOW:   0    1.00 INCH OR MORE:   0

[HDD (BASE 65) ]
TOTAL THIS MO.     6    CLEAR  (SCALE 0-3)  27
DPTR FM NORMAL    -1    PTCLDY (SCALE 4-7)   3
TOTAL FM JUL 1  3766    CLOUDY (SCALE 8-10)  0
DPTR FM NORMAL -1086

[CDD (BASE 65) ]
TOTAL THIS MO.   310
DPTR FM NORMAL    30    [PRESSURE DATA]
TOTAL FM JAN 1   589    HIGHEST SLP 30.14 ON 13
DPTR FM NORMAL   181    LOWEST  SLP 29.71 ON  4

[REMARKS]
#FINAL-06-12#
