000
CXUS53 KLSX 011500
CF6SET
PRELIMINARY LOCAL CLIMATOLOGICAL DATA (WS FORM: F-6)
STATION: ST_CHARLES MO
MONTH: FEBRUARY
YEAR: 2022
LATITUDE: 38 55 N
LONGITUDE: 90 26 W
TEMPERATURE IN F: :PCPN: SNOW: WIND :SUNSHINE: SKY :PK WND
================================================================================
1 2 3 4 5 6A 6B 7 8 9 10 11 12 13 14 15 16 17 18
12Z AVG MX 2MIN
DY MAX MIN AVG DEP HDD CDD WTR SNW DPTH SPD SPD DIR MIN PSBL S-S WX SPD DR
================================================================================
1 61 31 46 14 19 0 0.48 0.0 0 9.2 22 10 M M 7 1 28 10
2 33 18 26 -6 39 0 M M M 15.8 23 360 M M 10 168 37 360
3 20 14 17 -15 48 0 M M M 15.5 24 360 M M 9 8 43 20
4 27 8 18 -14 47 0 0.00 0.0 M 8.7 18 340 M M 4 24 350
5 26 0 13 -19 52 0 0.00 0.0 M 7.5 16 340 M M 0 20 330
6 42 9 26 -7 39 0 0.00 0.0 M 6.9 15 350 M M 0 20 340
7 36 18 27 -6 38 0 0.00 0.0 M 6.5 15 330 M M 3 19 340
8 51 17 34 1 31 0 0.00 0.0 M 5.3 13 260 M M 1 18 16 230
9 49 26 38 4 27 0 0.00 0.0 M 6.9 22 280 M M 2 29 290
10 45 28 37 3 28 0 0.00 0.0 M 6.5 16 280 M M 0 21 280
11 48 29 39 5 26 0 0.16 0.0 0 8.9 22 330 M M 7 1 31 320
12 30 17 24 -10 41 0 T M 0 10.2 22 330 M M 5 29 310
13 36 18 27 -8 38 0 0.00 0.0 0 7.5 22 360 M M 3 28 10
14 42 20 31 -4 34 0 0.00 0.0 0 6.3 13 180 M M 1 16 180
15 58 28 43 8 22 0 0.00 0.0 0 11.6 21 190 M M 0 33 190
16 63 50 57 21 8 0 0.18 0.0 0 14.6 30 180 M M 6 53 190
17 58 18 38 2 27 0 M M 0 15.0 28 340 M M 9 168 41 10
18 38 14 26 -10 39 0 0.00 0.0 M 9.3 18 280 M M 0 26 290
19 38 22 30 -7 35 0 0.00 0.0 M 8.6 22 360 M M 1 29 340
20 63 27 45 8 20 0 0.00 0.0 M 10.2 26 210 M M 0 36 220
21 65 34 50 13 15 0 0.00 0.0 0 12.3 26 160 M M 2 34 160
22 63 24 44 6 21 0 0.04 0.0 0 16.1 30 290 M M 9 8 49 300
23 24 17 21 -17 44 0 T M 0 11.5 23 330 M M 9 29 320
24 30 23 27 -11 38 0 M M M 8.6 20 290 M M 10 18 26 300
25 28 22 25 -14 40 0 M M M 10.4 25 290 M M 10 37 300
26 37 16 27 -12 38 0 0.00 0.0 M 2.4 7 150 M M 0 18 9 130
27 52 21 37 -2 28 0 0.00 0.0 0 3.0 14 260 M M 0 18 17 250
28 64 25 45 5 20 0 0.00 0.0 0 3.5 18 220 M M 0 23 220
================================================================================
SM 1227 594 902 0 0.86 0.0 258.8 M 108
================================================================================
AV 43.8 21.2 9.2 FASTST M M 4 MAX(MPH)
MISC ----> # 30 180 53 190
================================================================================
NOTES:
# LAST OF SEVERAL OCCURRENCES
COLUMN 17 PEAK WIND IN M.P.H.
PRELIMINARY LOCAL CLIMATOLOGICAL DATA (WS FORM: F-6) , PAGE 2
STATION: ST_CHARLES MO
MONTH: FEBRUARY
YEAR: 2022
LATITUDE: 38 55 N
LONGITUDE: 90 26 W
[TEMPERATURE DATA] [PRECIPITATION DATA] SYMBOLS USED IN COLUMN 16
AVERAGE MONTHLY: 32.5 TOTAL FOR MONTH: 0.86 1 = FOG OR MIST
DPTR FM NORMAL: -2.9 DPTR FM NORMAL: -1.03 2 = FOG REDUCING VISIBILITY
HIGHEST: 65 ON 21 GRTST 24HR 0.82 ON 16-17 TO 1/4 MILE OR LESS
LOWEST: 0 ON 5 3 = THUNDER
SNOW, ICE PELLETS, HAIL 4 = ICE PELLETS
TOTAL MONTH: 0.0 INCH 5 = HAIL
GRTST 24HR 0.0 6 = FREEZING RAIN OR DRIZZLE
GRTST DEPTH: 0 7 = DUSTSTORM OR SANDSTORM:
VSBY 1/2 MILE OR LESS
8 = SMOKE OR HAZE
[NO. OF DAYS WITH] [WEATHER - DAYS WITH] 9 = BLOWING SNOW
X = TORNADO
MAX 32 OR BELOW: 7 0.01 INCH OR MORE: 4
MAX 90 OR ABOVE: 0 0.10 INCH OR MORE: 3
MIN 32 OR BELOW: 26 0.50 INCH OR MORE: 0
MIN 0 OR BELOW: 1 1.00 INCH OR MORE: 0
[HDD (BASE 65) ]
TOTAL THIS MO. 902 CLEAR (SCALE 0-3) 15
DPTR FM NORMAL 72 PTCLDY (SCALE 4-7) 6
TOTAL FM JUL 1 3384 CLOUDY (SCALE 8-10) 7
DPTR FM NORMAL -326
[CDD (BASE 65) ]
TOTAL THIS MO. 0
DPTR FM NORMAL 0 [PRESSURE DATA]
TOTAL FM JAN 1 0 HIGHEST SLP 30.63 ON 25
DPTR FM NORMAL 0 LOWEST SLP 29.62 ON 22
[REMARKS]
#FINAL-02-22#