000
CXUS53 KLSX 011600
CF6SET
PRELIMINARY LOCAL CLIMATOLOGICAL DATA (WS FORM: F-6)

                                          STATION:   ST_CHARLES MO
                                          MONTH:     FEBRUARY
                                          YEAR:      2012
                                          LATITUDE:   38 55 N
                                          LONGITUDE:  90 26 W

  TEMPERATURE IN F:       :PCPN:    SNOW:  WIND      :SUNSHINE: SKY     :PK WND
================================================================================
1   2   3   4   5  6A  6B    7    8   9   10  11  12  13   14  15   16   17  18
                                     12Z  AVG MX 2MIN
DY MAX MIN AVG DEP HDD CDD  WTR  SNW DPTH SPD SPD DIR MIN PSBL S-S WX    SPD DR
================================================================================

 1  59  35  47  15  18   0 0.00  0.0    0  4.0 12 340   M    M   0 1      14 340
 2  62  28  45  13  20   0 0.00  0.0    0  2.4  9 100   M    M   2 12      M  M
 3  54  34  44  12  21   0 1.17  0.0    0 12.0 24  90   M    M   5 18     29  80
 4  47  42  45  13  20   0 0.22  0.0    0 10.0 29 100   M    M  10 1      37 100
 5  49  34  42  10  23   0 0.04  0.0    0  7.7 14  20   M    M   6 18     20  20
 6  45  29  37   4  28   0 0.00  0.0    0  4.9 14 290   M    M   4 128    17 280
 7  48  28  38   5  27   0 0.07    M    0  5.0 17  10   M    M   4 18     21  10
 8  35  31  33   0  32   0    T    M    M  5.5 13 360   M    M  10 1      16  30
 9  38  29  34   1  31   0 0.00  0.0    0  2.8 12 270   M    M   9        14 260
10  40  23  32  -2  33   0 0.04    M    0 11.6 25 330   M    M   9 18     31 330
11  29  15  22 -12  43   0    M    M    M 15.7 23 330   M    M   2        31 340
12  36  16  26  -8  39   0 0.00  0.0    0  7.4 16 290   M    M   0        21 330
13  33  25  29  -5  36   0 0.14    M    0  8.4 18 200   M    M  10 128    22 200
14  39  30  35   0  30   0 0.00  0.0    M  3.9 12 210   M    M   8 1      14 200
15  46  32  39   4  26   0 0.16  0.0    0  6.2 23 130   M    M   9 18     26 130
16  48  29  39   4  26   0 0.24  0.0    0  5.9 16 320   M    M   6 18     22 320
17  55  27  41   6  24   0 0.00  0.0    0  3.4 15 190   M    M   0 18     18 190
18  46  33  40   4  25   0 0.00  0.0    0  9.2 16  30   M    M   0        23  20
19  43  28  36   0  29   0 0.00  0.0    0  7.0 14  40   M    M   2        21  20
20  50  24  37   1  28   0 0.02  0.0    0 12.1 26 140   M    M   1        33 200
21  53  32  43   6  22   0 0.02  0.0    0 10.2 26 260   M    M   5        32 260
22  62  28  45   8  20   0 0.00  0.0    0  7.1 24 260   M    M   2        30 280
23  65  40  53  16  12   0 0.01    M    0 10.8 31 290   M    M   4        37 280
24  48  34  41   3  24   0    T    M    0 19.0 36 280   M    M   8        47 280
25  40  25  33  -5  32   0 0.00  0.0    0 10.2 29 300   M    M   1        36 290
26  65  25  45   7  20   0 0.00  0.0    0 12.6 26 190   M    M   0        33 180
27  50  34  42   3  23   0 0.00  0.0    0  7.9 17 360   M    M   2        23 300
28  61  31  46   7  19   0 0.00  0.0    0 11.1 22 180   M    M   6 3      28 190
29  67  45  56  17   9   0 0.05  0.0    0 21.9 41 260   M    M   1 3      64 270
================================================================================
SM 1413  866       740   0  2.18     0.0 255.9          M      126
================================================================================
AV 48.7 29.9                               8.8 FASTST   M    M   4    MAX(MPH)
                                 MISC ---->  # 41 260               # 64  270
================================================================================
NOTES:
# LAST OF SEVERAL OCCURRENCES

COLUMN 17 PEAK WIND IN M.P.H.

PRELIMINARY LOCAL CLIMATOLOGICAL DATA (WS FORM: F-6) , PAGE 2

                                          STATION:  ST_CHARLES MO
                                          MONTH:    FEBRUARY
                                          YEAR:     2012
                                          LATITUDE:   38 55 N
                                          LONGITUDE:  90 26 W

[TEMPERATURE DATA]      [PRECIPITATION DATA]       SYMBOLS USED IN COLUMN 16

AVERAGE MONTHLY: 39.3   TOTAL FOR MONTH:   2.18    1 = FOG OR MIST
DPTR FM NORMAL:   4.4   DPTR FM NORMAL:   -0.05    2 = FOG REDUCING VISIBILITY
HIGHEST:    67 ON 29    GRTST 24HR  1.39 ON  3- 4      TO 1/4 MILE OR LESS
LOWEST:     15 ON 11                               3 = THUNDER
                        SNOW, ICE PELLETS, HAIL    4 = ICE PELLETS
                        TOTAL MONTH:   0.0 INCH    5 = HAIL
                        GRTST 24HR     0.0         6 = FREEZING RAIN OR DRIZZLE
                        GRTST DEPTH:   0           7 = DUSTSTORM OR SANDSTORM:
                                                       VSBY 1/2 MILE OR LESS
                                                   8 = SMOKE OR HAZE
[NO. OF DAYS WITH]      [WEATHER - DAYS WITH]      9 = BLOWING SNOW
                                                   X = TORNADO
MAX 32 OR BELOW:   1    0.01 INCH OR MORE:  12
MAX 90 OR ABOVE:   0    0.10 INCH OR MORE:   5
MIN 32 OR BELOW:  20    0.50 INCH OR MORE:   1
MIN  0 OR BELOW:   0    1.00 INCH OR MORE:   1

[HDD (BASE 65) ]
TOTAL THIS MO.   740    CLEAR  (SCALE 0-3)  13
DPTR FM NORMAL  -101    PTCLDY (SCALE 4-7)  10
TOTAL FM JUL 1  3281    CLOUDY (SCALE 8-10)  6
DPTR FM NORMAL  -588

[CDD (BASE 65) ]
TOTAL THIS MO.     0
DPTR FM NORMAL     0    [PRESSURE DATA]
TOTAL FM JAN 1     0    HIGHEST SLP 30.59 ON 12
DPTR FM NORMAL     0    LOWEST  SLP 29.23 ON 23

[REMARKS]
#FINAL-02-12#
