000
CXUS53 KLSX 011600
CF6SET
PRELIMINARY LOCAL CLIMATOLOGICAL DATA (WS FORM: F-6)

                                          STATION:   ST_CHARLES MO
                                          MONTH:     MAY
                                          YEAR:      2012
                                          LATITUDE:   38 55 N
                                          LONGITUDE:  90 26 W

  TEMPERATURE IN F:       :PCPN:    SNOW:  WIND      :SUNSHINE: SKY     :PK WND
================================================================================
1   2   3   4   5  6A  6B    7    8   9   10  11  12  13   14  15   16   17  18
                                     12Z  AVG MX 2MIN
DY MAX MIN AVG DEP HDD CDD  WTR  SNW DPTH SPD SPD DIR MIN PSBL S-S WX    SPD DR
================================================================================

 1  83  57  70   9   0   5 0.42  0.0    0  8.6 18 230   M    M   2 13     25 230
 2  89  64  77  15   0  12 0.00  0.0    0 11.2 22 170   M    M   1        29 220
 3  85  66  76  14   0  11 0.00  0.0    0  9.2 24 170   M    M   0        29 150
 4  82  64  73  11   0   8 0.12  0.0    0  6.3 25  20   M    M   4 13     35  30
 5  90  67  79  17   0  14 0.00  0.0    0  5.1 10 110   M    M   2 1      20  90
 6  91  70  81  18   0  16 0.00  0.0    0  5.8 20 290   M    M   1 138    28 300
 7  75  62  69   6   0   4 0.42  0.0    0  6.9 17 210   M    M   8 13     23 210
 8  76  56  66   3   0   1 0.00  0.0    0  7.3 18 290   M    M   1        25 290
 9  72  54  63  -1   2   0 0.00  0.0    0  8.2 20 290   M    M   2        24 290
10  73  49  61  -3   4   0 0.00  0.0    0  3.3  M   M   M    M   1 1       M  M
11  76  51  64   0   1   0 0.00  0.0    0  4.5 13 180   M    M   0        16 150
12  79  55  67   3   0   2 0.00  0.0    0  3.2 12 140   M    M   1        15 150
13  77  55  66   1   0   1 0.00  0.0    0  8.6 16  20   M    M   0        21 350
14  79  52  66   1   0   1 0.00  0.0    0  6.0 14 360   M    M   0        23 360
15  83  49  66   1   0   1 0.00  0.0    0  4.4 16 250   M    M   0        22 260
16  79  57  68   2   0   3 0.00  0.0    0  8.1 17  20   M    M   0        23  20
17  80  47  64  -2   1   0 0.00  0.0    0  5.8 15  90   M    M   0        18  80
18  87  54  71   5   0   6 0.00  0.0    0  5.8 15 180   M    M   0        18 180
19  90  62  76  10   0  11 0.00  0.0    0  7.9 21 180   M    M   0        24 180
20  90  67  79  12   0  14 0.11  0.0    0  7.6 24 330   M    M   1 13     31 330
21  74  56  65  -2   0   0 0.00  0.0    0  8.5 16 350   M    M   2        22 330
22  77  50  64  -3   1   0 0.00  0.0    0  1.9 10  40   M    M   0 12     14  60
23  84  53  69   1   0   4 0.00  0.0    0  8.5 20 160   M    M   0        25 190
24  92  61  77   9   0  12 0.00  0.0    0 15.5 31 170   M    M   2        40 170
25  91  70  81  13   0  16 0.00  0.0    0  7.5 16 140   M    M   2        21 120
26  95  68  82  13   0  17 0.00  0.0    0  6.9 15 190   M    M   0 1      22 160
27  93  65  79  10   0  14 0.00  0.0    0  8.8 17 170   M    M   0        23 160
28  94  72  83  14   0  18 0.06  0.0    0 10.9 28 210   M    M   3 3      35 210
29  88  67  78   9   0  13 0.37  0.0    0  5.2 29  30   M    M   0 3      37  30
30  81  64  73   3   0   8 0.00  0.0    0  5.7 15  10   M    M   1        18  10
31  65  52  59 -11   6   0 0.01  0.0    0  9.6 17 360   M    M   8 1      22  10
================================================================================
SM 2570 1836        15 212  1.51     0.0 222.8          M       42
================================================================================
AV 82.9 59.2                               7.2 FASTST   M    M   1    MAX(MPH)
                                 MISC ---->  # 31 170               # 40  170
================================================================================
NOTES:
# LAST OF SEVERAL OCCURRENCES

COLUMN 17 PEAK WIND IN M.P.H.

PRELIMINARY LOCAL CLIMATOLOGICAL DATA (WS FORM: F-6) , PAGE 2

                                          STATION:  ST_CHARLES MO
                                          MONTH:    MAY
                                          YEAR:     2012
                                          LATITUDE:   38 55 N
                                          LONGITUDE:  90 26 W

[TEMPERATURE DATA]      [PRECIPITATION DATA]       SYMBOLS USED IN COLUMN 16

AVERAGE MONTHLY: 71.1   TOTAL FOR MONTH:   1.51    1 = FOG OR MIST
DPTR FM NORMAL:   5.4   DPTR FM NORMAL:   -3.24    2 = FOG REDUCING VISIBILITY
HIGHEST:    95 ON 26    GRTST 24HR  0.43 ON 28-29      TO 1/4 MILE OR LESS
LOWEST:     47 ON 17                               3 = THUNDER
                        SNOW, ICE PELLETS, HAIL    4 = ICE PELLETS
                        TOTAL MONTH:   0.0 INCH    5 = HAIL
                        GRTST 24HR     0.0         6 = FREEZING RAIN OR DRIZZLE
                        GRTST DEPTH:   0           7 = DUSTSTORM OR SANDSTORM:
                                                       VSBY 1/2 MILE OR LESS
                                                   8 = SMOKE OR HAZE
[NO. OF DAYS WITH]      [WEATHER - DAYS WITH]      9 = BLOWING SNOW
                                                   X = TORNADO
MAX 32 OR BELOW:   0    0.01 INCH OR MORE:   7
MAX 90 OR ABOVE:   9    0.10 INCH OR MORE:   5
MIN 32 OR BELOW:   0    0.50 INCH OR MORE:   0
MIN  0 OR BELOW:   0    1.00 INCH OR MORE:   0

[HDD (BASE 65) ]
TOTAL THIS MO.    15    CLEAR  (SCALE 0-3)  28
DPTR FM NORMAL   -69    PTCLDY (SCALE 4-7)   3
TOTAL FM JUL 1  3760    CLOUDY (SCALE 8-10)  0
DPTR FM NORMAL -1085

[CDD (BASE 65) ]
TOTAL THIS MO.   212
DPTR FM NORMAL   108    [PRESSURE DATA]
TOTAL FM JAN 1   279    HIGHEST SLP 30.20 ON 12
DPTR FM NORMAL   151    LOWEST  SLP 29.57 ON 24

[REMARKS]
#FINAL-05-12#
