000
CXUS53 KLSX 011600
CF6SET
PRELIMINARY LOCAL CLIMATOLOGICAL DATA (WS FORM: F-6)

                                          STATION:   ST_CHARLES MO
                                          MONTH:     APRIL
                                          YEAR:      2012
                                          LATITUDE:   38 55 N
                                          LONGITUDE:  90 26 W

  TEMPERATURE IN F:       :PCPN:    SNOW:  WIND      :SUNSHINE: SKY     :PK WND
================================================================================
1   2   3   4   5  6A  6B    7    8   9   10  11  12  13   14  15   16   17  18
                                     12Z  AVG MX 2MIN
DY MAX MIN AVG DEP HDD CDD  WTR  SNW DPTH SPD SPD DIR MIN PSBL S-S WX    SPD DR
================================================================================

 1  89  55  72  21   0   7 0.00  0.0    0  7.2 17 250   M    M   0 18     24 200
 2  89  57  73  22   0   8 0.00  0.0    0  5.0 15 140   M    M   0 18     20 150
 3  81  55  68  16   0   3    T  0.0    0  5.3 22 230   M    M   4 1238   28 230
 4  67  52  60   8   5   0 0.09  0.0    0 10.3 21  30   M    M  10 18     24  30
 5  62  44  53   1  12   0 0.52  0.0    0 11.7 23  40   M    M   7 1      31  50
 6  61  36  49  -4  16   0 0.00  0.0    0  6.6 18  50   M    M   0        22  50
 7  69  39  54   1  11   0    T  0.0    0  6.5 17 310   M    M   3 1      24 310
 8  67  40  54   1  11   0 0.00  0.0    0  5.7 16  40   M    M   0        21  30
 9  72  40  56   2   9   0 0.00  0.0    0  9.0 23 290   M    M   1 8      31 300
10  61  41  51  -3  14   0 0.00  0.0    0 10.7 21 290   M    M   1        30 300
11  57  35  46  -8  19   0 0.00  0.0    0  6.1 13  10   M    M   0        17  30
12  64  31  48  -7  17   0 0.00  0.0    0  6.4 16 180   M    M   1 12     21 200
13  56  48  52  -3  13   0 1.22  0.0    0  9.4 31 130   M    M   9 13     36 130
14  73  53  63   7   2   0 1.18  0.0    0  8.6 25 290   M    M   7 13     32 170
15  76  58  67  11   0   2 0.92  0.0    0 18.0 39 230   M    M   6 13     52 220
16  66  49  58   2   7   0 0.00  0.0    0 13.7 32 270   M    M   3        41 270
17  69  44  57   1   8   0 0.00  0.0    0  4.9 12 130   M    M   0 1      16  50
18  74  45  60   3   5   0 0.00  0.0    0  6.4 14 180   M    M   0 1      23 220
19  78  49  64   7   1   0 0.00  0.0    0 10.6 24 170   M    M   0        29 170
20  65  47  56  -2   9   0 0.12  0.0    0 11.1 20 310   M    M   9 1      25 320
21  60  40  50  -8  15   0    T  0.0    0  6.3 15  50   M    M   4        21  20
22  59  42  51  -7  14   0 0.19  0.0    0  8.1 22 360   M    M   7 13     29 360
23  64  39  52  -7  13   0 0.00  0.0    0 10.7 25 320   M    M   2        31 300
24  78  46  62   3   3   0 0.00  0.0    0  7.5 20 210   M    M   1        26 210
25  88  50  69  10   0   4 0.00  0.0    0  4.6 18 230   M    M   1 12     24 200
26  79  56  68   8   0   3 0.00  0.0    0 10.2 20  80   M    M   0        26  10
27  60  46  53  -7  12   0    T  0.0    0 16.4 32 100   M    M   3        38  90
28  75  54  65   5   0   0 0.70  0.0    0  9.2 18  50   M    M   6 13     23 360
29  60  50  55  -5  10   0 0.45  0.0    0  7.3 17 330   M    M   9 13     22 330
30  72  56  64   3   1   0 0.27  0.0    0  5.5 23 310   M    M   6 13     29 300
================================================================================
SM 2091 1397       227  27  5.66     0.0 259.0          M      100
================================================================================
AV 69.7 46.6                               8.6 FASTST   M    M   3    MAX(MPH)
                                 MISC ---->  # 39 230               # 52  220
================================================================================
NOTES:
# LAST OF SEVERAL OCCURRENCES

COLUMN 17 PEAK WIND IN M.P.H.

PRELIMINARY LOCAL CLIMATOLOGICAL DATA (WS FORM: F-6) , PAGE 2

                                          STATION:  ST_CHARLES MO
                                          MONTH:    APRIL
                                          YEAR:     2012
                                          LATITUDE:   38 55 N
                                          LONGITUDE:  90 26 W

[TEMPERATURE DATA]      [PRECIPITATION DATA]       SYMBOLS USED IN COLUMN 16

AVERAGE MONTHLY: 58.1   TOTAL FOR MONTH:   5.66    1 = FOG OR MIST
DPTR FM NORMAL:   2.2   DPTR FM NORMAL:    1.86    2 = FOG REDUCING VISIBILITY
HIGHEST:    89 ON  2, 1 GRTST 24HR  2.19 ON 13-14      TO 1/4 MILE OR LESS
LOWEST:     31 ON 12                               3 = THUNDER
                        SNOW, ICE PELLETS, HAIL    4 = ICE PELLETS
                        TOTAL MONTH:   0.0 INCH    5 = HAIL
                        GRTST 24HR     0.0         6 = FREEZING RAIN OR DRIZZLE
                        GRTST DEPTH:   0           7 = DUSTSTORM OR SANDSTORM:
                                                       VSBY 1/2 MILE OR LESS
                                                   8 = SMOKE OR HAZE
[NO. OF DAYS WITH]      [WEATHER - DAYS WITH]      9 = BLOWING SNOW
                                                   X = TORNADO
MAX 32 OR BELOW:   0    0.01 INCH OR MORE:  10
MAX 90 OR ABOVE:   0    0.10 INCH OR MORE:   9
MIN 32 OR BELOW:   1    0.50 INCH OR MORE:   5
MIN  0 OR BELOW:   0    1.00 INCH OR MORE:   2

[HDD (BASE 65) ]
TOTAL THIS MO.   227    CLEAR  (SCALE 0-3)  18
DPTR FM NORMAL   -67    PTCLDY (SCALE 4-7)   8
TOTAL FM JUL 1  3745    CLOUDY (SCALE 8-10)  4
DPTR FM NORMAL -1016

[CDD (BASE 65) ]
TOTAL THIS MO.    27
DPTR FM NORMAL     5    [PRESSURE DATA]
TOTAL FM JAN 1    67    HIGHEST SLP 30.36 ON  8
DPTR FM NORMAL    43    LOWEST  SLP 29.51 ON 25

[REMARKS]
#FINAL-04-12#
