000
CXUS53 KLSX 011623 CCA
CF6SET

PRELIMINARY LOCAL CLIMATOLOGICAL DATA (WS FORM: F-6)

                                          STATION:   ST_CHARLES MO
                                          MONTH:     JANUARY
                                          YEAR:      2012
                                          LATITUDE:   38 55 N
                                          LONGITUDE:  90 26 W

  TEMPERATURE IN F:       :PCPN:    SNOW:  WIND      :SUNSHINE: SKY     :PK WND
================================================================================
1   2   3   4   5  6A  6B    7    8   9   10  11  12  13   14  15   16   17  18
                                     12Z  AVG MX 2MIN
DY MAX MIN AVG DEP HDD CDD  WTR  SNW DPTH SPD SPD DIR MIN PSBL S-S WX    SPD DR
================================================================================

 1  54  32  43  13  22   0 0.05  0.0    0 23.0 40 300   M    M   2        56 300
 2  33  22  28  -2  37   0    T    M    0 18.3 33 310   M    M   2        43 310
 3  37  14  26  -4  39   0 0.00  0.0    0  7.6 16 150   M    M   0        20 150
 4  50  26  38   8  27   0 0.00  0.0    0  7.0 18 280   M    M   0        22 310
 5  64  25  45  15  20   0 0.00  0.0    0  5.3 16 250   M    M   0        20 250
 6  68  32  50  20  15   0 0.00  0.0    0  7.2 18 240   M    M   0        23 230
 7  51  34  43  13  22   0 0.00  0.0    0  7.0 15 290   M    M   0        20 330
 8  44  27  36   6  29   0 0.00  0.0    0  3.7  9  50   M    M   5        10  50
 9  49  20  35   5  30   0 0.00  0.0    0  3.2 12 250   M    M   1 128    13 270
10  56  23  40  10  25   0 0.00  0.0    0  1.6  9 190   M    M   0 18     12 190
11  56  32  44  14  21   0 0.00  0.0    0  7.9 26 310   M    M   5        31 300
12  35  15  25  -5  40   0    M    M    M 19.0 33 290   M    M  10 128    44 290
13  21   8  15 -15  50   0    T    M    M 10.1 23 290   M    M   6 18     32 270
14  34  10  22  -8  43   0 0.00  0.0    M  6.2 17  90   M    M   5 128    21  90
15  44  16  30   0  35   0 0.00  0.0    M 11.6 25 160   M    M   0 128    30 160
16  67  28  48  18  17   0 0.00  0.0    0 12.0 26 210   M    M   3        36 200
17  62  21  42  12  23   0 0.62  0.0    0 14.9 35 300   M    M   8 138    43 290
18  33  15  24  -6  41   0 0.00  0.0    0  6.2 13 160   M    M   0        16 160
19  34  16  25  -5  40   0 0.00  0.0    0  8.5 20  10   M    M   2        24  20
20  28  15  22  -8  43   0    T  0.0    0  9.9 15 350   M    M   7 16     18 360
21  31  21  26  -4  39   0 0.00  0.0    0 10.8 20 130   M    M   9 1      24 130
22  47  28  38   8  27   0 0.00  0.0    0 12.4 21 130   M    M  10 12     25 140
23  53  29  41  11  24   0 0.01  0.0    0 15.3 35 270   M    M   7 18     46 260
24  44  23  34   3  31   0 0.00  0.0    0  4.1  8  60   M    M   0        13 140
25  34  29  32   1  33   0 0.63    T    0  7.0 14 120   M    M   6 168    16 120
26  40  31  36   5  29   0 0.34  0.0    0  4.9 13 290   M    M   8 1      15 290
27  39  31  35   4  30   0 0.14  0.0    0  5.4 15 330   M    M   7 1      21 320
28  42  30  36   5  29   0 0.06    M    0 10.4 28 300   M    M   1 1      31 290
29  46  29  38   7  27   0 0.00  0.0    0  7.3 20 300   M    M   0        24 300
30  63  30  47  16  18   0 0.00  0.0    0  8.0 17 210   M    M   1        21 200
31  63  38  51  19  14   0 0.00  0.0    0  7.8 18 220   M    M   5        22 220
================================================================================
SM 1422  750       920   0  1.85    T    283.6          M      110
================================================================================
AV 45.9 24.2                               9.1 FASTST   M    M   4    MAX(MPH)
                                 MISC ---->  # 40 300               # 56  300
================================================================================
NOTES:
# LAST OF SEVERAL OCCURRENCES

COLUMN 17 PEAK WIND IN M.P.H.

PRELIMINARY LOCAL CLIMATOLOGICAL DATA (WS FORM: F-6) , PAGE 2

                                          STATION:  ST_CHARLES MO
                                          MONTH:    JANUARY
                                          YEAR:     2012
                                          LATITUDE:   38 55 N
                                          LONGITUDE:  90 26 W

[TEMPERATURE DATA]      [PRECIPITATION DATA]       SYMBOLS USED IN COLUMN 16

AVERAGE MONTHLY: 35.0   TOTAL FOR MONTH:   1.85    1 = FOG OR MIST
DPTR FM NORMAL:   4.7   DPTR FM NORMAL:   -0.50    2 = FOG REDUCING VISIBILITY
HIGHEST:    68 ON  6    GRTST 24HR            M        TO 1/4 MILE OR LESS
LOWEST:      8 ON 13                               3 = THUNDER
                        SNOW, ICE PELLETS, HAIL    4 = ICE PELLETS
                        TOTAL MONTH:    M          5 = HAIL
                        GRTST 24HR      M          6 = FREEZING RAIN OR DRIZZLE
                        GRTST DEPTH:    M          7 = DUSTSTORM OR SANDSTORM:
                                                       VSBY 1/2 MILE OR LESS
                                                   8 = SMOKE OR HAZE
[NO. OF DAYS WITH]      [WEATHER - DAYS WITH]      9 = BLOWING SNOW
                                                   X = TORNADO
MAX 32 OR BELOW:   3    0.01 INCH OR MORE:   M
MAX 90 OR ABOVE:   0    0.10 INCH OR MORE:   M
MIN 32 OR BELOW:  29    0.50 INCH OR MORE:   M
MIN  0 OR BELOW:   0    1.00 INCH OR MORE:   M

[HDD (BASE 65) ]
TOTAL THIS MO.   920    CLEAR  (SCALE 0-3)  17
DPTR FM NORMAL  -156    PTCLDY (SCALE 4-7)  10
TOTAL FM JUL 1  2541    CLOUDY (SCALE 8-10)  4
DPTR FM NORMAL  -461

[CDD (BASE 65) ]
TOTAL THIS MO.     0
DPTR FM NORMAL     0    [PRESSURE DATA]
TOTAL FM JAN 1     0    HIGHEST SLP 30.55 ON  3
DPTR FM NORMAL     0    LOWEST  SLP 29.40 ON 23

[REMARKS]
#FINAL-01-12#
