000
CXUS53 KLSX 011602
CF6SET
PRELIMINARY LOCAL CLIMATOLOGICAL DATA (WS FORM: F-6)

                                          STATION:   ST_CHARLES MO
                                          MONTH:     MARCH
                                          YEAR:      2012
                                          LATITUDE:   38 55 N
                                          LONGITUDE:  90 26 W

  TEMPERATURE IN F:       :PCPN:    SNOW:  WIND      :SUNSHINE: SKY     :PK WND
================================================================================
1   2   3   4   5  6A  6B    7    8   9   10  11  12  13   14  15   16   17  18
                                     12Z  AVG MX 2MIN
DY MAX MIN AVG DEP HDD CDD  WTR  SNW DPTH SPD SPD DIR MIN PSBL S-S WX    SPD DR
================================================================================

 1  65  32  49  10  16   0 0.00  0.0    0  9.1 21 130   M    M   0        24 140
 2  53  35  44   4  21   0 0.51  0.0    0 13.2 38 290   M    M   2 138    46 290
 3  44  27  36  -4  29   0 0.00  0.0    0 13.5 25 300   M    M   3        33 290
 4  41  24  33  -7  32   0    T    M    0  4.8 18 340   M    M   6        26 350
 5  49  27  38  -3  27   0 0.00  0.0    0  9.4 18 340   M    M   2        23 330
 6  75  34  55  14  10   0 0.00  0.0    0 16.6 39 200   M    M   0        47 200
 7  70  57  64  22   1   0 0.00  0.0    0 18.8 33 190   M    M   5        46 190
 8  69  32  51   9  14   0 0.17  0.0    0 11.3 31 210   M    M   4 1      38 210
 9  54  32  43   1  22   0 0.00  0.0    0  8.8 15  30   M    M   0        21  40
10  64  27  46   3  19   0 0.00  0.0    0  7.6 16 170   M    M   0        20 170
11  62  34  48   5  17   0 0.22  0.0    0 11.8 23 160   M    M   5 1      28 160
12  82  52  67  23   0   2    T  0.0    0 12.4 26 220   M    M   1 1      33 210
13  80  40  60  16   5   0 0.00  0.0    0  4.0 13 150   M    M   1 12     15 140
14  86  49  68  24   0   3 0.00  0.0    0 10.4 24 210   M    M   2 1      31 210
15  82  55  69  24   0   4 0.44  0.0    0  9.2 29 230   M    M   3 13     32 240
16  75  53  64  19   1   0 0.40  0.0    0  5.9 18 190   M    M   5 13     22 200
17  78  56  67  22   0   2 0.48  0.0    0  8.8 30 270   M    M   5 1238   38 270
18  80  57  69  23   0   4 0.00  0.0    0  9.0 20 200   M    M   1        23 190
19  80  61  71  25   0   6    T  0.0    0 13.6 29 150   M    M   2 3      35 140
20  81  63  72  26   0   7 0.00  0.0    0 15.2 33 160   M    M   2        40 180
21  79  60  70  23   0   5 0.00  0.0    0 13.5 29 150   M    M   3        36 140
22  72  51  62  15   3   0 0.16  0.0    0  7.0 23 140   M    M   8 12     29 140
23  66  50  58  10   7   0 0.43  0.0    0  6.2 21 140   M    M   7 123    29 130
24  74  51  63  15   2   0 0.01  0.0    0  6.9 15 320   M    M   4 1      20 310
25  75  54  65  17   0   0 0.00  0.0    0  4.6 15  20   M    M   4 1      18 360
26  70  51  61  12   4   0 0.00  0.0    0 10.1 20  80   M    M   4 128    23  80
27  81  50  66  17   0   1 0.00  0.0    0 10.3 21 170   M    M   0        25 180
28  81  56  69  20   0   4 0.00  0.0    0  3.6 14  20   M    M   2 18     18  20
29  68  56  62  12   3   0 0.05  0.0    0  8.4 23 280   M    M   4        30 290
30  81  52  67  17   0   2 0.00  0.0    0  9.0 20 260   M    M   1        28 270
31  75  47  61  11   4   0 0.00  0.0    0  7.7 17  10   M    M   0 18     23  10
================================================================================
SM 2192 1425       237  40  2.87     0.0 300.7          M       86
================================================================================
AV 70.7 46.0                               9.7 FASTST   M    M   3    MAX(MPH)
                                 MISC ---->  # 39 200               # 47  200
================================================================================
NOTES:
# LAST OF SEVERAL OCCURRENCES

COLUMN 17 PEAK WIND IN M.P.H.

PRELIMINARY LOCAL CLIMATOLOGICAL DATA (WS FORM: F-6) , PAGE 2

                                          STATION:  ST_CHARLES MO
                                          MONTH:    MARCH
                                          YEAR:     2012
                                          LATITUDE:   38 55 N
                                          LONGITUDE:  90 26 W

[TEMPERATURE DATA]      [PRECIPITATION DATA]       SYMBOLS USED IN COLUMN 16

AVERAGE MONTHLY: 58.3   TOTAL FOR MONTH:   2.87    1 = FOG OR MIST
DPTR FM NORMAL:  13.3   DPTR FM NORMAL:   -0.34    2 = FOG REDUCING VISIBILITY
HIGHEST:    86 ON 14    GRTST 24HR  0.84 ON 15-16      TO 1/4 MILE OR LESS
LOWEST:     24 ON  4                               3 = THUNDER
                        SNOW, ICE PELLETS, HAIL    4 = ICE PELLETS
                        TOTAL MONTH:   0.0 INCH    5 = HAIL
                        GRTST 24HR     0.0         6 = FREEZING RAIN OR DRIZZLE
                        GRTST DEPTH:   0           7 = DUSTSTORM OR SANDSTORM:
                                                       VSBY 1/2 MILE OR LESS
                                                   8 = SMOKE OR HAZE
[NO. OF DAYS WITH]      [WEATHER - DAYS WITH]      9 = BLOWING SNOW
                                                   X = TORNADO
MAX 32 OR BELOW:   0    0.01 INCH OR MORE:  10
MAX 90 OR ABOVE:   0    0.10 INCH OR MORE:   8
MIN 32 OR BELOW:   7    0.50 INCH OR MORE:   1
MIN  0 OR BELOW:   0    1.00 INCH OR MORE:   0

[HDD (BASE 65) ]
TOTAL THIS MO.   237    CLEAR  (SCALE 0-3)  18
DPTR FM NORMAL  -387    PTCLDY (SCALE 4-7)  13
TOTAL FM JUL 1  3518    CLOUDY (SCALE 8-10)  0
DPTR FM NORMAL  -949

[CDD (BASE 65) ]
TOTAL THIS MO.    40
DPTR FM NORMAL    38    [PRESSURE DATA]
TOTAL FM JAN 1    40    HIGHEST SLP 30.56 ON  9
DPTR FM NORMAL    38    LOWEST  SLP 29.34 ON  2

[REMARKS]
#FINAL-03-12#
