000
CXUS53 KLSX 011600
CF6SET
PRELIMINARY LOCAL CLIMATOLOGICAL DATA (WS FORM: F-6)

                                          STATION:   ST_CHARLES MO
                                          MONTH:     MAY
                                          YEAR:      2014
                                          LATITUDE:   38 55 N
                                          LONGITUDE:  90 26 W

  TEMPERATURE IN F:       :PCPN:    SNOW:  WIND      :SUNSHINE: SKY     :PK WND
================================================================================
1   2   3   4   5  6A  6B    7    8   9   10  11  12  13   14  15   16   17  18
                                     12Z  AVG MX 2MIN
DY MAX MIN AVG DEP HDD CDD  WTR  SNW DPTH SPD SPD DIR MIN PSBL S-S WX    SPD DR
================================================================================

 1  54  43  49 -12  16   0    T  0.0    0 12.3 23 280   M    M   8        28 270
 2  62  48  55  -7  10   0 0.00  0.0    0 10.3 18 250   M    M   8        25 250
 3  75  52  64   2   1   0 0.00  0.0    0  5.7 14 300   M    M   4        19 290
 4  79  49  64   2   1   0 0.00  0.0    0  9.2 22  80   M    M   0        26  80
 5  84  52  68   6   0   3 0.00  0.0    0  9.7 20  40   M    M   0        24  50
 6  86  56  71   8   0   6 0.00  0.0    0 12.7 24 140   M    M   0        33 140
 7  85  64  75  12   0  10 0.00  0.0    0 12.7 23 180   M    M   0        30 170
 8  87  68  78  15   0  13 0.02  0.0    0 14.1 31 190   M    M   3 3      40 190
 9  80  57  69   5   0   4    T  0.0    0 10.2 24 240   M    M   4        29 230
10  83  54  69   5   0   4 0.49  0.0    0  8.3 35 280   M    M   1 13     42 280
11  87  62  75  11   0  10 0.11  0.0    0 11.5 22 180   M    M   3 13     28 180
12  88  68  78  14   0  13 0.20  0.0    0 14.7 28 160   M    M   3 13     33 170
13  69  52  61  -4   4   0 0.20  0.0    0  9.0 21 290   M    M   8 1      25 290
14  55  47  51 -14  14   0 0.30  0.0    0 10.0 17 340   M    M   5 1      23 340
15  62  47  55 -10  10   0 0.04  0.0    0  9.0 22 300   M    M   5        32 300
16  58  43  51 -15  14   0 0.00  0.0    0 10.0 23 300   M    M   6        30 280
17  64  39  52 -14  13   0 0.00  0.0    0  3.4 13 250   M    M   2 12     17 300
18  68  42  55 -11  10   0 0.00  0.0    0  6.8 18 140   M    M   0 1      24 120
19  78  49  64  -2   1   0 0.00  0.0    0 14.4 28 170   M    M   3        35 170
20  89  61  75   8   0  10 0.00  0.0    0 11.6 21 210   M    M   1        26 190
21  88  65  77  10   0  12 0.12  0.0    0  6.7 20 230   M    M   2 13     23 260
22  80  65  73   6   0   8 0.00  0.0    0  7.6 16 350   M    M   5 1      19 320
23  81  57  69   1   0   4    T  0.0    0  4.9 13  30   M    M   2        17  20
24  80  56  68   0   0   3 0.00  0.0    0  6.9 16 150   M    M   3        22 140
25  77  63  70   2   0   5 0.83  0.0    0  7.4 15 110   M    M   6 13     19 120
26  87  63  75   6   0  10 0.31  0.0    0  7.2 32 240   M    M   2 138    43 230
27  85  63  74   5   0   9 0.00  0.0    0  2.5 14 290   M    M   3 13     18 290
28  85  64  75   6   0  10 0.00  0.0    0  3.7  9 180   M    M   1        13 150
29  85  66  76   7   0  11 0.03  0.0    0  6.3 14 140   M    M   2 1      17 130
30  85  67  76   6   0  11    T  0.0    0  5.6 17  60   M    M   2 13     20  60
31  88  66  77   7   0  12    T  0.0    0  5.8 31 110   M    M   1 138    37 120
================================================================================
SM 2414 1748        94 168  2.65     0.0 270.2          M       93
================================================================================
AV 77.9 56.4                               8.7 FASTST   M    M   3    MAX(MPH)
                                 MISC ---->  # 35 280               # 43  230
================================================================================
NOTES:
# LAST OF SEVERAL OCCURRENCES

COLUMN 17 PEAK WIND IN M.P.H.

PRELIMINARY LOCAL CLIMATOLOGICAL DATA (WS FORM: F-6) , PAGE 2

                                          STATION:  ST_CHARLES MO
                                          MONTH:    MAY
                                          YEAR:     2014
                                          LATITUDE:   38 55 N
                                          LONGITUDE:  90 26 W

[TEMPERATURE DATA]      [PRECIPITATION DATA]       SYMBOLS USED IN COLUMN 16

AVERAGE MONTHLY: 67.1   TOTAL FOR MONTH:   2.65    1 = FOG OR MIST
DPTR FM NORMAL:   1.4   DPTR FM NORMAL:   -2.10    2 = FOG REDUCING VISIBILITY
HIGHEST:    89 ON 20    GRTST 24HR  0.83 ON 25-25      TO 1/4 MILE OR LESS
LOWEST:     39 ON 17                               3 = THUNDER
                        SNOW, ICE PELLETS, HAIL    4 = ICE PELLETS
                        TOTAL MONTH:   0.0 INCH    5 = HAIL
                        GRTST 24HR     0.0         6 = FREEZING RAIN OR DRIZZLE
                        GRTST DEPTH:   0           7 = DUSTSTORM OR SANDSTORM:
                                                       VSBY 1/2 MILE OR LESS
                                                   8 = SMOKE OR HAZE
[NO. OF DAYS WITH]      [WEATHER - DAYS WITH]      9 = BLOWING SNOW
                                                   X = TORNADO
MAX 32 OR BELOW:   0    0.01 INCH OR MORE:  11
MAX 90 OR ABOVE:   0    0.10 INCH OR MORE:   8
MIN 32 OR BELOW:   0    0.50 INCH OR MORE:   1
MIN  0 OR BELOW:   0    1.00 INCH OR MORE:   0

[HDD (BASE 65) ]
TOTAL THIS MO.    94    CLEAR  (SCALE 0-3)  20
DPTR FM NORMAL    10    PTCLDY (SCALE 4-7)   9
TOTAL FM JUL 1  5565    CLOUDY (SCALE 8-10)  2
DPTR FM NORMAL   720

[CDD (BASE 65) ]
TOTAL THIS MO.   168
DPTR FM NORMAL    64    [PRESSURE DATA]
TOTAL FM JAN 1   176    HIGHEST SLP 30.28 ON 18
DPTR FM NORMAL    48    LOWEST  SLP 29.64 ON  6

[REMARKS]
#FINAL-05-14#
