000
CXUS53 KLSX 011600
CF6SET
PRELIMINARY LOCAL CLIMATOLOGICAL DATA (WS FORM: F-6)

                                          STATION:   ST_CHARLES MO
                                          MONTH:     DECEMBER
                                          YEAR:      2015
                                          LATITUDE:   38 55 N
                                          LONGITUDE:  90 26 W

  TEMPERATURE IN F:       :PCPN:    SNOW:  WIND      :SUNSHINE: SKY     :PK WND
================================================================================
1   2   3   4   5  6A  6B    7    8   9   10  11  12  13   14  15   16   17  18
                                     12Z  AVG MX 2MIN
DY MAX MIN AVG DEP HDD CDD  WTR  SNW DPTH SPD SPD DIR MIN PSBL S-S WX    SPD DR
================================================================================

 1  51  33  42   4  23   0 0.01  0.0    0  9.4 21 270   M    M   1 1      26 270
 2  40  32  36  -2  29   0 0.01    M    0 11.5 25 270   M    M   8 1      31 280
 3  46  31  39   2  26   0 0.00  0.0    0  4.2 10 330   M    M   5 1      16 320
 4  52  27  40   3  25   0 0.00  0.0    0  4.8 13 140   M    M   1 12     14 130
 5  52  29  41   5  24   0 0.00  0.0    0  8.7 15 110   M    M   2 128    20 110
 6  47  30  39   3  26   0 0.00  0.0    0  3.6 10 240   M    M   6 12     13 230
 7  46  33  40   4  25   0 0.00  0.0    0  5.8 12 110   M    M   6 18     13 230
 8  61  33  47  12  18   0 0.00  0.0    0  7.5 14 140   M    M   0 1      18 160
 9  57  38  48  13  17   0 0.00  0.0    0  7.6 16 260   M    M   0        20 260
10  67  34  51  17  14   0 0.00  0.0    0  6.7 22 220   M    M   0        26 220
11  58  29  44  10  21   0 0.00  0.0    0  6.5 15 160   M    M   5 12     18 160
12  70  45  58  24   7   0 0.00  0.0    0  8.6 15 140   M    M   7 12     19 150
13  65  57  61  27   4   0 0.99  0.0    0 13.6 25 230   M    M  10 1      32 250
14  57  44  51  18  14   0 0.30  0.0    0 17.2 31 240   M    M   9 1      40 200
15  47  42  45  12  20   0 0.00  0.0    0  9.1 16 280   M    M   9        20 130
16  57  35  46  13  19   0 0.09  0.0    0 12.5 29 240   M    M   4 1      35 230
17  36  32  34   2  31   0 0.00  0.0    0 10.7 20 310   M    M   8        26 310
18  41  28  35   3  30   0 0.00  0.0    0 11.0 23 250   M    M   1        30 240
19  44  25  35   3  30   0 0.00  0.0    0  5.8 14 140   M    M   0        16 140
20  55  32  44  12  21   0 0.05  0.0    0 12.7 24 190   M    M   2        31 190
21  63  43  53  21  12   0 0.18  0.0    0 12.9 22 230   M    M   7 13     28 180
22  49  39  44  13  21   0 0.00  0.0    0  9.0 17 110   M    M   6 1      21 110
23  63  42  53  22  12   0 0.77    M    0 15.0 36 210   M    M   6 13     44 200
24  50  33  42  11  23   0 0.00  0.0    0  5.7 20 280   M    M   3        22 260
25  50  36  43  12  22   0 0.00  0.0    0  9.4 16  60   M    M   3        22  10
26  52  42  47  16  18   0 4.18  0.0    0 11.3 30  30   M    M  10 13     35  20
27  45  38  42  11  23   0 1.43  0.0    0 17.3 28  60   M    M   9 13     35  50
28  45  35  40  10  25   0 2.43    M    0 17.1 33 230   M    M  10 1      42 230
29  36  31  34   4  31   0 0.00  0.0    0 11.8 26 260   M    M  10        33 280
30   M   M   M   M   M   M 0.00  0.0    0  6.0  9 300   M    M  10         M  M
31   M   M   M   M   M   M 0.00  0.0    0   M   M   M   M    M   0         M  M
================================================================================
SM 1502 1028       611   0 10.44     0.0 293.0          M      158
================================================================================
AV 51.8 35.4                               9.8 FASTST   M    M   5    MAX(MPH)
                                 MISC ---->  # 36 210               # 44  200
================================================================================
NOTES:
# LAST OF SEVERAL OCCURRENCES

COLUMN 17 PEAK WIND IN M.P.H.

PRELIMINARY LOCAL CLIMATOLOGICAL DATA (WS FORM: F-6) , PAGE 2

                                          STATION:  ST_CHARLES MO
                                          MONTH:    DECEMBER
                                          YEAR:     2015
                                          LATITUDE:   38 55 N
                                          LONGITUDE:  90 26 W

[TEMPERATURE DATA]      [PRECIPITATION DATA]       SYMBOLS USED IN COLUMN 16

AVERAGE MONTHLY: 43.6   TOTAL FOR MONTH:  10.44    1 = FOG OR MIST
DPTR FM NORMAL:  10.4   DPTR FM NORMAL:    7.63    2 = FOG REDUCING VISIBILITY
HIGHEST:    70 ON 12    GRTST 24HR  4.78 ON 26-27      TO 1/4 MILE OR LESS
LOWEST:     25 ON 19                               3 = THUNDER
                        SNOW, ICE PELLETS, HAIL    4 = ICE PELLETS
                        TOTAL MONTH:   0.0 INCH    5 = HAIL
                        GRTST 24HR     0.0         6 = FREEZING RAIN OR DRIZZLE
                        GRTST DEPTH:   0           7 = DUSTSTORM OR SANDSTORM:
                                                       VSBY 1/2 MILE OR LESS
                                                   8 = SMOKE OR HAZE
[NO. OF DAYS WITH]      [WEATHER - DAYS WITH]      9 = BLOWING SNOW
                                                   X = TORNADO
MAX 32 OR BELOW:   0    0.01 INCH OR MORE:  11
MAX 90 OR ABOVE:   0    0.10 INCH OR MORE:   7
MIN 32 OR BELOW:  11    0.50 INCH OR MORE:   5
MIN  0 OR BELOW:   0    1.00 INCH OR MORE:   3

[HDD (BASE 65) ]
TOTAL THIS MO.   611    CLEAR  (SCALE 0-3)  12
DPTR FM NORMAL  -375    PTCLDY (SCALE 4-7)  10
TOTAL FM JUL 1  1337    CLOUDY (SCALE 8-10)  9
DPTR FM NORMAL  -589

[CDD (BASE 65) ]
TOTAL THIS MO.     0
DPTR FM NORMAL     0    [PRESSURE DATA]
TOTAL FM JAN 1  1456    HIGHEST SLP 30.63 ON  5
DPTR FM NORMAL   111    LOWEST  SLP 29.16 ON 23

[REMARKS]
#FINAL-12-15#
