000
CXUS53 KLSX 011600
CF6SET
PRELIMINARY LOCAL CLIMATOLOGICAL DATA (WS FORM: F-6)

                                          STATION:   ST_CHARLES MO
                                          MONTH:     OCTOBER
                                          YEAR:      2016
                                          LATITUDE:   38 55 N
                                          LONGITUDE:  90 26 W

  TEMPERATURE IN F:       :PCPN:    SNOW:  WIND      :SUNSHINE: SKY     :PK WND
================================================================================
1   2   3   4   5  6A  6B    7    8   9   10  11  12  13   14  15   16   17  18
                                     12Z  AVG MX 2MIN
DY MAX MIN AVG DEP HDD CDD  WTR  SNW DPTH SPD SPD DIR MIN PSBL S-S WX    SPD DR
================================================================================

 1  70  60  65   3   0   0 0.00  0.0    0  6.9 13 280   M    M  10        18 280
 2  71  58  65   4   0   0 0.00  0.0    0  3.5 12 290   M    M   9        14 280
 3  74  57  66   5   0   1 0.00  0.0    0  4.1 12  70   M    M   8        14  60
 4  82  57  70  10   0   5 0.00  0.0    0  9.0 21 140   M    M   1        24 150
 5  83  61  72  12   0   7    T  0.0    0  7.4 18 220   M    M   3        25 220
 6  83  63  73  13   0   8 0.00  0.0    0  6.8 18 210   M    M   3        22 200
 7  69  51  60   1   5   0    T  0.0    0  9.5 21 330   M    M   1 1      25 320
 8  72  41  57  -2   8   0 0.00  0.0    0  2.3  9 320   M    M   0 1      18  60
 9  75  41  58  -1   7   0 0.00  0.0    0  2.3  9 310   M    M   2 12     12 310
10  77  45  61   3   4   0 0.00  0.0    0  5.6 17 190   M    M   2 1      21 140
11  81  51  66   8   0   1 0.00  0.0    0  8.1 17 160   M    M   0        22 170
12  73  51  62   4   3   0 0.07  0.0    0  9.2 20 340   M    M   7        24 340
13  62  45  54  -3  11   0    T  0.0    0  5.0 14 360   M    M   4        19 360
14  69  45  57   0   8   0 0.00  0.0    0  6.7 14 130   M    M   1        18 170
15  81  60  71  14   0   6 0.00  0.0    0 11.2 22 180   M    M   5        27 180
16  87  68  78  22   0  13    T  0.0    0 11.8 20 180   M    M   5        24 190
17  90  69  80  24   0  15 0.00  0.0    0 16.6 33 190   M    M   0        39 200
18  83  66  75  19   0  10 0.00  0.0    0  9.8 16 250   M    M   5        21  30
19  66  57  62   7   3   0 1.05  0.0    0  9.4 24 300   M    M   8 13     30 290
20  63  48  56   1   9   0 0.11  0.0    0 12.0 23 330   M    M   7 3      26 330
21  60  40  50  -5  15   0 0.00  0.0    0  5.1 13 320   M    M   0        16 280
22  68  36  52  -2  13   0 0.00  0.0    0  3.6 13 180   M    M   3 1      19 180
23  80  43  62   8   3   0 0.00  0.0    0  7.1 18 230   M    M   0 1      22 230
24  66  46  56   2   9   0 0.00  0.0    0  8.5 17  30   M    M   0        23  20
25  67  45  56   2   9   0 0.00  0.0    0  9.1 15 100   M    M   4        22 110
26  67  47  57   4   8   0 0.01  0.0    0  5.8 20 330   M    M   6 3      24 320
27  60  45  53   0  12   0 0.00  0.0    0  7.1 15 330   M    M   5        18 320
28  77  45  61   8   4   0 0.00  0.0    0  9.1 18 160   M    M   0        21 160
29  84  54  69  17   0   4 0.00  0.0    0  5.4 18 210   M    M   0 18     24 240
30  71  53  62  10   3   0 0.00  0.0    0  7.0 18  20   M    M   5        22  10
31  73  50  62  10   3   0 0.00  0.0    0  7.3 14 150   M    M   3        16 140
================================================================================
SM 2284 1598       137  70  1.24     0.0 232.3          M      107
================================================================================
AV 73.7 51.6                               7.5 FASTST   M    M   3    MAX(MPH)
                                 MISC ---->  # 33 190               # 39  200
================================================================================
NOTES:
# LAST OF SEVERAL OCCURRENCES

COLUMN 17 PEAK WIND IN M.P.H.

PRELIMINARY LOCAL CLIMATOLOGICAL DATA (WS FORM: F-6) , PAGE 2

                                          STATION:  ST_CHARLES MO
                                          MONTH:    OCTOBER
                                          YEAR:     2016
                                          LATITUDE:   38 55 N
                                          LONGITUDE:  90 26 W

[TEMPERATURE DATA]      [PRECIPITATION DATA]       SYMBOLS USED IN COLUMN 16

AVERAGE MONTHLY: 62.6   TOTAL FOR MONTH:   1.24    1 = FOG OR MIST
DPTR FM NORMAL:   6.2   DPTR FM NORMAL:   -2.13    2 = FOG REDUCING VISIBILITY
HIGHEST:    90 ON 17    GRTST 24HR  1.14 ON 19-20      TO 1/4 MILE OR LESS
LOWEST:     36 ON 22                               3 = THUNDER
                        SNOW, ICE PELLETS, HAIL    4 = ICE PELLETS
                        TOTAL MONTH:   0.0 INCH    5 = HAIL
                        GRTST 24HR     0.0         6 = FREEZING RAIN OR DRIZZLE
                        GRTST DEPTH:   0           7 = DUSTSTORM OR SANDSTORM:
                                                       VSBY 1/2 MILE OR LESS
                                                   8 = SMOKE OR HAZE
[NO. OF DAYS WITH]      [WEATHER - DAYS WITH]      9 = BLOWING SNOW
                                                   X = TORNADO
MAX 32 OR BELOW:   0    0.01 INCH OR MORE:   4
MAX 90 OR ABOVE:   1    0.10 INCH OR MORE:   2
MIN 32 OR BELOW:   0    0.50 INCH OR MORE:   1
MIN  0 OR BELOW:   0    1.00 INCH OR MORE:   1

[HDD (BASE 65) ]
TOTAL THIS MO.   137    CLEAR  (SCALE 0-3)  15
DPTR FM NORMAL  -153    PTCLDY (SCALE 4-7)  13
TOTAL FM JUL 1   146    CLOUDY (SCALE 8-10)  3
DPTR FM NORMAL  -196

[CDD (BASE 65) ]
TOTAL THIS MO.    70
DPTR FM NORMAL    45    [PRESSURE DATA]
TOTAL FM JAN 1  1616    HIGHEST SLP 30.37 ON 24
DPTR FM NORMAL   272    LOWEST  SLP 29.54 ON 17

[REMARKS]
#FINAL-10-16#
