000
CXUS53 KLSX 011600
CF6SET
PRELIMINARY LOCAL CLIMATOLOGICAL DATA (WS FORM: F-6)

                                          STATION:   ST_CHARLES MO
                                          MONTH:     FEBRUARY
                                          YEAR:      2014
                                          LATITUDE:   38 55 N
                                          LONGITUDE:  90 26 W

  TEMPERATURE IN F:       :PCPN:    SNOW:  WIND      :SUNSHINE: SKY     :PK WND
================================================================================
1   2   3   4   5  6A  6B    7    8   9   10  11  12  13   14  15   16   17  18
                                     12Z  AVG MX 2MIN
DY MAX MIN AVG DEP HDD CDD  WTR  SNW DPTH SPD SPD DIR MIN PSBL S-S WX    SPD DR
================================================================================

 1   M   M   M   M   M   M 1.15    M    0  6.6 10 310   M    M  10 16      M  M
 2  27  11  19 -13  46   0    T    M    M   M   M   M   M    M   M         M  M
 3  29   7  18 -14  47   0 0.00  0.0    M  5.2 10  50   M    M   0        13  50
 4  26  21  24  -8  41   0    M    M    0 11.5 24  10   M    M   8 128    29  10
 5  21   9  15 -17  50   0    M    M    M 12.7 24 310   M    M  10 18     30 310
 6  11  -6   3 -30  62   0    T    T    M  7.5 16 290   M    M   3        18 300
 7  17 -12   3 -30  62   0    T    T    M  3.2 13 110   M    M   6        14 110
 8  27  15  21 -12  44   0    M    M    M  5.2 10 170   M    M  10 1      12 120
 9  27  15  21 -12  44   0    T    M    M  6.8 17 350   M    M   9 18     20 360
10  15   2   9 -25  56   0 0.00  0.0    M  6.9 20 350   M    M   2        24 340
11  18  -7   6 -28  59   0 0.00  0.0    M  2.6  9  70   M    M   0        11  10
12  30  -2  14 -20  51   0 0.00  0.0    M  2.4  9 110   M    M   0        10 330
13  45   4  25  -9  40   0 0.00  0.0    M  4.9 17 250   M    M   0 18     20 250
14  37  15  26  -9  39   0    M    M    M 11.4 21 360   M    M   6 168    27 320
15  28   6  17 -18  48   0 0.00  0.0    M  5.3 17 160   M    M   4 1      20 150
16  32  19  26  -9  39   0 0.00  0.0    M  8.3 21 340   M    M   7 18     25 340
17  42  24  33  -2  32   0 0.71  0.0    M 10.6 30 280   M    M   6 168    36 290
18  57  25  41   5  24   0 0.00  0.0    M  6.7 22 190   M    M   0        29 190
19  49  34  42   6  23   0 0.00  0.0    0  8.3 20 310   M    M   1        25 320
20  71  37  54  18  11   0 0.13  0.0    0 19.1 48 270   M    M   7 1      67 260
21  54  33  44   7  21   0 0.00  0.0    0 16.6 43 260   M    M   2        53 270
22  57  28  43   6  22   0    T  0.0    0  6.5 23  30   M    M   4 1      30  30
23  36  24  30  -7  35   0 0.00  0.0    0 10.3 21  10   M    M   6        25  10
24  35  22  29  -9  36   0 0.00  0.0    0  6.4 14  30   M    M   5        15  20
25  31  17  24 -14  41   0 0.00  0.0    0 11.4 21 320   M    M  10        27 330
26  27   9  18 -20  47   0 0.00  0.0    0 11.8 24 310   M    M   2        30 310
27  27  16  22 -17  43   0 0.00  0.0    0  9.3 22  10   M    M   0        25  10
28  46  16  31  -8  34   0 0.00  0.0    0 11.5 21 150   M    M   0        24 140
================================================================================
SM  922  382      1097   0  1.99    T    229.0          M      118
================================================================================
AV 34.1 14.1                               8.5 FASTST   M    M   4    MAX(MPH)
                                 MISC ---->  # 48 270               # 67  260
================================================================================
NOTES:
# LAST OF SEVERAL OCCURRENCES

COLUMN 17 PEAK WIND IN M.P.H.

PRELIMINARY LOCAL CLIMATOLOGICAL DATA (WS FORM: F-6) , PAGE 2

                                          STATION:  ST_CHARLES MO
                                          MONTH:    FEBRUARY
                                          YEAR:     2014
                                          LATITUDE:   38 55 N
                                          LONGITUDE:  90 26 W

[TEMPERATURE DATA]      [PRECIPITATION DATA]       SYMBOLS USED IN COLUMN 16

AVERAGE MONTHLY: 24.1   TOTAL FOR MONTH:   1.99    1 = FOG OR MIST
DPTR FM NORMAL: -10.8   DPTR FM NORMAL:   -0.24    2 = FOG REDUCING VISIBILITY
HIGHEST:    71 ON 20    GRTST 24HR  1.15 ON  1- 1      TO 1/4 MILE OR LESS
LOWEST:    -12 ON  7                               3 = THUNDER
                        SNOW, ICE PELLETS, HAIL    4 = ICE PELLETS
                        TOTAL MONTH:    T          5 = HAIL
                        GRTST 24HR    T  ON  7- 7  6 = FREEZING RAIN OR DRIZZLE
                        GRTST DEPTH:   0           7 = DUSTSTORM OR SANDSTORM:
                                                       VSBY 1/2 MILE OR LESS
                                                   8 = SMOKE OR HAZE
[NO. OF DAYS WITH]      [WEATHER - DAYS WITH]      9 = BLOWING SNOW
                                                   X = TORNADO
MAX 32 OR BELOW:  16    0.01 INCH OR MORE:   3
MAX 90 OR ABOVE:   0    0.10 INCH OR MORE:   3
MIN 32 OR BELOW:  24    0.50 INCH OR MORE:   2
MIN  0 OR BELOW:   4    1.00 INCH OR MORE:   1

[HDD (BASE 65) ]
TOTAL THIS MO.  1097    CLEAR  (SCALE 0-3)  12
DPTR FM NORMAL   256    PTCLDY (SCALE 4-7)  10
TOTAL FM JUL 1  4410    CLOUDY (SCALE 8-10)  5
DPTR FM NORMAL   567

[CDD (BASE 65) ]
TOTAL THIS MO.     0
DPTR FM NORMAL     0    [PRESSURE DATA]
TOTAL FM JAN 1     0    HIGHEST SLP 30.67 ON  6
DPTR FM NORMAL     0    LOWEST  SLP 29.21 ON 20

[REMARKS]
#FINAL-02-14#
