000
CXUS53 KLSX 011600
CF6SET
PRELIMINARY LOCAL CLIMATOLOGICAL DATA (WS FORM: F-6)

                                          STATION:   ST_CHARLES MO
                                          MONTH:     NOVEMBER
                                          YEAR:      2011
                                          LATITUDE:   38 55 N
                                          LONGITUDE:  90 26 W

  TEMPERATURE IN F:       :PCPN:    SNOW:  WIND      :SUNSHINE: SKY     :PK WND
================================================================================
1   2   3   4   5  6A  6B    7    8   9   10  11  12  13   14  15   16   17  18
                                     12Z  AVG MX 2MIN
DY MAX MIN AVG DEP HDD CDD  WTR  SNW DPTH SPD SPD DIR MIN PSBL S-S WX    SPD DR
================================================================================

 1  76  36  56   5   9   0 0.00  0.0    0  9.8 20 180   M    M   0        24 180
 2  76  43  60   9   5   0 0.09  0.0    0 11.6 24 190   M    M   0 1      31 190
 3  56  46  51   1  14   0 0.95  0.0    0 13.5 25 350   M    M  10 1      33 340
 4  58  39  49  -1  16   0 0.00  0.0    0  7.5 14 360   M    M   3        21  10
 5  59  37  48  -2  17   0 0.00  0.0    0  9.9 21 160   M    M   4 128    24 160
 6  66  44  55   6  10   0 0.16  0.0    0 10.4 23 190   M    M   8 18     29 190
 7  62  53  58   9   7   0 1.05  0.0    0  6.2 20 140   M    M  10 1       M  M
 8  63  57  60  12   5   0 0.30  0.0    0  6.7 20 120   M    M   6 1      24 120
 9  62  41  52   4  13   0 0.02  0.0    0 16.1 33 280   M    M   5 18     43 280
10  49  29  39  -9  26   0 0.00  0.0    0 12.1 28 300   M    M   0        37 320
11  63  26  45  -2  20   0 0.00  0.0    0  5.8 17 190   M    M   0        23 180
12  64  35  50   3  15   0 0.00  0.0    0 12.2 23 170   M    M   2        30 160
13  78  50  64  18   1   0    T  0.0    0 12.8 35 230   M    M   2        43 240
14  78  53  66  20   0   1    T  0.0    0  9.8 32 270   M    M   1        46 220
15  65  45  55   9  10   0 0.00  0.0    0  6.3 18 350   M    M   2 1      25 340
16  52  37  45   0  20   0 0.00  0.0    0 11.3 23 360   M    M   3 8      30  10
17  47  26  37  -8  28   0 0.00  0.0    0  7.4 14 270   M    M   1 8      20 280
18  58  26  42  -2  23   0 0.00  0.0    0 12.4 26 180   M    M   2        33 190
19  62  48  55  11  10   0 0.00  0.0    0 14.8 29 190   M    M   9        36 190
20  61  37  49   6  16   0 0.15  0.0    0  8.0 21  10   M    M  10 18     24  10
21  46  43  45   2  20   0 0.00  0.0    0  5.3 12  30   M    M  10 18     15  40
22  48  44  46   4  19   0 1.21  0.0    0  9.7 22  80   M    M  10 18     25 320
23  47  43  45   3  20   0 0.00  0.0    0  5.7 15 300   M    M  10 18     18 290
24  58  41  50   9  15   0 0.00  0.0    0  8.3 13 150   M    M   5        16 170
25  66  35  51  10  14   0 0.00  0.0    0 11.4 22 200   M    M   0 1      26 190
26  65  42  54  14  11   0 0.25  0.0    0 11.7 24 320   M    M   9 1      30 320
27  42  36  39  -1  26   0    T  0.0    0 12.5 21 320   M    M  10 18     26 320
28  40  34  37  -2  28   0 0.12    M    0 12.7 23 330   M    M  10 1      31 320
29  43  31  37  -2  28   0    T  0.0    0 13.0 23 340   M    M   3        32 340
30  42  24  33  -5  32   0 0.00  0.0    0  5.0  9 290   M    M   0 8      12 330
================================================================================
SM 1752 1181       478   1  4.30     0.0 299.9          M      145
================================================================================
AV 58.4 39.4                              10.0 FASTST   M    M   5    MAX(MPH)
                                 MISC ---->  # 35 230               # 46  220
================================================================================
NOTES:
# LAST OF SEVERAL OCCURRENCES

COLUMN 17 PEAK WIND IN M.P.H.

PRELIMINARY LOCAL CLIMATOLOGICAL DATA (WS FORM: F-6) , PAGE 2

                                          STATION:  ST_CHARLES MO
                                          MONTH:    NOVEMBER
                                          YEAR:     2011
                                          LATITUDE:   38 55 N
                                          LONGITUDE:  90 26 W

[TEMPERATURE DATA]      [PRECIPITATION DATA]       SYMBOLS USED IN COLUMN 16

AVERAGE MONTHLY: 48.9   TOTAL FOR MONTH:   4.30    1 = FOG OR MIST
DPTR FM NORMAL:   3.8   DPTR FM NORMAL:    0.48    2 = FOG REDUCING VISIBILITY
HIGHEST:    78 ON 14,13 GRTST 24HR  1.21 ON 22-22      TO 1/4 MILE OR LESS
LOWEST:     24 ON 30                               3 = THUNDER
                        SNOW, ICE PELLETS, HAIL    4 = ICE PELLETS
                        TOTAL MONTH:   0.0 INCH    5 = HAIL
                        GRTST 24HR     0.0         6 = FREEZING RAIN OR DRIZZLE
                        GRTST DEPTH:   0           7 = DUSTSTORM OR SANDSTORM:
                                                       VSBY 1/2 MILE OR LESS
                                                   8 = SMOKE OR HAZE
[NO. OF DAYS WITH]      [WEATHER - DAYS WITH]      9 = BLOWING SNOW
                                                   X = TORNADO
MAX 32 OR BELOW:   0    0.01 INCH OR MORE:  10
MAX 90 OR ABOVE:   0    0.10 INCH OR MORE:   8
MIN 32 OR BELOW:   6    0.50 INCH OR MORE:   3
MIN  0 OR BELOW:   0    1.00 INCH OR MORE:   2

[HDD (BASE 65) ]
TOTAL THIS MO.   478    CLEAR  (SCALE 0-3)  15
DPTR FM NORMAL  -120    PTCLDY (SCALE 4-7)   5
TOTAL FM JUL 1   812    CLOUDY (SCALE 8-10) 10
DPTR FM NORMAL  -128

[CDD (BASE 65) ]
TOTAL THIS MO.     1
DPTR FM NORMAL     0    [PRESSURE DATA]
TOTAL FM JAN 1  1640    HIGHEST SLP 30.37 ON 17
DPTR FM NORMAL   295    LOWEST  SLP 29.49 ON 13

[REMARKS]
#FINAL-11-11#
