000
CXUS53 KLSX 041959 RRA
CF6SET

PRELIMINARY LOCAL CLIMATOLOGICAL DATA (WS FORM: F-6)

                                          STATION:   ST_CHARLES MO
                                          MONTH:     SEPTEMBER
                                          YEAR:      2011
                                          LATITUDE:   38 55 N
                                          LONGITUDE:  90 26 W

  TEMPERATURE IN F:       :PCPN:    SNOW:  WIND      :SUNSHINE: SKY     :PK WND
================================================================================
1   2   3   4   5  6A  6B    7    8   9   10  11  12  13   14  15   16   17  18
                                     12Z  AVG MX 2MIN
DY MAX MIN AVG DEP HDD CDD  WTR  SNW DPTH SPD SPD DIR MIN PSBL S-S WX    SPD DR
================================================================================

 1 102  73  88  14   0  23 0.00  0.0    0  6.0 16 210   M    M   0 18     22 220
 2  99  70  85  12   0  20 0.00  0.0    0  3.7 14 180   M    M   0 18     22 240
 3 100  71  86  13   0  21 0.00  0.0    0  6.5 20 110   M    M   1 18     37 320
 4  80  62  71  -2   0   6 0.04  0.0    0  9.3 13 350   M    M   5 1      16 350
 5  75  56  66  -6   0   1 0.00  0.0    0 14.0 23  30   M    M   0        29  20
 6  75  50  63  -9   2   0 0.00  0.0    0 11.2 21  20   M    M   0        26 360
 7  79  52  66  -6   0   1 0.00  0.0    0 10.5 20 360   M    M   0        28  40
 8  81  49  65  -6   0   0 0.01  0.0    0  8.2 18  10   M    M   1        26 350
 9  65  62  64  -7   1   0 0.72  0.0    0  6.1 15 310   M    M   9 1      86 330
10  77  61  69  -1   0   4 0.00  0.0    0  1.9 10 240   M    M   8 128    36 320
11  82  56  69  -1   0   4 0.00  0.0    0  1.5 10 300   M    M   4 12     13 300
12  88  57  73   3   0   8 0.00  0.0    0  4.3 15 240   M    M   1 128    24 240
13  90  59  75   6   0  10    T  0.0    0  5.9 17  40   M    M   0 18     31 330
14  69  50  60  -9   5   0 1.18  0.0    0  8.7 21  20   M    M   8 1      26  20
15  65  43  54 -14  11   0 0.00  0.0    0  9.0 22  40   M    M   0        25  40
16  66  52  59  -9   6   0 0.04  0.0    0  6.3 13  20   M    M   9        16  10
17  68  56  62  -6   3   0    T  0.0    0  4.4 12 130   M    M  10        16 150
18  71  58  65  -2   0   0 0.86  0.0    0  6.6 17 170   M    M   7 18     20 190
19  71  52  62  -5   3   0    T  0.0    0  5.3 15 340   M    M   7 12     21 310
20  76  50  63  -3   2   0 0.00  0.0    0  2.0 10 160   M    M   6 12     14 170
21  77  53  65  -1   0   0    T  0.0    0  4.8 14 250   M    M   3 12     18 270
22  63  44  54 -11  11   0    T  0.0    0  4.0999 999   M    M   3 12    999 999
23  68  43  56  -9   9   0    T  0.0    0  2.5 12 190   M    M   6 12     15 190
24  68  42  55  -9  10   0 0.00  0.0    0  4.9 12 350   M    M   0 8      16 360
25  68  37  53 -11  12   0 0.00  0.0    0  4.8 10 340   M    M   2        15 300
26  71  42  57  -7   8   0    T  0.0    0 10.0 25 260   M    M   4        32 260
27  71  50  61  -2   4   0 0.00  0.0    0  7.8 22 310   M    M   4 1      28 310
28  75  50  63   0   2   0 0.00  0.0    0  3.6 15 330   M    M   7 18     18 320
29  87  49  68   6   0   3 0.00  0.0    0  9.0 26 320   M    M   1 1      37 330
30  73  51  62   0   3   0 0.00  0.0    0 12.5 22 350   M    M   0        26 360
================================================================================
SM 2300 1600        92 101  2.85     0.0 195.3          M      106
================================================================================
AV 76.7 53.3                               6.5 FASTST   M    M   4    MAX(MPH)
                                 MISC ---->  #999 999               #999  999
================================================================================
NOTES:
# LAST OF SEVERAL OCCURRENCES

COLUMN 17 PEAK WIND IN M.P.H.

PRELIMINARY LOCAL CLIMATOLOGICAL DATA (WS FORM: F-6) , PAGE 2

                                          STATION:  ST_CHARLES MO
                                          MONTH:    SEPTEMBER
                                          YEAR:     2011
                                          LATITUDE:   38 55 N
                                          LONGITUDE:  90 26 W

[TEMPERATURE DATA]      [PRECIPITATION DATA]       SYMBOLS USED IN COLUMN 16

AVERAGE MONTHLY: 65.0   TOTAL FOR MONTH:   2.85    1 = FOG OR MIST
DPTR FM NORMAL:  -3.0   DPTR FM NORMAL:   -0.42    2 = FOG REDUCING VISIBILITY
HIGHEST:   102 ON  1    GRTST 24HR  1.18 ON 14-14      TO 1/4 MILE OR LESS
LOWEST:     37 ON 25                               3 = THUNDER
                        SNOW, ICE PELLETS, HAIL    4 = ICE PELLETS
                        TOTAL MONTH:   0.0 INCH    5 = HAIL
                        GRTST 24HR     0.0         6 = FREEZING RAIN OR DRIZZLE
                        GRTST DEPTH:   0           7 = DUSTSTORM OR SANDSTORM:
                                                       VSBY 1/2 MILE OR LESS
                                                   8 = SMOKE OR HAZE
[NO. OF DAYS WITH]      [WEATHER - DAYS WITH]      9 = BLOWING SNOW
                                                   X = TORNADO
MAX 32 OR BELOW:   0    0.01 INCH OR MORE:   6
MAX 90 OR ABOVE:   4    0.10 INCH OR MORE:   3
MIN 32 OR BELOW:   0    0.50 INCH OR MORE:   3
MIN  0 OR BELOW:   0    1.00 INCH OR MORE:   1

[HDD (BASE 65) ]
TOTAL THIS MO.    92    CLEAR  (SCALE 0-3)  16
DPTR FM NORMAL    42    PTCLDY (SCALE 4-7)  11
TOTAL FM JUL 1    92    CLOUDY (SCALE 8-10)  3
DPTR FM NORMAL    40

[CDD (BASE 65) ]
TOTAL THIS MO.   101
DPTR FM NORMAL   -40    [PRESSURE DATA]
TOTAL FM JAN 1  1620    HIGHEST SLP 30.37 ON 15
DPTR FM NORMAL   301    LOWEST  SLP 29.70 ON 27

[REMARKS]
#FINAL-09-11#
