000
CXUS53 KLSX 011600
CF6SET
PRELIMINARY LOCAL CLIMATOLOGICAL DATA (WS FORM: F-6)

                                          STATION:   ST_CHARLES MO
                                          MONTH:     JUNE
                                          YEAR:      2011
                                          LATITUDE:   38 55 N
                                          LONGITUDE:  90 26 W

  TEMPERATURE IN F:       :PCPN:    SNOW:  WIND      :SUNSHINE: SKY     :PK WND
================================================================================
1   2   3   4   5  6A  6B    7    8   9   10  11  12  13   14  15   16   17  18
                                     12Z  AVG MX 2MIN
DY MAX MIN AVG DEP HDD CDD  WTR  SNW DPTH SPD SPD DIR MIN PSBL S-S WX    SPD DR
================================================================================

 1  88  58  73   M   0   8 0.00  0.0    0  3.3 10 320   M    M   0 128    14 310
 2  84  69  77   M   0  12 0.00  0.0    0  9.5 23  10   M    M   1        29  10
 3  96  68  82   M   0  17 0.00  0.0    0  6.7 17 220   M    M   0 18     23 220
 4  99  71  85   M   0  20 0.00  0.0    0  5.6 18 280   M    M   0 128    22 270
 5  90  71  81   M   0  16 0.00  0.0    0  5.3 26 340   M    M   1        43 360
 6  97  69  83   M   0  18 0.00  0.0    0  6.4 17 220   M    M   0 8      22 220
 7  97  70  84   M   0  19 0.00  0.0    0  7.6 20 190   M    M   0 18     25 180
 8  97  70  84   M   0  19 0.00  0.0    0 10.0 22 210   M    M   0 18     29 230
 9  93  69  81   M   0  16 0.00  0.0    0  5.8 14  60   M    M   1 18     21 140
10  94  68  81   M   0  16 0.24  0.0    0  7.0 31 320   M    M   1 13     41 320
11  81  63  72   M   0   7 0.01  0.0    0  8.2 21 360   M    M   8 3      24  10
12  76  60  68   M   0   3    T  0.0    0  8.3 17  30   M    M   4 18     21  50
13  78  61  70   M   0   5    T  0.0    0 10.4 28  40   M    M   5 3      33  40
14  80  64  72   M   0   7    M  0.0    0 13.0 23 150   M    M   6 13     30  30
15  85  64  75   M   0  10 0.55  0.0    0  8.9 41 210   M    M   3 138    59 270
16  88  59  74   M   0   9 0.00  0.0    0  4.1 17 220   M    M   0 12     22 220
17  78  67  73   M   0   8 0.77  0.0    0  7.7 26  80   M    M   3 13     36 300
18  84  68  76   M   0  11 1.21  0.0    0  8.2 47 290   M    M   5 13     60 290
19  88  36  62   M   3   0 0.09    M    0  6.9 18 190   M    M   1 1      23 190
20  90  75  83   M   0  18 0.00  0.0    0  8.6 20 170   M    M   0 1      28 110
21  86  69  78   M   0  13 0.07  0.0    0 11.5 23 200   M    M   1 3      32 210
22  83  68  76   M   0  11 0.00  0.0    0 11.7 25 280   M    M   5        36 290
23  76  67  72   M   0   7 0.00  0.0    0 12.7 23 280   M    M   8        30 270
24  82  62  72   M   0   7 0.00  0.0    0  7.9 17 310   M    M   1        23 280
25  79  65  72   M   0   7 1.59  0.0    0 12.2 37  20   M    M   6 13     51 130
26  83  68  76   M   0  11 0.22  0.0    0  8.3 18 100   M    M   7 13     23 110
27  83  66  75   M   0  10 1.13    M    M  7.1 38 320   M    M   3 13     51 320
28  82  66  74   M   0   9 0.00    M    M  5.8 15 360   M    M   2        18  10
29  85  62  74   M   0   9 0.00  0.0    0  5.1 14  80   M    M   0        17  90
30  91  67  79   M   0  14 0.00  0.0    0  7.0 15 160   M    M   1        18 160
================================================================================
SM 2593 1960         3 337  5.88     0.0 240.8          M       73
================================================================================
AV 86.4 65.3                               8.0 FASTST   M    M   2    MAX(MPH)
                                 MISC ---->  # 47 290               # 60  290
================================================================================
NOTES:
# LAST OF SEVERAL OCCURRENCES

COLUMN 17 PEAK WIND IN M.P.H.

PRELIMINARY LOCAL CLIMATOLOGICAL DATA (WS FORM: F-6) , PAGE 2

                                          STATION:  ST_CHARLES MO
                                          MONTH:    JUNE
                                          YEAR:     2011
                                          LATITUDE:   38 55 N
                                          LONGITUDE:  90 26 W

[TEMPERATURE DATA]      [PRECIPITATION DATA]       SYMBOLS USED IN COLUMN 16

AVERAGE MONTHLY: 75.9   TOTAL FOR MONTH:   5.88    1 = FOG OR MIST
DPTR FM NORMAL:     M   DPTR FM NORMAL:       M    2 = FOG REDUCING VISIBILITY
HIGHEST:    99 ON  4    GRTST 24HR  1.98 ON 17-18      TO 1/4 MILE OR LESS
LOWEST:     36 ON 19                               3 = THUNDER
                        SNOW, ICE PELLETS, HAIL    4 = ICE PELLETS
                        TOTAL MONTH:   0.0 INCH    5 = HAIL
                        GRTST 24HR     0.0         6 = FREEZING RAIN OR DRIZZLE
                        GRTST DEPTH:   0           7 = DUSTSTORM OR SANDSTORM:
                                                       VSBY 1/2 MILE OR LESS
                                                   8 = SMOKE OR HAZE
[NO. OF DAYS WITH]      [WEATHER - DAYS WITH]      9 = BLOWING SNOW
                                                   X = TORNADO
MAX 32 OR BELOW:   0    0.01 INCH OR MORE:  10
MAX 90 OR ABOVE:  10    0.10 INCH OR MORE:   7
MIN 32 OR BELOW:   0    0.50 INCH OR MORE:   5
MIN  0 OR BELOW:   0    1.00 INCH OR MORE:   3

[HDD (BASE 65) ]
TOTAL THIS MO.     3    CLEAR  (SCALE 0-3)  20
DPTR FM NORMAL     M    PTCLDY (SCALE 4-7)  10
TOTAL FM JUL 1  4888    CLOUDY (SCALE 8-10)  0
DPTR FM NORMAL     M

[CDD (BASE 65) ]
TOTAL THIS MO.   337
DPTR FM NORMAL     M    [PRESSURE DATA]
TOTAL FM JAN 1   505    HIGHEST SLP 30.28 ON  1
DPTR FM NORMAL     M    LOWEST  SLP 29.57 ON 21

[REMARKS]
#FINAL-06-11#
