000
CXUS53 KLSX 011600
CF6SET
PRELIMINARY LOCAL CLIMATOLOGICAL DATA (WS FORM: F-6)

                                          STATION:   ST_CHARLES MO
                                          MONTH:     AUGUST
                                          YEAR:      2011
                                          LATITUDE:   38 55 N
                                          LONGITUDE:  90 26 W

  TEMPERATURE IN F:       :PCPN:    SNOW:  WIND      :SUNSHINE: SKY     :PK WND
================================================================================
1   2   3   4   5  6A  6B    7    8   9   10  11  12  13   14  15   16   17  18
                                     12Z  AVG MX 2MIN
DY MAX MIN AVG DEP HDD CDD  WTR  SNW DPTH SPD SPD DIR MIN PSBL S-S WX    SPD DR
================================================================================

 1  97  74  86   8   0  21 0.00  0.0    0  3.7  9 110   M    M   0 128    12 110
 2 102  75  89  11   0  24 0.00  0.0    0  6.0 15 200   M    M   0 18     17 170
 3  95  78  87   9   0  22 0.00  0.0    0  7.5 16  20   M    M   1        21  10
 4  90  72  81   3   0  16 0.20  0.0    0  6.5 13 140   M    M   1 1      16 110
 5  84  74  79   1   0  14    T  0.0    0  4.3 15  80   M    M   4        17  90
 6  92  73  83   5   0  18 0.20  0.0    0  4.9 22 350   M    M   3 18     29 340
 7  97  76  87   9   0  22 0.00  0.0    0  5.1 15 270   M    M   2 128    20 280
 8  89  70  80   2   0  15 0.00  0.0    0  6.1 18 240   M    M   2        22 250
 9  92  65  79   1   0  14 0.00  0.0    0  4.9 12 290   M    M   0 1      17 260
10  79  65  72  -6   0   7 0.13  0.0    0  3.3  9 350   M    M   2 1      13 350
11  85  60  73  -5   0   8 0.00  0.0    0  2.2 10  10   M    M   1 12     13  30
12  87  62  75  -2   0  10    T  0.0    0  5.5 18 150   M    M   1        22 180
13  90  66  78   1   0  13 0.01  0.0    0  5.7 13 320   M    M   2 1      20 340
14  85  64  75  -2   0  10 0.00  0.0    0  6.3 16  30   M    M   2        21 360
15  81  60  71  -6   0   6 0.00  0.0    0  0.6  5 110   M    M   0 1       9  10
16  82  58  70  -7   0   5    T  0.0    0  4.9 10 150   M    M   4 128    15 170
17  90  70  80   3   0  15 0.00  0.0    0  3.6 10 360   M    M   7 8      13 360
18  92  66  79   2   0  14 0.00  0.0    0  2.8  9  10   M    M   2 128    12  10
19  91  72  82   6   0  17 0.07  0.0    0  4.2 17 190   M    M   0 1      22 180
20  90  71  81   5   0  16 0.04  0.0    0  3.7 28 170   M    M   3 1      33 170
21  91  67  79   3   0  14 0.00  0.0    0  4.4 13 320   M    M   1 12     16 310
22  86  68  77   1   0  12 0.13  0.0    0  5.4 14 110   M    M   3        16 110
23  97  69  83   7   0  18 0.00  0.0    0  7.3 18 210   M    M   0 1      23 190
24  98  71  85   9   0  20 0.00  0.0    0  8.3 24 210   M    M   1 1      29 210
25  88  66  77   2   0  12 0.00  0.0    0  6.6 14 360   M    M   1        22 330
26  89  63  76   1   0  11 0.00  0.0    0  1.2  9  60   M    M   0        15  70
27  93  66  80   5   0  15 0.00  0.0    0  7.2 16  10   M    M   0        22 350
28  87  63  75   0   0  10    T  0.0    0  5.5 13  20   M    M   1        15  20
29  87  61  74   0   0   9 0.00  0.0    0  4.0 10  90   M    M   1        14  80
30  90  63  77   3   0  12    T  0.0    0  9.4 20 150   M    M   0        24 130
31 101  68  85  11   0  20 0.00  0.0    0  7.3 16 230   M    M   0        22 220
================================================================================
SM 2797 2096         0 440  0.78     0.0 158.4          M       45
================================================================================
AV 90.2 67.6                               5.1 FASTST   M    M   1    MAX(MPH)
                                 MISC ---->  # 28 170               # 33  170
================================================================================
NOTES:
# LAST OF SEVERAL OCCURRENCES

COLUMN 17 PEAK WIND IN M.P.H.

PRELIMINARY LOCAL CLIMATOLOGICAL DATA (WS FORM: F-6) , PAGE 2

                                          STATION:  ST_CHARLES MO
                                          MONTH:    AUGUST
                                          YEAR:     2011
                                          LATITUDE:   38 55 N
                                          LONGITUDE:  90 26 W

[TEMPERATURE DATA]      [PRECIPITATION DATA]       SYMBOLS USED IN COLUMN 16

AVERAGE MONTHLY: 78.9   TOTAL FOR MONTH:   0.78    1 = FOG OR MIST
DPTR FM NORMAL:   2.3   DPTR FM NORMAL:   -2.37    2 = FOG REDUCING VISIBILITY
HIGHEST:   102 ON  2    GRTST 24HR  0.21 ON  5- 6      TO 1/4 MILE OR LESS
LOWEST:     58 ON 16                               3 = THUNDER
                        SNOW, ICE PELLETS, HAIL    4 = ICE PELLETS
                        TOTAL MONTH:   0.0 INCH    5 = HAIL
                        GRTST 24HR     0.0         6 = FREEZING RAIN OR DRIZZLE
                        GRTST DEPTH:   0           7 = DUSTSTORM OR SANDSTORM:
                                                       VSBY 1/2 MILE OR LESS
                                                   8 = SMOKE OR HAZE
[NO. OF DAYS WITH]      [WEATHER - DAYS WITH]      9 = BLOWING SNOW
                                                   X = TORNADO
MAX 32 OR BELOW:   0    0.01 INCH OR MORE:   7
MAX 90 OR ABOVE:  18    0.10 INCH OR MORE:   4
MIN 32 OR BELOW:   0    0.50 INCH OR MORE:   0
MIN  0 OR BELOW:   0    1.00 INCH OR MORE:   0

[HDD (BASE 65) ]
TOTAL THIS MO.     0    CLEAR  (SCALE 0-3)  28
DPTR FM NORMAL    -2    PTCLDY (SCALE 4-7)   3
TOTAL FM JUL 1     0    CLOUDY (SCALE 8-10)  0
DPTR FM NORMAL    -2

[CDD (BASE 65) ]
TOTAL THIS MO.   440
DPTR FM NORMAL    79    [PRESSURE DATA]
TOTAL FM JAN 1  1519    HIGHEST SLP 30.10 ON 22
DPTR FM NORMAL   341    LOWEST  SLP 29.65 ON  8

[REMARKS]
#FINAL-08-11#
