000
CXUS53 KLSX 311600
CF6SET
PRELIMINARY LOCAL CLIMATOLOGICAL DATA (WS FORM: F-6)

                                          STATION:   ST_CHARLES MO
                                          MONTH:     JULY
                                          YEAR:      2011
                                          LATITUDE:   38 55 N
                                          LONGITUDE:  90 26 W

  TEMPERATURE IN F:       :PCPN:    SNOW:  WIND      :SUNSHINE: SKY     :PK WND
================================================================================
1   2   3   4   5  6A  6B    7    8   9   10  11  12  13   14  15   16   17  18
                                     12Z  AVG MX 2MIN
DY MAX MIN AVG DEP HDD CDD  WTR  SNW DPTH SPD SPD DIR MIN PSBL S-S WX    SPD DR
================================================================================

 1  95  73  84   M   0  19 0.00  0.0    0  5.8 13 230   M    M   1 1      16 230
 2  99  73  86   M   0  21 0.00  0.0    0  4.3 13  10   M    M   1 18     17  30
 3  90  71  81   M   0  16 0.51  0.0    0  7.0 29 260   M    M   3 1      38 260
 4  85  70  78   M   0  13 0.09  0.0    0  2.5  8 220   M    M   4 1       9 210
 5  88  69  79   M   0  14 0.00  0.0    0  3.9 12 110   M    M   0 1      15 110
 6  91  69  80   M   0  15 0.00  0.0    0  2.1  9  10   M    M   0 1      13  10
 7  86  69  78   M   0  13 0.33  0.0    0  4.7 16 190   M    M   3 18     20 180
 8  87  68  78   M   0  13 0.00  0.0    0  5.8 14  20   M    M   1 18     18  30
 9  90  67  79   M   0  14 0.00  0.0    0  5.2 13 130   M    M   0 128    16 130
10  96  72  84   M   0  19 0.00  0.0    0  6.4 15 160   M    M   0 18     18 170
11  99  78  89   M   0  24    T  0.0    0  3.1 12 260   M    M   0 1      15 220
12  98  74  86   M   0  21 0.84  0.0    0  6.1  M 999   M    M   1         M 999
13  87  73  80   M   0  15 0.00  0.0    0  6.9 17  70   M    M   2        22  60
14  88  68  78   M   0  13 0.00  0.0    0  6.6 12  70   M    M   1        16 150
15  89  72  81   M   0  16 0.00  0.0    0  5.4 12  80   M    M   0 18     14 120
16  92  71  82   M   0  17 0.00  0.0    0  3.7 14  30   M    M   0 18      M  99
17  93  74  84   M   0  19 0.00  0.0    0  3.5  9 180   M    M   1 18     13 200
18  94  74  84   M   0  19 0.00  0.0    0  3.3 13 230   M    M   1 1      16 230
19  98  76  87   M   0  22 0.00  0.0    0  3.8 12 250   M    M   0 1      23 150
20  99  76  88   M   0  23 0.00  0.0    0  3.6 14 240   M    M   0 1      18 210
21 101  75  88   M   0  23 0.00  0.0    0  2.7  9 270   M    M   0        17 150
22 100  78  89   M   0  24 0.00  0.0    0  4.3 12 150   M    M   0        16 130
23  99  78  89   M   0  24 0.00  0.0    0  5.1 13 200   M    M   0 8      16 110
24  91  73  82   M   0  17 0.05  0.0    0  5.3 18  40   M    M   1        25  40
25  95  71  83   M   0  18 0.00  0.0    0  1.9  8 310   M    M   0 1      18 180
26  97  74  86   M   0  21 0.00  0.0    0  3.2 10 150   M    M   1 1      13 160
27  99  74  87   M   0  22 0.00  0.0    0  7.4 16 190   M    M   0 18     20 190
28 100  75  88   M   0  23 0.00  0.0    0  7.8 16 210   M    M   0 8      23 220
29  94  75  85   M   0  20 0.00  0.0    0  4.8 10 310   M    M   1 18     14  20
30  86  76  81   M   0  16 0.15  0.0    0  1.8 13 230   M    M   4 18     16 240
================================================================================
SM 2806 2186         0 554  1.97     0.0 138.0          M       26
================================================================================
AV 93.5 72.9                               4.6 FASTST   M    M   1    MAX(MPH)
                                 MISC ---->  # 29 260               # 38  260
================================================================================
NOTES:
# LAST OF SEVERAL OCCURRENCES

COLUMN 17 PEAK WIND IN M.P.H.

PRELIMINARY LOCAL CLIMATOLOGICAL DATA (WS FORM: F-6) , PAGE 2

                                          STATION:  ST_CHARLES MO
                                          MONTH:    JULY
                                          YEAR:     2011
                                          LATITUDE:   38 55 N
                                          LONGITUDE:  90 26 W

[TEMPERATURE DATA]      [PRECIPITATION DATA]       SYMBOLS USED IN COLUMN 16

AVERAGE MONTHLY: 83.2   TOTAL FOR MONTH:   1.97    1 = FOG OR MIST
DPTR FM NORMAL:     M   DPTR FM NORMAL:       M    2 = FOG REDUCING VISIBILITY
HIGHEST:   101 ON 21    GRTST 24HR  0.84 ON 12-12      TO 1/4 MILE OR LESS
LOWEST:     67 ON  9                               3 = THUNDER
                        SNOW, ICE PELLETS, HAIL    4 = ICE PELLETS
                        TOTAL MONTH:   0.0 INCH    5 = HAIL
                        GRTST 24HR     0.0         6 = FREEZING RAIN OR DRIZZLE
                        GRTST DEPTH:   0           7 = DUSTSTORM OR SANDSTORM:
                                                       VSBY 1/2 MILE OR LESS
                                                   8 = SMOKE OR HAZE
[NO. OF DAYS WITH]      [WEATHER - DAYS WITH]      9 = BLOWING SNOW
                                                   X = TORNADO
MAX 32 OR BELOW:   0    0.01 INCH OR MORE:   6
MAX 90 OR ABOVE:  22    0.10 INCH OR MORE:   4
MIN 32 OR BELOW:   0    0.50 INCH OR MORE:   2
MIN  0 OR BELOW:   0    1.00 INCH OR MORE:   0

[HDD (BASE 65) ]
TOTAL THIS MO.     0    CLEAR  (SCALE 0-3)  27
DPTR FM NORMAL     M    PTCLDY (SCALE 4-7)   3
TOTAL FM JUL 1     0    CLOUDY (SCALE 8-10)  0
DPTR FM NORMAL     M

[CDD (BASE 65) ]
TOTAL THIS MO.   554
DPTR FM NORMAL     M    [PRESSURE DATA]
TOTAL FM JAN 1  1059    HIGHEST SLP M ON M
DPTR FM NORMAL     M    LOWEST  SLP 29.73 ON 10

[REMARKS]
