000
CXUS53 KLSX 011637
CF6SET
PRELIMINARY LOCAL CLIMATOLOGICAL DATA (WS FORM: F-6)

                                          STATION:   ST_CHARLES MO
                                          MONTH:     MARCH
                                          YEAR:      2011
                                          LATITUDE:   38 55 N
                                          LONGITUDE:  90 26 W

  TEMPERATURE IN F:       :PCPN:    SNOW:  WIND      :SUNSHINE: SKY     :PK WND
================================================================================
1   2   3   4   5  6A  6B    7    8   9   10  11  12  13   14  15   16   17  18
                                     12Z  AVG MX 2MIN
DY MAX MIN AVG DEP HDD CDD  WTR  SNW DPTH SPD SPD DIR MIN PSBL S-S WX    SPD DR
================================================================================

 1  56  27  42   M  23   0 0.00  0.0    0  5.9 14 160   M    M   0 18     17 160
 2  51  33  42   M  23   0 0.00  0.0    0  8.5 15  70   M    M   0        20  40
 3  57  33  45   M  20   0 0.00  0.0    0  9.1 18 110   M    M   0        22 100
 4  69  45  57   M   8   0 0.76  0.0    0  8.4 24 180   M    M   8 13     29 180
 5  52  33  43   M  22   0 0.06  0.0    0 12.2 22 330   M    M  10 138    29 340
 6  44  32  38   M  27   0 0.00  0.0    0  8.1 17 110   M    M   7 1      21 110
 7  47  34  41   M  24   0    T  0.0    0 10.9 21 100   M    M   9        25 110
 8  47  39  43   M  22   0 0.55  0.0    0 11.2 18 100   M    M   8 1      24 100
 9  48  38  43   M  22   0 0.02  0.0    0 13.2 22 280   M    M  10 18     28 280
10  39  30  35   M  30   0    T  0.0    0 11.7 24 320   M    M   7 18     29 310
11  58  27  43   M  22   0 0.00  0.0    0  6.5 20 150   M    M   0 18     23 150
12  61  39  50   M  15   0 0.00  0.0    0  9.0 21 270   M    M   1        25 270
13  45  32  39   M  26   0    T    T    0  9.5 14  40   M    M   5 1      17  50
14  39  33  36   M  29   0 0.72    M    M 11.7 18  30   M    M  10 1      24  50
15  46  32  39   M  26   0    T  0.0    M  6.5 15 300   M    M   7 18     20 300
16  65  30  48   M  17   0 0.01    M    0  4.8 14 190   M    M   1 12     17 190
17  82  44  63   M   2   0    T  0.0    0  9.1 22 240   M    M   4        28 240
18  66  46  56   M   9   0 0.03  0.0    0  7.4 24 310   M    M   8 3      31 310
19  57  39  48   M  17   0 0.33  0.0    0 10.9 21 100   M    M   4 13     30  90
20  80  46  63   M   2   0 0.01  0.0    0  9.9 23 200   M    M   3        29 200
21  80  53  67   M   0   2 0.00  0.0    0  4.2 14 170   M    M   2 8      17 170
22  75  55  65   M   0   0    T  0.0    0  9.6 25 200   M    M   2 1      30 200
23  72  44  58   M   7   0 0.00  0.0    0 18.1 35 300   M    M   1        46 280
24  44  32  38   M  27   0    T    M    0  9.6 22 350   M    M  10 18     29 360
25  39  32  36   M  29   0 0.21    M    M  8.0 16  80   M    M  10 1      18  80
26  38  31  35   M  30   0    M    M    0 12.2 21  40   M    M   9 1      28  40
27  44  28  36   M  29   0 0.00  0.0    0 12.0 21  30   M    M   5        25  30
28  48  29  39   M  26   0 0.00  0.0    0  8.6 15  60   M    M   3        23  60
29  46  36  41   M  24   0 0.00  0.0    0  9.2 16  70   M    M  10        21  70
30  51  33  42   M  23   0 0.04    M    0  5.2 15  50   M    M   5 1      22  50
31  52  34  43   M  22   0 0.00  0.0    0  2.1  8 230   M    M   7 18     13 170
================================================================================
SM 1698 1119       603   2  2.74    T    283.3          M      166
================================================================================
AV 54.8 36.1                               9.1 FASTST   M    M   5    MAX(MPH)
                                 MISC ---->  # 35 300               # 46  280
================================================================================
NOTES:
# LAST OF SEVERAL OCCURRENCES

COLUMN 17 PEAK WIND IN M.P.H.

PRELIMINARY LOCAL CLIMATOLOGICAL DATA (WS FORM: F-6) , PAGE 2

                                          STATION:  ST_CHARLES MO
                                          MONTH:    MARCH
                                          YEAR:     2011
                                          LATITUDE:   38 55 N
                                          LONGITUDE:  90 26 W

[TEMPERATURE DATA]      [PRECIPITATION DATA]       SYMBOLS USED IN COLUMN 16

AVERAGE MONTHLY: 45.4   TOTAL FOR MONTH:   2.74    1 = FOG OR MIST
DPTR FM NORMAL:     M   DPTR FM NORMAL:       M    2 = FOG REDUCING VISIBILITY
HIGHEST:    82 ON 17    GRTST 24HR  0.76 ON  4- 4      TO 1/4 MILE OR LESS
LOWEST:     27 ON 11, 1                            3 = THUNDER
                        SNOW, ICE PELLETS, HAIL    4 = ICE PELLETS
                        TOTAL MONTH:    T          5 = HAIL
                        GRTST 24HR    T  ON 13-13  6 = FREEZING RAIN OR DRIZZLE
                        GRTST DEPTH:   0           7 = DUSTSTORM OR SANDSTORM:
                                                       VSBY 1/2 MILE OR LESS
                                                   8 = SMOKE OR HAZE
[NO. OF DAYS WITH]      [WEATHER - DAYS WITH]      9 = BLOWING SNOW
                                                   X = TORNADO
MAX 32 OR BELOW:   0    0.01 INCH OR MORE:  11
MAX 90 OR ABOVE:   0    0.10 INCH OR MORE:   5
MIN 32 OR BELOW:  12    0.50 INCH OR MORE:   3
MIN  0 OR BELOW:   0    1.00 INCH OR MORE:   0

[HDD (BASE 65) ]
TOTAL THIS MO.   603    CLEAR  (SCALE 0-3)  10
DPTR FM NORMAL     M    PTCLDY (SCALE 4-7)  12
TOTAL FM JUL 1  4541    CLOUDY (SCALE 8-10)  9
DPTR FM NORMAL     M

[CDD (BASE 65) ]
TOTAL THIS MO.     2
DPTR FM NORMAL     M    [PRESSURE DATA]
TOTAL FM JAN 1     2    HIGHEST SLP 30.45 ON 19
DPTR FM NORMAL     M    LOWEST  SLP 29.46 ON 23

[REMARKS]
#FINAL-03-11#
