000
CXUS53 KLSX 012223
CF6SET
PRELIMINARY LOCAL CLIMATOLOGICAL DATA (WS FORM: F-6)

                                          STATION:   ST_CHARLES MO
                                          MONTH:     FEBRUARY
                                          YEAR:      2011
                                          LATITUDE:   38 55 N
                                          LONGITUDE:  90 26 W

  TEMPERATURE IN F:       :PCPN:    SNOW:  WIND      :SUNSHINE: SKY     :PK WND
================================================================================
1   2   3   4   5  6A  6B    7    8   9   10  11  12  13   14  15   16   17  18
                                     12Z  AVG MX 2MIN
DY MAX MIN AVG DEP HDD CDD  WTR  SNW DPTH SPD SPD DIR MIN PSBL S-S WX    SPD DR
================================================================================

 1  31  19  25   M  40   0    M    M    M 15.7 32  40   M    M  10 1269   41  30
 2  21   9  15   M  50   0    M    M    M 14.1 28 310   M    M   8 1      36 320
 3  17   0   9   M  56   0 0.00  0.0    M  3.8 10 200   M    M   0        12 200
 4  27   4  16   M  49   0 0.00  0.0    M  1.3  6  20   M    M   4 1       7 190
 5  34  19  27   M  38   0    M    M    M  5.9 13 160   M    M   6 1      14 160
 6  40  24  32   M  33   0    T    T    M  6.8 14 350   M    M  10 18     17 320
 7  31  23  27   M  38   0    T    T    M 11.2 20 300   M    M  10 8      24 300
 8  23   7  15   M  50   0    M    M    M  7.6  9 340   M    M   4        12 340
 9  20   9  15   M  50   0 0.00  0.0    M  5.7 10 290   M    M   4        13 270
10  29   2  16   M  49   0 0.00  0.0    M  7.0 16 240   M    M   0        20 250
11  41  14  28   M  37   0 0.00  0.0    M  7.7 16 250   M    M   2        21 290
12  45  24  35   M  30   0 0.00  0.0    M  7.5 10 240   M    M   0        12 240
13  56  27  42   M  23   0 0.00  0.0    0  7.2 17 260   M    M   0        22 260
14  47  29  38   M  27   0 0.00  0.0    0 10.2 23 290   M    M   1        29 290
15  49  29  39   M  26   0 0.00  0.0    0  8.6 15 150   M    M   1 1      18 160
16  65  34  50   M  15   0 0.00  0.0    0  7.2 15 180   M    M   3 18     20 190
17  72  45  59   M   6   0 0.00  0.0    0 11.1 25 210   M    M   3        32 220
18  61  38  50   M  15   0 0.00  0.0    0  5.8 17 350   M    M   1        22 350
19  50  35  43   M  22   0    T  0.0    0  8.7 17 100   M    M   7        21 100
20  72  43  58   M   7   0 0.00  0.0    0 11.2 22 210   M    M   8        29 210
21  60  31  46   M  19   0 0.52  0.0    0  8.5 18 300   M    M   8 1      37 320
22  35  26  31   M  34   0 0.00  0.0    0  7.5 21 300   M    M   4        29 290
23  44  27  36   M  29   0 0.06    M    0  8.5 21 160   M    M   7 16     26 160
24  41  32  37   M  28   0 0.62    M    0 12.6 35  40   M    M   9 18     46  40
25  34  32  33   M  32   0 0.01    M    M  7.7 24 360   M    M  10 18     31 350
26  41  31  36   M  29   0 0.00  0.0    M  4.6 12 160   M    M  10 18     14 160
27  61  37  49   M  16   0 0.37  0.0    0  8.5 38 300   M    M  10 138    51 300
28  46  30  38   M  27   0 0.12  0.0    0 10.2 23 330   M    M   5 18     31 360
================================================================================
SM 1193  680       875   0  1.70    T    232.4          M      145
================================================================================
AV 42.6 24.3                               8.3 FASTST   M    M   5    MAX(MPH)
                                 MISC ---->  # 38 300               # 51  300
================================================================================
NOTES:
# LAST OF SEVERAL OCCURRENCES

COLUMN 17 PEAK WIND IN M.P.H.

PRELIMINARY LOCAL CLIMATOLOGICAL DATA (WS FORM: F-6) , PAGE 2

                                          STATION:  ST_CHARLES MO
                                          MONTH:    FEBRUARY
                                          YEAR:     2011
                                          LATITUDE:   38 55 N
                                          LONGITUDE:  90 26 W

[TEMPERATURE DATA]      [PRECIPITATION DATA]       SYMBOLS USED IN COLUMN 16

AVERAGE MONTHLY: 33.4   TOTAL FOR MONTH:   1.70    1 = FOG OR MIST
DPTR FM NORMAL:     M   DPTR FM NORMAL:       M    2 = FOG REDUCING VISIBILITY
HIGHEST:    72 ON 20,17 GRTST 24HR  0.70 ON 24-25      TO 1/4 MILE OR LESS
LOWEST:      0 ON  3                               3 = THUNDER
                        SNOW, ICE PELLETS, HAIL    4 = ICE PELLETS
                        TOTAL MONTH:    T          5 = HAIL
                        GRTST 24HR    T  ON  7- 7  6 = FREEZING RAIN OR DRIZZLE
                        GRTST DEPTH:   0           7 = DUSTSTORM OR SANDSTORM:
                                                       VSBY 1/2 MILE OR LESS
                                                   8 = SMOKE OR HAZE
[NO. OF DAYS WITH]      [WEATHER - DAYS WITH]      9 = BLOWING SNOW
                                                   X = TORNADO
MAX 32 OR BELOW:   8    0.01 INCH OR MORE:   6
MAX 90 OR ABOVE:   0    0.10 INCH OR MORE:   4
MIN 32 OR BELOW:  22    0.50 INCH OR MORE:   2
MIN  0 OR BELOW:   1    1.00 INCH OR MORE:   0

[HDD (BASE 65) ]
TOTAL THIS MO.   875    CLEAR  (SCALE 0-3)   9
DPTR FM NORMAL     M    PTCLDY (SCALE 4-7)  12
TOTAL FM JUL 1  3938    CLOUDY (SCALE 8-10)  7
DPTR FM NORMAL     M

[CDD (BASE 65) ]
TOTAL THIS MO.     0
DPTR FM NORMAL     M    [PRESSURE DATA]
TOTAL FM JAN 1     0    HIGHEST SLP 30.67 ON  3
DPTR FM NORMAL     M    LOWEST  SLP 29.44 ON 27

[REMARKS]
#FINAL-02-11#
