000
CXUS53 KLSX 011600
CF6SET
PRELIMINARY LOCAL CLIMATOLOGICAL DATA (WS FORM: F-6)

                                          STATION:   ST_CHARLES MO
                                          MONTH:     FEBRUARY
                                          YEAR:      2016
                                          LATITUDE:   38 55 N
                                          LONGITUDE:  90 26 W

  TEMPERATURE IN F:       :PCPN:    SNOW:  WIND      :SUNSHINE: SKY     :PK WND
================================================================================
1   2   3   4   5  6A  6B    7    8   9   10  11  12  13   14  15   16   17  18
                                     12Z  AVG MX 2MIN
DY MAX MIN AVG DEP HDD CDD  WTR  SNW DPTH SPD SPD DIR MIN PSBL S-S WX    SPD DR
================================================================================

 1  53  35  44  12  21   0 0.00  0.0    0  6.0 14  90   M    M   3        16 100
 2  59  37  48  16  17   0 0.17  0.0    0 11.4 28 100   M    M   8 123    33 110
 3  48  29  39   7  26   0 0.00  0.0    0 18.4 30 260   M    M   8        38 270
 4  41  22  32   0  33   0 0.00  0.0    0  6.3 20 310   M    M   2        24 310
 5  40  21  31  -1  34   0 0.00  0.0    0  3.4  9 250   M    M   0        13 270
 6  56  24  40   7  25   0 0.00  0.0    0  5.1 18 240   M    M   2        27 240
 7  51  29  40   7  25   0    T    M    0 11.6 31 320   M    M   2        44 280
 8  39  22  31  -2  34   0    T    M    0 19.5 30 300   M    M  10 18     38 290
 9  24  17  21 -12  44   0    T    M    0 16.4 24 310   M    M   8 18     30 320
10  22  13  18 -16  47   0    M    M    0  7.7 21 320   M    M   6 1      25 320
11  30  21  26  -8  39   0 0.00  0.0    M  7.3 14  40   M    M   8        16  30
12  32  16  24 -10  41   0    T    M    M 10.7 24 320   M    M   6 1      32 320
13  23   9  16 -18  49   0 0.00  0.0    M  8.0 18 350   M    M   4        22 340
14  29  21  25 -10  40   0    T    M    M 11.4 23 130   M    M  10 12     28 130
15  40  20  30  -5  35   0 0.00  0.0    M  3.5  9 110   M    M   8 12     10 200
16  40  29  35   0  30   0 0.04    M    0  6.4 13 340   M    M   9 1      15 340
17  47  33  40   5  25   0 0.00  0.0    0  6.1 13 100   M    M   5 1      14 100
18  58  31  45   9  20   0 0.00  0.0    0 14.2 24 140   M    M   1 1      31 150
19  74  37  56  20   9   0 0.00  0.0    0 13.5 30 230   M    M   0        36 270
20  76  35  56  20   9   0    T  0.0    0  6.1 22  40   M    M   3 38     26  30
21  58  38  48  11  17   0 0.00  0.0    0  9.7 22  20   M    M   3        28 360
22  46  30  38   1  27   0 0.00  0.0    0  6.6 13 360   M    M   3        19  80
23  49  31  40   3  25   0 0.00  0.0    0 14.2 28  30   M    M   3        37  10
24  44  33  39   1  26   0 0.42    M    0 20.7 31 330   M    M  10 1      41 340
25  42  33  38   0  27   0 0.00  0.0    0 12.7 22 300   M    M   8        29 330
26  41  27  34  -4  31   0 0.00  0.0    0  6.6 16 350   M    M   4        21 350
27  65  24  45   6  20   0 0.00  0.0    0  6.4 17 240   M    M   0 1      21 230
28  73  37  55  16  10   0 0.00  0.0    0 16.6 36 210   M    M   3        43 230
29  67  28  48   9  17   0 0.00  0.0    0  9.2 17 220   M    M   0 8      24 190
================================================================================
SM 1367  782       803   0  0.63     0.0 295.7          M      137
================================================================================
AV 47.1 27.0                              10.2 FASTST   M    M   5    MAX(MPH)
                                 MISC ---->  # 36 210               # 44  280
================================================================================
NOTES:
# LAST OF SEVERAL OCCURRENCES

COLUMN 17 PEAK WIND IN M.P.H.

PRELIMINARY LOCAL CLIMATOLOGICAL DATA (WS FORM: F-6) , PAGE 2

                                          STATION:  ST_CHARLES MO
                                          MONTH:    FEBRUARY
                                          YEAR:     2016
                                          LATITUDE:   38 55 N
                                          LONGITUDE:  90 26 W

[TEMPERATURE DATA]      [PRECIPITATION DATA]       SYMBOLS USED IN COLUMN 16

AVERAGE MONTHLY: 37.1   TOTAL FOR MONTH:   0.63    1 = FOG OR MIST
DPTR FM NORMAL:   2.2   DPTR FM NORMAL:   -1.60    2 = FOG REDUCING VISIBILITY
HIGHEST:    76 ON 20    GRTST 24HR  0.42 ON 23-24      TO 1/4 MILE OR LESS
LOWEST:      9 ON 13                               3 = THUNDER
                        SNOW, ICE PELLETS, HAIL    4 = ICE PELLETS
                        TOTAL MONTH:   0.0 INCH    5 = HAIL
                        GRTST 24HR     0.0         6 = FREEZING RAIN OR DRIZZLE
                        GRTST DEPTH:   0           7 = DUSTSTORM OR SANDSTORM:
                                                       VSBY 1/2 MILE OR LESS
                                                   8 = SMOKE OR HAZE
[NO. OF DAYS WITH]      [WEATHER - DAYS WITH]      9 = BLOWING SNOW
                                                   X = TORNADO
MAX 32 OR BELOW:   6    0.01 INCH OR MORE:   3
MAX 90 OR ABOVE:   0    0.10 INCH OR MORE:   2
MIN 32 OR BELOW:  20    0.50 INCH OR MORE:   0
MIN  0 OR BELOW:   0    1.00 INCH OR MORE:   0

[HDD (BASE 65) ]
TOTAL THIS MO.   803    CLEAR  (SCALE 0-3)  14
DPTR FM NORMAL   -38    PTCLDY (SCALE 4-7)   9
TOTAL FM JUL 1  3078    CLOUDY (SCALE 8-10)  6
DPTR FM NORMAL  -791

[CDD (BASE 65) ]
TOTAL THIS MO.     0
DPTR FM NORMAL     0    [PRESSURE DATA]
TOTAL FM JAN 1     0    HIGHEST SLP 30.72 ON 13
DPTR FM NORMAL     0    LOWEST  SLP 29.42 ON  2

[REMARKS]
#FINAL-02-16#
