000
CXUS53 KLSX 011600
CF6SET
PRELIMINARY LOCAL CLIMATOLOGICAL DATA (WS FORM: F-6)

                                          STATION:   ST_CHARLES MO
                                          MONTH:     JANUARY
                                          YEAR:      2014
                                          LATITUDE:   38 55 N
                                          LONGITUDE:  90 26 W

  TEMPERATURE IN F:       :PCPN:    SNOW:  WIND      :SUNSHINE: SKY     :PK WND
================================================================================
1   2   3   4   5  6A  6B    7    8   9   10  11  12  13   14  15   16   17  18
                                     12Z  AVG MX 2MIN
DY MAX MIN AVG DEP HDD CDD  WTR  SNW DPTH SPD SPD DIR MIN PSBL S-S WX    SPD DR
================================================================================

 1  45  22  34   4  31   0    M    M    0  8.3 18  20   M    M   3 18     24  20
 2  23   6  15 -15  50   0    M    M    M 13.0 23 330   M    M   5 18     27 330
 3  27  -2  13 -17  52   0 0.00  0.0    M  9.8 21 170   M    M   0 1      26 170
 4  45  20  33   3  32   0 0.00  0.0    M  8.0 17 190   M    M   4        21 190
 5  34   1  18 -12  47   0    M    M    M 18.1 39 310   M    M   9 12689  52 310
 6   1 -13  -6 -36  71   0 0.00  0.0    M 15.0 25 290   M    M   1 89     33 300
 7  21 -13   4 -26  61   0 0.00  0.0    M  6.3 18 160   M    M   3        21 150
 8  24  12  18 -12  47   0 0.00  0.0    M  6.7 15  30   M    M   4        18  20
 9  33  18  26  -4  39   0    M    M    M  7.3 13  90   M    M  10 1      13 110
10  42  33  38   8  27   0 0.66  0.0    M  8.6 16 140   M    M  10 12     19 150
11  47  34  41  11  24   0 0.01  0.0    M 11.7 22 270   M    M   5 128    29 270
12  56  26  41  11  24   0 0.00  0.0    M 10.2 23 150   M    M   0 1      29 150
13  54  28  41  11  24   0 0.00  0.0    0  9.0 23 290   M    M   0        30 300
14  46  26  36   6  29   0    T  0.0    0 11.7 29 300   M    M   4 1      35 290
15  28  21  25  -5  40   0 0.00  0.0    0 10.3 21 310   M    M   4        25 310
16  44  24  34   4  31   0 0.01    M    0 12.2 33 290   M    M   9 1      43 270
17  24  13  19 -11  46   0    M    M    M 11.4 28 280   M    M   7 18     36 290
18  41  10  26  -4  39   0 0.02    M    0 11.2 29 320   M    M   8 1      35 300
19  49  21  35   5  30   0 0.00  0.0    0 10.8 22 330   M    M   2        30 320
20  49  28  39   9  26   0 0.00  0.0    0  6.1 14 260   M    M   3 1      16 260
21  38  11  25  -5  40   0    M    M    M 12.0 36 360   M    M   6 19     46 360
22  30  10  20 -10  45   0    T    M    M 12.0 29 330   M    M   9        37 320
23  13   1   7 -23  58   0 0.00  0.0    M 11.8 23 340   M    M   1 8      27 340
24  36   2  19 -12  46   0 0.00  0.0    M 13.0 26 210   M    M   2        32 210
25  41  22  32   1  33   0 0.02    M    M 12.9 35 300   M    M   5        42 310
26  55  22  39   8  26   0    T    M    0 13.8 39 340   M    M   3        50 350
27  22   4  13 -18  52   0 0.00  0.0    0 14.6 35 330   M    M   1        46 330
28  18   2  10 -21  55   0 0.00  0.0    0  4.1 15 280   M    M   0        21 270
29  34   3  19 -12  46   0 0.00  0.0    0  8.4 21 210   M    M   0        26 210
30  46  19  33   2  32   0 0.00  0.0    0 12.3 29 190   M    M   3        35 190
31  35  26  31  -1  34   0 0.00  0.0    0  8.9 15  40   M    M   9 18     18 360
================================================================================
SM 1101  437      1237   0  0.72     0.0 329.5          M      130
================================================================================
AV 35.5 14.1                              10.6 FASTST   M    M   4    MAX(MPH)
                                 MISC ---->  # 39 310               # 52  310
================================================================================
NOTES:
# LAST OF SEVERAL OCCURRENCES

COLUMN 17 PEAK WIND IN M.P.H.

PRELIMINARY LOCAL CLIMATOLOGICAL DATA (WS FORM: F-6) , PAGE 2

                                          STATION:  ST_CHARLES MO
                                          MONTH:    JANUARY
                                          YEAR:     2014
                                          LATITUDE:   38 55 N
                                          LONGITUDE:  90 26 W

[TEMPERATURE DATA]      [PRECIPITATION DATA]       SYMBOLS USED IN COLUMN 16

AVERAGE MONTHLY: 24.8   TOTAL FOR MONTH:   0.72    1 = FOG OR MIST
DPTR FM NORMAL:  -5.5   DPTR FM NORMAL:   -1.63    2 = FOG REDUCING VISIBILITY
HIGHEST:    56 ON 12    GRTST 24HR  0.67 ON 10-11      TO 1/4 MILE OR LESS
LOWEST:    -13 ON  7, 6                            3 = THUNDER
                        SNOW, ICE PELLETS, HAIL    4 = ICE PELLETS
                        TOTAL MONTH:   0.0 INCH    5 = HAIL
                        GRTST 24HR     0.0         6 = FREEZING RAIN OR DRIZZLE
                        GRTST DEPTH:   0           7 = DUSTSTORM OR SANDSTORM:
                                                       VSBY 1/2 MILE OR LESS
                                                   8 = SMOKE OR HAZE
[NO. OF DAYS WITH]      [WEATHER - DAYS WITH]      9 = BLOWING SNOW
                                                   X = TORNADO
MAX 32 OR BELOW:  11    0.01 INCH OR MORE:   5
MAX 90 OR ABOVE:   0    0.10 INCH OR MORE:   1
MIN 32 OR BELOW:  29    0.50 INCH OR MORE:   1
MIN  0 OR BELOW:   3    1.00 INCH OR MORE:   0

[HDD (BASE 65) ]
TOTAL THIS MO.  1237    CLEAR  (SCALE 0-3)  13
DPTR FM NORMAL   161    PTCLDY (SCALE 4-7)  12
TOTAL FM JUL 1  3313    CLOUDY (SCALE 8-10)  6
DPTR FM NORMAL   311

[CDD (BASE 65) ]
TOTAL THIS MO.     0
DPTR FM NORMAL     0    [PRESSURE DATA]
TOTAL FM JAN 1     0    HIGHEST SLP 30.77 ON 23
DPTR FM NORMAL     0    LOWEST  SLP 29.53 ON 11

[REMARKS]
#FINAL-01-14#
