000
CXUS53 KLSX 011600
CF6SET
PRELIMINARY LOCAL CLIMATOLOGICAL DATA (WS FORM: F-6)

                                          STATION:   ST_CHARLES MO
                                          MONTH:     SEPTEMBER
                                          YEAR:      2016
                                          LATITUDE:   38 55 N
                                          LONGITUDE:  90 26 W

  TEMPERATURE IN F:       :PCPN:    SNOW:  WIND      :SUNSHINE: SKY     :PK WND
================================================================================
1   2   3   4   5  6A  6B    7    8   9   10  11  12  13   14  15   16   17  18
                                     12Z  AVG MX 2MIN
DY MAX MIN AVG DEP HDD CDD  WTR  SNW DPTH SPD SPD DIR MIN PSBL S-S WX    SPD DR
================================================================================

 1  80  61  71  -3   0   6 0.00  0.0    0  9.8 17  40   M    M   2        23  40
 2  79  58  69  -4   0   4 0.00  0.0    0  8.1 16  70   M    M   1        20  60
 3  81  58  70  -3   0   5 0.00  0.0    0  4.8 13  90   M    M   1        17  70
 4  86  57  72  -1   0   7 0.00  0.0    0  5.0 15 170   M    M   2 1      19 180
 5  93  66  80   8   0  15 0.00  0.0    0  7.9 17 190   M    M   2 1      23 160
 6  93  71  82  10   0  17 0.00  0.0    0  7.7 16 200   M    M   1        21 220
 7  94  72  83  11   0  18 0.00  0.0    0  8.7 20 220   M    M   1        26 200
 8  82  65  74   3   0   9 0.51  0.0    0  4.4 17 320   M    M   6 12     22 320
 9  86  67  77   6   0  12 1.01  0.0    0  6.9 20 120   M    M   6 13     24 120
10  78  59  69  -1   0   4 1.12  0.0    0  8.9 22 300   M    M   2 13     29 300
11  79  52  66  -4   0   1 0.00  0.0    0  3.1 10 140   M    M   0 1      13 140
12  81  55  68  -2   0   3 0.00  0.0    0  5.8 16 150   M    M   0        21 160
13  87  59  73   4   0   8 0.00  0.0    0  3.3 10 170   M    M   1        13 240
14  86  68  77   8   0  12 0.00  0.0    0  5.4 12  20   M    M   1        14  30
15  86  66  76   8   0  11 0.05  0.0    0  5.3 13 140   M    M   1 1      17 140
16  78  69  74   6   0   9 1.19  0.0    0  4.9 16 150   M    M   3 13     18 150
17  81  64  73   5   0   8 0.00  0.0    0  4.1 12 290   M    M   5 1      15 280
18  82  60  71   4   0   6 0.00  0.0    0  1.9  8 120   M    M   1 1      11 110
19  86  56  71   4   0   6 0.00  0.0    0  3.7 13 190   M    M   4 1      16 170
20  91  66  79  13   0  14 0.00  0.0    0  3.1 10 180   M    M   0        12 190
21  88  67  78  12   0  13 0.00  0.0    0  4.5 13 120   M    M   0 1      16 120
22  88  62  75  10   0  10 0.00  0.0    0  3.1 13 240   M    M   1 1      18 170
23  89  62  76  11   0  11 0.00  0.0    0  2.2  8 150   M    M   2 12     11 130
24  90  65  78  14   0  13 0.00  0.0    0  3.7 12 110   M    M   1 1      16 190
25  89  62  76  12   0  11 0.08  0.0    0  8.2 23 310   M    M   1 1      29 320
26  74  51  63  -1   2   0 0.06  0.0    0  7.0 20 320   M    M   2        25 320
27  81  48  65   2   0   0 0.00  0.0    0  7.3 21 270   M    M   0        27 270
28  69  53  61  -2   4   0    T  0.0    0 10.0 22 350   M    M   5        29  10
29  71  54  63   1   2   0    T  0.0    0 10.4 20 330   M    M   6        25 330
30  68  60  64   2   1   0 0.01  0.0    0  9.5 17  10   M    M  10        22  30
================================================================================
SM 2496 1833         9 233  4.03     0.0 178.7          M       68
================================================================================
AV 83.2 61.1                               6.0 FASTST   M    M   2    MAX(MPH)
                                 MISC ---->  # 23 310               # 29  300
================================================================================
NOTES:
# LAST OF SEVERAL OCCURRENCES

COLUMN 17 PEAK WIND IN M.P.H.

PRELIMINARY LOCAL CLIMATOLOGICAL DATA (WS FORM: F-6) , PAGE 2

                                          STATION:  ST_CHARLES MO
                                          MONTH:    SEPTEMBER
                                          YEAR:     2016
                                          LATITUDE:   38 55 N
                                          LONGITUDE:  90 26 W

[TEMPERATURE DATA]      [PRECIPITATION DATA]       SYMBOLS USED IN COLUMN 16

AVERAGE MONTHLY: 72.1   TOTAL FOR MONTH:   4.03    1 = FOG OR MIST
DPTR FM NORMAL:   4.1   DPTR FM NORMAL:    0.76    2 = FOG REDUCING VISIBILITY
HIGHEST:    94 ON  7    GRTST 24HR  1.99 ON  9-10      TO 1/4 MILE OR LESS
LOWEST:     48 ON 27                               3 = THUNDER
                        SNOW, ICE PELLETS, HAIL    4 = ICE PELLETS
                        TOTAL MONTH:   0.0 INCH    5 = HAIL
                        GRTST 24HR     0.0         6 = FREEZING RAIN OR DRIZZLE
                        GRTST DEPTH:   0           7 = DUSTSTORM OR SANDSTORM:
                                                       VSBY 1/2 MILE OR LESS
                                                   8 = SMOKE OR HAZE
[NO. OF DAYS WITH]      [WEATHER - DAYS WITH]      9 = BLOWING SNOW
                                                   X = TORNADO
MAX 32 OR BELOW:   0    0.01 INCH OR MORE:   8
MAX 90 OR ABOVE:   5    0.10 INCH OR MORE:   4
MIN 32 OR BELOW:   0    0.50 INCH OR MORE:   4
MIN  0 OR BELOW:   0    1.00 INCH OR MORE:   3

[HDD (BASE 65) ]
TOTAL THIS MO.     9    CLEAR  (SCALE 0-3)  22
DPTR FM NORMAL   -41    PTCLDY (SCALE 4-7)   7
TOTAL FM JUL 1     9    CLOUDY (SCALE 8-10)  1
DPTR FM NORMAL   -43

[CDD (BASE 65) ]
TOTAL THIS MO.   233
DPTR FM NORMAL    92    [PRESSURE DATA]
TOTAL FM JAN 1  1546    HIGHEST SLP 30.23 ON 11
DPTR FM NORMAL   227    LOWEST  SLP 29.77 ON 28

[REMARKS]
#FINAL-09-16#
