085
CXUS53 KLSX 011600
CF6SET
PRELIMINARY LOCAL CLIMATOLOGICAL DATA (WS FORM: F-6)

                                          STATION:   ST_CHARLES MO
                                          MONTH:     NOVEMBER
                                          YEAR:      2015
                                          LATITUDE:   38 55 N
                                          LONGITUDE:  90 26 W

  TEMPERATURE IN F:       :PCPN:    SNOW:  WIND      :SUNSHINE: SKY     :PK WND
================================================================================
1   2   3   4   5  6A  6B    7    8   9   10  11  12  13   14  15   16   17  18
                                     12Z  AVG MX 2MIN
DY MAX MIN AVG DEP HDD CDD  WTR  SNW DPTH SPD SPD DIR MIN PSBL S-S WX    SPD DR
================================================================================

 1  69  40  55   4  10   0 0.00  0.0    0  4.6  9 160   M    M   2 128    11 240
 2  70  40  55   4  10   0 0.00  0.0    0  4.6 10 130   M    M   3 12     13 140
 3  64  52  58   8   7   0 0.00  0.0    0  6.4 16 100   M    M   9 128    19 100
 4  70  56  63  13   2   0 0.00  0.0    0  7.0 14 130   M    M   9 12     16 190
 5  68  56  62  12   3   0 0.58  0.0    0  8.5 23 130   M    M   8 13     26 130
 6  67  43  55   6  10   0 0.01  0.0    0  8.6 24 310   M    M   2        30 300
 7  59  37  48  -1  17   0 0.00  0.0    0  5.5 16 340   M    M   0        20 310
 8  56  33  45  -3  20   0 0.00  0.0    0  2.4  9  80   M    M   0 12     12  80
 9  58  29  44  -4  21   0 0.00  0.0    0  1.5  9 190   M    M   1 128    13 200
10  64  30  47  -1  18   0 0.00  0.0    0  5.3 12 110   M    M   2 12     16 120
11  67  43  55   8  10   0 0.02  0.0    0 16.3 38 270   M    M   6 1      49 270
12  59  46  53   6  12   0 0.00  0.0    0 19.5 38 260   M    M   4        48 260
13  58  32  45  -1  20   0 0.00  0.0    0  6.8 22 290   M    M   0        26 280
14  69  31  50   4  15   0 0.00  0.0    0  5.3 18 200   M    M   0 1      23 230
15  67  34  51   5  14   0 0.00  0.0    0  6.7 20 200   M    M   2        23 200
16  54  49  52   7  13   0 1.22  0.0    0 11.1 18 190   M    M  10 1      28 140
17  66  52  59  14   6   0    M  0.0    0 16.9 32 130   M    M  10 1      40 130
18  65  42  54  10  11   0 0.15  0.0    0 14.4 32 230   M    M   3 1      39 220
19  53  33  43  -1  22   0 0.00  0.0    0 10.8 25 280   M    M   1        32 280
20  51  29  40  -3  25   0 0.05  0.0    0  7.7 20 120   M    M   5        26 110
21  43  25  34  -9  31   0 0.43    M    0 12.1 31 310   M    M   5 1      41 330
22  41  22  32 -10  33   0 0.00  0.0    0  5.8 15 170   M    M   2        18 180
23  58  29  44   2  21   0 0.00  0.0    0  4.1 12 270   M    M   0 8      15 270
24  61  31  46   5  19   0 0.00  0.0    0  6.8 15 140   M    M   0        19 150
25  57  35  46   5  19   0 0.05    M    0 10.5 17 160   M    M   7        21 160
26  70  56  63  23   2   0 0.01  0.0    0 14.2 26 180   M    M   7        33 190
27  63  38  51  11  14   0 0.98  0.0    0 11.1 20  20   M    M  10 1      25  20
28  39  36  38  -1  27   0 0.02  0.0    0 10.6 18  20   M    M  10 1      24  20
29  41  37  39   0  26   0 0.06  0.0    0  8.8 15  50   M    M  10 1      19  50
30  45  38  42   4  23   0 0.18  0.0    0  4.8 12 120   M    M   8 1      14 110
================================================================================
SM 1772 1154       481   0  3.76     0.0 258.7          M      136
================================================================================
AV 59.1 38.5                               8.6 FASTST   M    M   5    MAX(MPH)
                                 MISC ---->  # 38 270               # 49  270
================================================================================
NOTES:
# LAST OF SEVERAL OCCURRENCES

COLUMN 17 PEAK WIND IN M.P.H.

PRELIMINARY LOCAL CLIMATOLOGICAL DATA (WS FORM: F-6) , PAGE 2

                                          STATION:  ST_CHARLES MO
                                          MONTH:    NOVEMBER
                                          YEAR:     2015
                                          LATITUDE:   38 55 N
                                          LONGITUDE:  90 26 W

[TEMPERATURE DATA]      [PRECIPITATION DATA]       SYMBOLS USED IN COLUMN 16

AVERAGE MONTHLY: 48.8   TOTAL FOR MONTH:   3.76    1 = FOG OR MIST
DPTR FM NORMAL:   3.7   DPTR FM NORMAL:   -0.06    2 = FOG REDUCING VISIBILITY
HIGHEST:    70 ON 26, 4 GRTST 24HR  1.22 ON 16-16      TO 1/4 MILE OR LESS
LOWEST:     22 ON 22                               3 = THUNDER
                        SNOW, ICE PELLETS, HAIL    4 = ICE PELLETS
                        TOTAL MONTH:   0.0 INCH    5 = HAIL
                        GRTST 24HR     0.0         6 = FREEZING RAIN OR DRIZZLE
                        GRTST DEPTH:   0           7 = DUSTSTORM OR SANDSTORM:
                                                       VSBY 1/2 MILE OR LESS
                                                   8 = SMOKE OR HAZE
[NO. OF DAYS WITH]      [WEATHER - DAYS WITH]      9 = BLOWING SNOW
                                                   X = TORNADO
MAX 32 OR BELOW:   0    0.01 INCH OR MORE:  13
MAX 90 OR ABOVE:   0    0.10 INCH OR MORE:   6
MIN 32 OR BELOW:   9    0.50 INCH OR MORE:   3
MIN  0 OR BELOW:   0    1.00 INCH OR MORE:   1

[HDD (BASE 65) ]
TOTAL THIS MO.   481    CLEAR  (SCALE 0-3)  15
DPTR FM NORMAL  -117    PTCLDY (SCALE 4-7)   8
TOTAL FM JUL 1   726    CLOUDY (SCALE 8-10)  7
DPTR FM NORMAL  -214

[CDD (BASE 65) ]
TOTAL THIS MO.     0
DPTR FM NORMAL    -1    [PRESSURE DATA]
TOTAL FM JAN 1  1456    HIGHEST SLP 30.47 ON  8
DPTR FM NORMAL   111    LOWEST  SLP 29.44 ON 18

[REMARKS]
#FINAL-11-15#
