000
CXUS53 KLSX 011600
CF6SET
PRELIMINARY LOCAL CLIMATOLOGICAL DATA (WS FORM: F-6)

                                          STATION:   ST_CHARLES MO
                                          MONTH:     JANUARY
                                          YEAR:      2011
                                          LATITUDE:   38 55 N
                                          LONGITUDE:  90 26 W

  TEMPERATURE IN F:       :PCPN:    SNOW:  WIND      :SUNSHINE: SKY     :PK WND
================================================================================
1   2   3   4   5  6A  6B    7    8   9   10  11  12  13   14  15   16   17  18
                                     12Z  AVG MX 2MIN
DY MAX MIN AVG DEP HDD CDD  WTR  SNW DPTH SPD SPD DIR MIN PSBL S-S WX    SPD DR
================================================================================

 1  37  23  30   M  35   0 0.00  0.0    0 12.6 23 280   M    M   2        29 250
 2  33  18  26   M  39   0 0.00  0.0    0  7.0 14 220   M    M   0        17 250
 3  45  20  33   M  32   0 0.00  0.0    0  4.7 14 180   M    M   0        16 180
 4  35  21  28   M  37   0 0.00  0.0    0  6.1 15 290   M    M   0        18 300
 5  42  23  33   M  32   0 0.00  0.0    0  4.5 14 180   M    M   2        17 180
 6  33  24  29   M  36   0 0.00  0.0    0  6.7 15 280   M    M   5 1      18 280
 7  35  25  30   M  35   0 0.03    M    M 10.5 29 300   M    M   9 18     35 300
 8  25  12  19   M  46   0    T    M    M  9.8 26 320   M    M   2        36 320
 9  30  11  21   M  44   0 0.00  0.0    M  7.0 14  90   M    M   4        17 110
10  31  26  29   M  36   0    M    M    0  9.2 17 100   M    M   9 1      22 100
11  27  14  21   M  44   0    T    M    M 16.2 29 280   M    M  10 1      36 290
12  18   8  13   M  52   0    T    M    M 13.5 24 290   M    M   6 8      30 290
13  25   0  13   M  52   0 0.01    M    M  4.8 10 140   M    M   2 18     13 140
14  36  12  24   M  41   0 0.00  0.0    M  3.5 12 270   M    M   2        14 280
15  37  23  30   M  35   0 0.00  0.0    M  8.1 17 310   M    M   6 8      21 300
16  28  21  25   M  40   0 0.00  0.0    M  4.8 14  10   M    M   7 8      17  10
17  40  23  32   M  33   0 0.01  0.0    0  6.3 13 150   M    M   6 18     17 130
18  39  25  32   M  33   0 0.09    M    0  9.2 16 320   M    M  10 128    21 350
19  28  21  25   M  40   0    M    M    0  7.6 16 300   M    M   8 18     20 300
20  23   8  16   M  49   0    T    M    M  9.4 16 300   M    M   6 18     20 300
21  14  -2   6   M  59   0 0.00  0.0    M  6.3 15 330   M    M   3        21 340
22  31  11  21   M  44   0    T    T    M  4.3 12  30   M    M   6 8      13  40
23  29  18  24   M  41   0    T    M    M 10.2 17  70   M    M   8 128    18 110
24  35  12  24   M  41   0 0.00  0.0    M  4.0 17 290   M    M   5 1268   20 280
25  31  10  21   M  44   0 0.00  0.0    M  2.0  7 270   M    M   6 128     8 270
26  32  12  22   M  43   0 0.00  0.0    M  4.8 12 360   M    M   6 18     15 340
27  38   7  23   M  42   0 0.00  0.0    M  3.7 14 320   M    M   6 128    18 310
28  36  12  24   M  41   0 0.00  0.0    M  4.1 14 110   M    M   2 128    15 110
29  42  24  33   M  32   0 0.00  0.0    M  5.5 14 260   M    M   0 18     15 270
30  38  28  33   M  32   0 0.00  0.0    M 10.0 16  10   M    M   2 18     21  10
31  31  28  30   M  35   0 0.05    M    M  8.9 21  70   M    M   9 168    24  70
================================================================================
SM 1004  518      1245   0  0.19    T    225.3          M      149
================================================================================
AV 32.4 16.7                               7.3 FASTST   M    M   5    MAX(MPH)
                                 MISC ---->  # 29 300               # 36  320
================================================================================
NOTES:
# LAST OF SEVERAL OCCURRENCES

COLUMN 17 PEAK WIND IN M.P.H.

PRELIMINARY LOCAL CLIMATOLOGICAL DATA (WS FORM: F-6) , PAGE 2

                                          STATION:  ST_CHARLES MO
                                          MONTH:    JANUARY
                                          YEAR:     2011
                                          LATITUDE:   38 55 N
                                          LONGITUDE:  90 26 W

[TEMPERATURE DATA]      [PRECIPITATION DATA]       SYMBOLS USED IN COLUMN 16

AVERAGE MONTHLY: 24.5   TOTAL FOR MONTH:   0.19    1 = FOG OR MIST
DPTR FM NORMAL:     M   DPTR FM NORMAL:       M    2 = FOG REDUCING VISIBILITY
HIGHEST:    45 ON  3    GRTST 24HR  0.33 ON 21-22      TO 1/4 MILE OR LESS
LOWEST:     -2 ON 21                               3 = THUNDER
                        SNOW, ICE PELLETS, HAIL    4 = ICE PELLETS
                        TOTAL MONTH:    T          5 = HAIL
                        GRTST 24HR    T  ON 22-22  6 = FREEZING RAIN OR DRIZZLE
                        GRTST DEPTH:   0           7 = DUSTSTORM OR SANDSTORM:
                                                       VSBY 1/2 MILE OR LESS
                                                   8 = SMOKE OR HAZE
[NO. OF DAYS WITH]      [WEATHER - DAYS WITH]      9 = BLOWING SNOW
                                                   X = TORNADO
MAX 32 OR BELOW:  15    0.01 INCH OR MORE:   5
MAX 90 OR ABOVE:   0    0.10 INCH OR MORE:   0
MIN 32 OR BELOW:  31    0.50 INCH OR MORE:   0
MIN  0 OR BELOW:   2    1.00 INCH OR MORE:   0

[HDD (BASE 65) ]
TOTAL THIS MO.  1245    CLEAR  (SCALE 0-3)  12
DPTR FM NORMAL     M    PTCLDY (SCALE 4-7)  13
TOTAL FM JUL 1  3063    CLOUDY (SCALE 8-10)  6
DPTR FM NORMAL     M

[CDD (BASE 65) ]
TOTAL THIS MO.     0
DPTR FM NORMAL     M    [PRESSURE DATA]
TOTAL FM JAN 1     0    HIGHEST SLP 30.69 ON 12
DPTR FM NORMAL     M    LOWEST  SLP 29.51 ON  7

[REMARKS]
#FINAL-01-11#
