000
CXUS53 KLSX 011600
CF6SET
PRELIMINARY LOCAL CLIMATOLOGICAL DATA (WS FORM: F-6)

                                          STATION:   ST_CHARLES MO
                                          MONTH:     DECEMBER
                                          YEAR:      2010
                                          LATITUDE:   38 55 N
                                          LONGITUDE:  90 26 W

  TEMPERATURE IN F:       :PCPN:    SNOW:  WIND      :SUNSHINE: SKY     :PK WND
================================================================================
1   2   3   4   5  6A  6B    7    8   9   10  11  12  13   14  15   16   17  18
                                     12Z  AVG MX 2MIN
DY MAX MIN AVG DEP HDD CDD  WTR  SNW DPTH SPD SPD DIR MIN PSBL S-S WX    SPD DR
================================================================================

 1  35  23  29   M  36   0 0.00  0.0    0 13.0 23 260   M    M   4        29 260
 2  43  24  34   M  31   0    T  0.0    0  3.6  9  50   M    M   3 8      13 130
 3  35  26  31   M  34   0 0.00  0.0    0  7.1 14 110   M    M   1 18     17 110
 4  36  30  33   M  32   0 0.00  0.0    0 12.8 25 330   M    M   7 18     33 310
 5  30  20  25   M  40   0 0.00  0.0    0 11.0 18 310   M    M   6        23 320
 6  30  17  24   M  41   0 0.00  0.0    0 10.9 22 330   M    M   2        28 330
 7  27  16  22   M  43   0 0.00  0.0    0  5.9 10 300   M    M   0 8      14 280
 8  32  14  23   M  42   0 0.00  0.0    0  3.3 10 280   M    M   0 18     14 280
 9  40  18  29   M  36   0 0.00  0.0    0  8.5 18 160   M    M   0 18     23 160
10  52  21  37   M  28   0 0.00  0.0    0  3.2  9 100   M    M   1 128    10  80
11  45  20  33   M  32   0 0.38    M    0 13.5 32 280   M    M   9 1      38 270
12   M   M   M   M   M   M    T    M    0 19.4 24 310   M    M  10 1      41 310
13  18   5  12   M  53   0 0.00  0.0    0  9.6 21 310   M    M   0        26 310
14  22   4  13   M  52   0 0.00  0.0    0  3.1 12 100   M    M   7        13 130
15  29  22  26   M  39   0    T  0.0    M 12.8 21 100   M    M   9 16     24 100
16  29  27  28   M  37   0 0.00  0.0    M  8.8 15 300   M    M  10 18     21 310
17  99  19  59   M   6   0 0.00  0.0    M  6.7 15 310   M    M   3 18     20 290
18   M  19   M   M   M   M 0.00  0.0    M  3.1 13 280   M    M   4 18     15 270
19  35  22  29   M  36   0 0.03    M    M  3.8 14  20   M    M   9 18     26 340
20  41  30  36   M  29   0    T  0.0    0 10.0 17 150   M    M   6 18     21 150
21  43  34  39   M  26   0 0.00  0.0    0  4.5 15 330   M    M   9 18     20 330
22  35  24  30   M  35   0 0.00  0.0    0  8.9 17 330   M    M   8 8      21 330
23  35  22  29   M  36   0 0.00  0.0    0  4.0  8  90   M    M   4 18      9 100
24  33  30  32   M  33   0 0.08    M    0  7.4 12 110   M    M  10 126    14 120
25  31  25  28   M  37   0    T    M    M 10.9 20 350   M    M  10 168    28 330
26  28  19  24   M  41   0 0.00  0.0    M  9.3 15 290   M    M   7 1      21 310
27  24   9  17   M  48   0 0.00  0.0    M  4.8 12 100   M    M   6 18     14 330
28  36   9  23   M  42   0 0.00  0.0    M  3.7  9  90   M    M   2 128     9  90
29  41  22  32   M  33   0 0.06  0.0    M  8.7 14 160   M    M   7 12     17 150
30  56  39  48   M  17   0 0.00  0.0    0 13.6 21 180   M    M  10 1      28 170
31  62  37  50   M  15   0 0.20    M    0 12.4 28 170   M    M   9 13     38 240
================================================================================
SM 1102  647      1010   0  0.75     0.0 258.3          M      173
================================================================================
AV 38.0 21.6                               8.3 FASTST   M    M   6    MAX(MPH)
                                 MISC ---->  # 32 280                 41    M
================================================================================
NOTES:
# LAST OF SEVERAL OCCURRENCES

COLUMN 17 PEAK WIND IN M.P.H.

PRELIMINARY LOCAL CLIMATOLOGICAL DATA (WS FORM: F-6) , PAGE 2

                                          STATION:  ST_CHARLES MO
                                          MONTH:    DECEMBER
                                          YEAR:     2010
                                          LATITUDE:   38 55 N
                                          LONGITUDE:  90 26 W

[TEMPERATURE DATA]      [PRECIPITATION DATA]       SYMBOLS USED IN COLUMN 16

AVERAGE MONTHLY: 29.8   TOTAL FOR MONTH:   0.75    1 = FOG OR MIST
DPTR FM NORMAL:     M   DPTR FM NORMAL:       M    2 = FOG REDUCING VISIBILITY
HIGHEST:    99 ON 17    GRTST 24HR  0.38 ON 11-11      TO 1/4 MILE OR LESS
LOWEST:      4 ON 14                               3 = THUNDER
                        SNOW, ICE PELLETS, HAIL    4 = ICE PELLETS
                        TOTAL MONTH:   0.0 INCH    5 = HAIL
                        GRTST 24HR     0.0         6 = FREEZING RAIN OR DRIZZLE
                        GRTST DEPTH:   0           7 = DUSTSTORM OR SANDSTORM:
                                                       VSBY 1/2 MILE OR LESS
                                                   8 = SMOKE OR HAZE
[NO. OF DAYS WITH]      [WEATHER - DAYS WITH]      9 = BLOWING SNOW
                                                   X = TORNADO
MAX 32 OR BELOW:  11    0.01 INCH OR MORE:   5
MAX 90 OR ABOVE:   1    0.10 INCH OR MORE:   2
MIN 32 OR BELOW:  27    0.50 INCH OR MORE:   0
MIN  0 OR BELOW:   0    1.00 INCH OR MORE:   0

[HDD (BASE 65) ]
TOTAL THIS MO.  1010    CLEAR  (SCALE 0-3)   9
DPTR FM NORMAL     M    PTCLDY (SCALE 4-7)  12
TOTAL FM JUL 1  1818    CLOUDY (SCALE 8-10) 10
DPTR FM NORMAL     M

[CDD (BASE 65) ]
TOTAL THIS MO.     0
DPTR FM NORMAL     M    [PRESSURE DATA]
TOTAL FM JAN 1  1658    HIGHEST SLP 30.56 ON 23
DPTR FM NORMAL     M    LOWEST  SLP 29.56 ON 11

[REMARKS]
#FINAL-12-10#
