000
CXUS53 KLSX 011609 CCA
CF6SET

PRELIMINARY LOCAL CLIMATOLOGICAL DATA (WS FORM: F-6)

                                          STATION:   ST_CHARLES MO
                                          MONTH:     OCTOBER
                                          YEAR:      2010
                                          LATITUDE:   38 55 N
                                          LONGITUDE:  90 26 W

  TEMPERATURE IN F:       :PCPN:    SNOW:  WIND      :SUNSHINE: SKY     :PK WND
================================================================================
1   2   3   4   5  6A  6B    7    8   9   10  11  12  13   14  15   16   17  18
                                     12Z  AVG MX 2MIN
DY MAX MIN AVG DEP HDD CDD  WTR  SNW DPTH SPD SPD DIR MIN PSBL S-S WX    SPD DR
================================================================================

 1  74  45  60   M   5   0 0.00  0.0    0  2.7 15  20   M    M   0 1      21  30
 2  64  46  55   M  10   0 0.07  0.0    0  9.8 25  10   M    M   4 1      32 360
 3  62  43  53   M  12   0 0.00  0.0    0 10.9 17  20   M    M   1        22  10
 4  64  38  51   M  14   0 0.00  0.0    0  3.6 12  20   M    M   0 12     15  20
 5  68  35  52   M  13   0 0.00  0.0    0  1.2  8 290   M    M   3 12     13 280
 6  78  38  58   M   7   0 0.00  0.0    0  3.4 15 250   M    M   3 12     18 260
 7  77  47  62   M   3   0 0.00  0.0    0  2.8 10 270   M    M   0 128    15  30
 8  81  41  61   M   4   0 0.00  0.0    0  1.6 10 210   M    M   3 128    29 320
 9  86  51  69   M   0   4 0.00  0.0    0  1.9 10 260   M    M   0 128    15 260
10  86  51  69   M   0   4 0.00  0.0    0  3.3 17 200   M    M   2 128    28 260
11  85  53  69   M   0   4 0.00  0.0    0  2.5 13 280   M    M   1 18     15 280
12  80  53  67   M   0   2    T  0.0    0  3.2 17 290   M    M   2 18      M  M
13  73  47  60   M   5   0    T  0.0    0 10.0 22 340   M    M   1        30 320
14  71  37  54   M  11   0 0.00  0.0    0  6.5 18 260   M    M   0        23 270
15  69  45  57   M   8   0 0.00  0.0    0  5.0 13 290   M    M   0 1      18 310
16  78  38  58   M   7   0 0.00  0.0    0  6.1 24  80   M    M   0 12     32  90
17  77  49  63   M   2   0 0.00  0.0    0  2.1  9  20   M    M   0        26  30
18  74  49  62   M   3   0    T  0.0    0  6.3 20 360   M    M   1        36 360
19  66  37  52   M  13   0 0.00  0.0    0  1.3  9 300   M    M   0 18     13 310
20  75  36  56   M   9   0 0.00  0.0    0  7.4 20 240   M    M   0 1      24 280
21  67  38  53   M  12   0 0.00  0.0    0  5.8 16 310   M    M   0        21 320
22  76  38  57   M   8   0 0.00  0.0    0  7.0 23 110   M    M   2        29 100
23  83  63  73   M   0   8    T  0.0    0 11.5 24 180   M    M   2        31 180
24  78  56  67   M   0   2 0.23  0.0    0   M   M   M   M    M   5 13      M  M
25  76  53  65   M   0   0 0.00  0.0    0 13.0 26 170   M    M   4 128    33 170
26  74  49  62   M   3   0 0.20  0.0    0 18.0 36 270   M    M   2 13     48 250
27  71  43  57   M   8   0 0.00  0.0    0 12.2 31 250   M    M   0        40 250
28  52  35  44   M  21   0 0.00  0.0    0 10.8 23 310   M    M   3        29 300
29  59  27  43   M  22   0 0.00  0.0    0  3.8  9 100   M    M   0 8      12 130
30  73  31  52   M  13   0 0.00  0.0    0  5.9 22 230   M    M   0        26 230
31  61  42  52   M  13   0 0.00  0.0    0 10.4 20  60   M    M   0 18     23  60
================================================================================
SM 2258 1354       226  24  0.50     0.0 190.0          M       39
================================================================================
AV 72.8 43.7                               6.3 FASTST   M    M   1    MAX(MPH)
                                 MISC ---->  # 36 270               # 48  250
================================================================================
NOTES:
# LAST OF SEVERAL OCCURRENCES

COLUMN 17 PEAK WIND IN M.P.H.

PRELIMINARY LOCAL CLIMATOLOGICAL DATA (WS FORM: F-6) , PAGE 2

                                          STATION:  ST_CHARLES MO
                                          MONTH:    OCTOBER
                                          YEAR:     2010
                                          LATITUDE:   38 55 N
                                          LONGITUDE:  90 26 W

[TEMPERATURE DATA]      [PRECIPITATION DATA]       SYMBOLS USED IN COLUMN 16

AVERAGE MONTHLY: 58.3   TOTAL FOR MONTH:   0.50    1 = FOG OR MIST
DPTR FM NORMAL:     M   DPTR FM NORMAL:       M    2 = FOG REDUCING VISIBILITY
HIGHEST:    86 ON 10, 9 GRTST 24HR  0.23 ON 24         TO 1/4 MILE OR LESS
LOWEST:     27 ON 29                               3 = THUNDER
                        SNOW, ICE PELLETS, HAIL    4 = ICE PELLETS
                        TOTAL MONTH:   0.0 INCH    5 = HAIL
                        GRTST 24HR     0.0         6 = FREEZING RAIN OR DRIZZLE
                        GRTST DEPTH:   0           7 = DUSTSTORM OR SANDSTORM:
                                                       VSBY 1/2 MILE OR LESS
                                                   8 = SMOKE OR HAZE
[NO. OF DAYS WITH]      [WEATHER - DAYS WITH]      9 = BLOWING SNOW
                                                   X = TORNADO
MAX 32 OR BELOW:   0    0.01 INCH OR MORE:   3
MAX 90 OR ABOVE:   0    0.10 INCH OR MORE:   2
MIN 32 OR BELOW:   2    0.50 INCH OR MORE:   0
MIN  0 OR BELOW:   0    1.00 INCH OR MORE:   0

[HDD (BASE 65) ]
TOTAL THIS MO.   226    CLEAR  (SCALE 0-3)  28
DPTR FM NORMAL     M    PTCLDY (SCALE 4-7)   3
TOTAL FM JUL 1   252    CLOUDY (SCALE 8-10)  0
DPTR FM NORMAL     M

[CDD (BASE 65) ]
TOTAL THIS MO.    24
DPTR FM NORMAL     M    [PRESSURE DATA]
TOTAL FM JAN 1  1658    HIGHEST SLP 30.45 ON  5
DPTR FM NORMAL     M    LOWEST  SLP 29.06 ON 26

[REMARKS]
#FINAL-10-10#
