000
CXUS53 KLSX 011400
CF6SET
PRELIMINARY LOCAL CLIMATOLOGICAL DATA (WS FORM: F-6)
STATION: ST_CHARLES MO
MONTH: AUGUST
YEAR: 2020
LATITUDE: 38 55 N
LONGITUDE: 90 26 W
TEMPERATURE IN F: :PCPN: SNOW: WIND :SUNSHINE: SKY :PK WND
================================================================================
1 2 3 4 5 6A 6B 7 8 9 10 11 12 13 14 15 16 17 18
12Z AVG MX 2MIN
DY MAX MIN AVG DEP HDD CDD WTR SNW DPTH SPD SPD DIR MIN PSBL S-S WX SPD DR
================================================================================
1 80 66 73 -5 0 8 0.09 0.0 0 5.6 14 10 M M 6 20 30
2 86 65 76 -2 0 11 0.00 0.0 0 4.6 12 290 M M 2 16 270
3 79 63 71 -7 0 6 0.04 0.0 0 7.8 18 330 M M 5 23 330
4 77 59 68 -10 0 3 0.00 0.0 0 4.2 14 20 M M 4 19 360
5 80 54 67 -11 0 2 0.00 0.0 0 1.4 7 30 M M 3 12 10 40
6 82 58 70 -8 0 5 0.00 0.0 0 4.5 12 130 M M 1 1 16 90
7 85 63 74 -4 0 9 0.00 0.0 0 7.5 15 100 M M 0 18 110
8 87 67 77 -1 0 12 0.59 0.0 0 6.8 16 150 M M 3 138 22 140
9 91 71 81 3 0 16 0.34 0.0 0 5.9 13 210 M M 4 13 17 160
10 95 70 83 5 0 18 0.52 0.0 0 6.7 38 360 M M 2 13 51 360
11 83 68 76 -2 0 11 0.00 0.0 0 2.6 9 80 M M 6 1 11 80
12 86 73 80 3 0 15 0.02 0.0 0 5.0 14 150 M M 4 1 17 130
13 88 71 80 3 0 15 T 0.0 0 4.5 13 100 M M 2 13 16 100
14 90 71 81 4 0 16 0.00 0.0 0 4.4 8 10 M M 1 12 13 30
15 90 69 80 3 0 15 0.00 0.0 0 4.6 18 360 M M 3 123 25 10
16 86 64 75 -2 0 10 0.00 0.0 0 4.4 12 30 M M 0 18 50
17 90 65 78 1 0 13 0.00 0.0 0 5.7 15 290 M M 1 24 270
18 84 67 76 -1 0 11 0.00 0.0 0 8.0 14 360 M M 3 19 320
19 82 61 72 -4 0 7 0.00 0.0 0 4.8 14 20 M M 0 21 30
20 84 58 71 -5 0 6 0.00 0.0 0 3.1 10 80 M M 0 1 14 120
21 86 59 73 -3 0 8 0.00 0.0 0 1.8 9 70 M M 1 128 13 80
22 89 60 75 -1 0 10 0.00 0.0 0 2.2 8 100 M M 3 12 11 190
23 94 67 81 5 0 16 0.00 0.0 0 3.5 13 250 M M 2 18 18 240
24 96 66 81 5 0 16 0.00 0.0 0 2.1 8 250 M M 0 1 12 280
25 95 69 82 7 0 17 0.00 0.0 0 2.5 8 190 M M 2 12 12 180
26 92 68 80 5 0 15 0.00 0.0 0 5.1 13 190 M M 2 128 18 180
27 88 76 82 7 0 17 0.00 0.0 0 6.2 14 200 M M 1 18 190
28 91 73 82 7 0 17 0.00 0.0 0 6.9 15 100 M M 2 22 120
29 85 63 74 0 0 9 0.00 0.0 0 6.8 14 310 M M 1 19 340
30 84 54 69 -5 0 4 0.00 0.0 0 3.5 12 70 M M 0 15 110
31 83 67 75 1 0 10 T 0.0 0 4.8 21 300 M M 4 31 330
================================================================================
SM 2688 2025 0 348 1.60 0.0 147.5 M 68
================================================================================
AV 86.7 65.3 4.8 FASTST M M 2 MAX(MPH)
MISC ----> 38 360 51 360
================================================================================
NOTES:
# LAST OF SEVERAL OCCURRENCES
COLUMN 17 PEAK WIND IN M.P.H.
PRELIMINARY LOCAL CLIMATOLOGICAL DATA (WS FORM: F-6) , PAGE 2
STATION: ST_CHARLES MO
MONTH: AUGUST
YEAR: 2020
LATITUDE: 38 55 N
LONGITUDE: 90 26 W
[TEMPERATURE DATA] [PRECIPITATION DATA] SYMBOLS USED IN COLUMN 16
AVERAGE MONTHLY: 76.0 TOTAL FOR MONTH: 1.60 1 = FOG OR MIST
DPTR FM NORMAL: -0.6 DPTR FM NORMAL: -1.55 2 = FOG REDUCING VISIBILITY
HIGHEST: 96 ON 24 GRTST 24HR 0.93 ON 8- 9 TO 1/4 MILE OR LESS
LOWEST: 54 ON 30, 5 3 = THUNDER
SNOW, ICE PELLETS, HAIL 4 = ICE PELLETS
TOTAL MONTH: 0.0 INCH 5 = HAIL
GRTST 24HR 0.0 6 = FREEZING RAIN OR DRIZZLE
GRTST DEPTH: 0 7 = DUSTSTORM OR SANDSTORM:
VSBY 1/2 MILE OR LESS
8 = SMOKE OR HAZE
[NO. OF DAYS WITH] [WEATHER - DAYS WITH] 9 = BLOWING SNOW
X = TORNADO
MAX 32 OR BELOW: 0 0.01 INCH OR MORE: 6
MAX 90 OR ABOVE: 10 0.10 INCH OR MORE: 3
MIN 32 OR BELOW: 0 0.50 INCH OR MORE: 2
MIN 0 OR BELOW: 0 1.00 INCH OR MORE: 0
[HDD (BASE 65) ]
TOTAL THIS MO. 0 CLEAR (SCALE 0-3) 23
DPTR FM NORMAL -2 PTCLDY (SCALE 4-7) 8
TOTAL FM JUL 1 0 CLOUDY (SCALE 8-10) 0
DPTR FM NORMAL 0
[CDD (BASE 65) ]
TOTAL THIS MO. 348
DPTR FM NORMAL -13 [PRESSURE DATA]
TOTAL FM JAN 1 1358 HIGHEST SLP 30.16 ON 5
DPTR FM NORMAL 180 LOWEST SLP 29.65 ON 28
[REMARKS]
#FINAL-08-20#