223
CXUS53 KLSX 011400
CF6SET
PRELIMINARY LOCAL CLIMATOLOGICAL DATA (WS FORM: F-6)
STATION: ST_CHARLES MO
MONTH: SEPTEMBER
YEAR: 2020
LATITUDE: 38 55 N
LONGITUDE: 90 26 W
TEMPERATURE IN F: :PCPN: SNOW: WIND :SUNSHINE: SKY :PK WND
================================================================================
1 2 3 4 5 6A 6B 7 8 9 10 11 12 13 14 15 16 17 18
12Z AVG MX 2MIN
DY MAX MIN AVG DEP HDD CDD WTR SNW DPTH SPD SPD DIR MIN PSBL S-S WX SPD DR
================================================================================
1 76 68 72 -2 0 7 0.32 0.0 0 4.4 14 150 M M 9 1 18 170
2 82 66 74 1 0 9 0.00 0.0 0 2.0 8 30 M M 3 1 11 360
3 90 63 77 4 0 12 T 0.0 0 7.3 16 260 M M 4 12 22 240
4 82 54 68 -5 0 3 0.00 0.0 0 2.3 9 280 M M 0 14 300
5 89 55 72 0 0 7 0.00 0.0 0 2.9 14 200 M M 0 1 18 200
6 93 64 79 7 0 14 0.00 0.0 0 9.0 28 200 M M 0 1 38 200
7 92 68 80 8 0 15 0.00 0.0 0 6.6 16 180 M M 3 22 200
8 87 69 78 7 0 13 1.68 0.0 0 4.9 21 360 M M 3 13 30 270
9 85 66 76 5 0 11 0.00 0.0 0 5.5 17 10 M M 6 1 23 10
10 81 69 75 5 0 10 0.00 0.0 0 6.9 10 30 M M 6 1 16 20
11 86 69 78 8 0 13 T 0.0 0 6.9 13 130 M M 5 138 16 120
12 78 60 69 -1 0 4 0.05 0.0 0 4.8 13 300 M M 8 128 17 290
13 79 59 69 0 0 4 0.00 0.0 0 4.7 10 30 M M 2 12 16 330
14 83 57 70 1 0 5 0.00 0.0 0 5.6 13 60 M M 0 17 50
15 80 58 69 1 0 4 0.00 0.0 0 3.0 10 90 M M 0 12 15 100
16 82 56 69 1 0 4 0.00 0.0 0 1.8 8 340 M M 0 12 10 340
17 80 58 69 1 0 4 0.00 0.0 0 8.4 16 340 M M 2 1 21 350
18 74 54 64 -3 1 0 0.00 0.0 0 9.2 17 40 M M 0 28 20
19 72 46 59 -8 6 0 0.00 0.0 0 4.3 13 90 M M 0 18 80
20 77 45 61 -5 4 0 0.00 0.0 0 4.6 14 130 M M 0 1 21 150
21 80 48 64 -2 1 0 0.00 0.0 0 4.1 13 130 M M 0 23 110
22 78 52 65 0 0 0 0.00 0.0 0 3.9 12 150 M M 0 12 16 150
23 76 55 66 1 0 1 0.00 0.0 0 2.7 10 190 M M 3 1 15 200
24 77 49 63 -1 2 0 0.00 0.0 0 3.2 12 210 M M 1 128 16 230
25 82 52 67 3 0 2 0.00 0.0 0 4.7 13 160 M M 4 12 17 170
26 87 60 74 10 0 9 0.00 0.0 0 9.5 20 180 M M 2 27 180
27 77 54 66 3 0 1 0.31 0.0 0 6.0 21 350 M M 6 12 31 10
28 70 50 60 -3 5 0 0.10 0.0 0 9.5 20 290 M M 7 1 28 300
29 66 46 56 -6 9 0 0.00 0.0 0 5.9 16 290 M M 5 25 270
30 80 46 63 1 2 0 0.00 0.0 0 8.4 24 330 M M 0 36 300
================================================================================
SM 2421 1716 30 152 2.46 0.0 163.0 M 79
================================================================================
AV 80.7 57.2 5.4 FASTST M M 3 MAX(MPH)
MISC ----> 28 200 38 200
================================================================================
NOTES:
# LAST OF SEVERAL OCCURRENCES
COLUMN 17 PEAK WIND IN M.P.H.
PRELIMINARY LOCAL CLIMATOLOGICAL DATA (WS FORM: F-6) , PAGE 2
STATION: ST_CHARLES MO
MONTH: SEPTEMBER
YEAR: 2020
LATITUDE: 38 55 N
LONGITUDE: 90 26 W
[TEMPERATURE DATA] [PRECIPITATION DATA] SYMBOLS USED IN COLUMN 16
AVERAGE MONTHLY: 69.0 TOTAL FOR MONTH: 2.46 1 = FOG OR MIST
DPTR FM NORMAL: 0.9 DPTR FM NORMAL: -0.81 2 = FOG REDUCING VISIBILITY
HIGHEST: 93 ON 6 GRTST 24HR 1.68 ON 8- 8 TO 1/4 MILE OR LESS
LOWEST: 45 ON 20 3 = THUNDER
SNOW, ICE PELLETS, HAIL 4 = ICE PELLETS
TOTAL MONTH: 0.0 INCH 5 = HAIL
GRTST 24HR 0.0 6 = FREEZING RAIN OR DRIZZLE
GRTST DEPTH: 0 7 = DUSTSTORM OR SANDSTORM:
VSBY 1/2 MILE OR LESS
8 = SMOKE OR HAZE
[NO. OF DAYS WITH] [WEATHER - DAYS WITH] 9 = BLOWING SNOW
X = TORNADO
MAX 32 OR BELOW: 0 0.01 INCH OR MORE: 5
MAX 90 OR ABOVE: 3 0.10 INCH OR MORE: 4
MIN 32 OR BELOW: 0 0.50 INCH OR MORE: 1
MIN 0 OR BELOW: 0 1.00 INCH OR MORE: 1
[HDD (BASE 65) ]
TOTAL THIS MO. 30 CLEAR (SCALE 0-3) 19
DPTR FM NORMAL -20 PTCLDY (SCALE 4-7) 10
TOTAL FM JUL 1 30 CLOUDY (SCALE 8-10) 1
DPTR FM NORMAL -19
[CDD (BASE 65) ]
TOTAL THIS MO. 152
DPTR FM NORMAL 11 [PRESSURE DATA]
TOTAL FM JAN 1 1510 HIGHEST SLP 30.37 ON 20
DPTR FM NORMAL 191 LOWEST SLP 29.73 ON 27
[REMARKS]
#FINAL-09-20#